{"id":118904,"date":"2026-05-05T23:51:17","date_gmt":"2026-05-06T02:51:17","guid":{"rendered":"https:\/\/www.hediyepazar.com\/?product=gunluk-sakal-tirasina-uygun-tiras-makinesi-elektrikli-sarj-edilebilir-2"},"modified":"2026-05-05T23:51:17","modified_gmt":"2026-05-06T02:51:17","slug":"gunluk-sakal-tirasina-uygun-tiras-makinesi-elektrikli-sarj-edilebilir-2","status":"publish","type":"product","link":"https:\/\/www.hediyepazar.com\/?product=gunluk-sakal-tirasina-uygun-tiras-makinesi-elektrikli-sarj-edilebilir-2","title":{"rendered":"G\u00fcnl\u00fck Sakal T\u0131ra\u015f\u0131na Uygun T\u0131ra\u015f Makinesi Elektrikli \u015earj Edilebilir"},"content":{"rendered":"<p>Kablosuz \u015earjl\u0131 T\u0131ra\u015f Makinesi \u2013 Modern, H\u0131zl\u0131 ve Etkili Bak\u0131m DeneyimiYo\u011fun tempoda ge\u00e7en g\u00fcnlerin kurtar\u0131c\u0131s\u0131 olan bu \u015farjl\u0131 t\u0131ra\u015f makinesi, h\u0131zl\u0131 \u015farj \u00f6zelli\u011fi ve g\u00fc\u00e7l\u00fc motoruyla ki\u015fisel bak\u0131m\u0131n\u0131z\u0131 zahmetsiz hale getiriyor. Minimal tasar\u0131m\u0131 ve \u00fcst\u00fcn performans\u0131yla, her erke\u011fin bak\u0131m rutinine m\u00fckemmel uyum sa\u011flar.Y\u00fcksek H\u0131zl\u0131 Motor TeknolojisiSaniyeler i\u00e7inde p\u00fcr\u00fczs\u00fcz bir g\u00f6r\u00fcn\u00fcm sunan g\u00fc\u00e7l\u00fc motoru sayesinde zamandan tasarruf edin. Kal\u0131n ve sert k\u0131llarda bile \u00fcst\u00fcn performans sa\u011flar.Kablosuz ve Hafif Tasar\u0131mKarma\u015faya son! Kablosuz tasar\u0131m\u0131 ile kullan\u0131m s\u0131ras\u0131nda maksimum hareket \u00f6zg\u00fcrl\u00fc\u011f\u00fc sunar. Hafif yap\u0131s\u0131 sayesinde elinizi yormadan t\u0131ra\u015f olabilirsiniz.Tam Y\u00fcz UyumuYuvarlak hatl\u0131 b\u0131\u00e7ak sistemi y\u00fcz hatlar\u0131n\u0131za tam uyum sa\u011flar, zor b\u00f6lgelerde bile etkili t\u0131ra\u015f imkan\u0131 sunar.Kolay Temizlik ve Bak\u0131mBa\u015fl\u0131\u011f\u0131 kolayca \u00e7\u0131kar\u0131labilir yap\u0131dad\u0131r. Suyla y\u0131kayarak hijyenik \u015fekilde temizlenebilir.Teknik \u00d6zellikler: Kablosuz kullan\u0131m USB \u015farjl\u0131 Suya dayan\u0131kl\u0131 yap\u0131 Sessiz ve g\u00fc\u00e7l\u00fc motor Ergonomik tutu\u015f Ta\u015f\u0131nabilir ve hafif g\u00f6vde<\/p>\n","protected":false},"excerpt":{"rendered":"<p>Kablosuz \u015earjl\u0131 T\u0131ra\u015f Makinesi \u2013 Modern, H\u0131zl\u0131 ve Etkili Bak\u0131m DeneyimiYo\u011fun tempoda ge\u00e7en g\u00fcnlerin kurtar\u0131c\u0131s\u0131 olan bu \u015farjl\u0131 t\u0131ra\u015f makinesi, h\u0131zl\u0131 \u015farj \u00f6zelli\u011fi ve g\u00fc\u00e7l\u00fc motoruyla ki\u015fisel bak\u0131m\u0131n\u0131z\u0131 zahmetsiz hale getiriyor. Minimal tasar\u0131m\u0131 ve \u00fcst\u00fcn performans\u0131yla, her erke\u011fin bak\u0131m rutinine m\u00fckemmel uyum sa\u011flar.Y\u00fcksek H\u0131zl\u0131 Motor TeknolojisiSaniyeler i\u00e7inde p\u00fcr\u00fczs\u00fcz bir g\u00f6r\u00fcn\u00fcm sunan g\u00fc\u00e7l\u00fc motoru sayesinde zamandan&#8230;<\/p>\n","protected":false},"featured_media":118903,"comment_status":"open","ping_status":"closed","template":"","meta":{"_kad_post_transparent":"","_kad_post_title":"","_kad_post_layout":"","_kad_post_sidebar_id":"","_kad_post_content_style":"","_kad_post_vertical_padding":"","_kad_post_feature":"","_kad_post_feature_position":"","_kad_post_header":false,"_kad_post_footer":false,"_kad_post_classname":""},"product_brand":[],"product_cat":[14925],"product_tag":[],"class_list":{"0":"post-118904","1":"product","2":"type-product","3":"status-publish","4":"has-post-thumbnail","6":"product_cat-tiras-makinesi-tiras-makinesi","8":"first","9":"instock","10":"purchasable","11":"product-type-simple","12":"entry","13":"content-bg","14":"loop-entry"},"_links":{"self":[{"href":"https:\/\/www.hediyepazar.com\/index.php?rest_route=\/wp\/v2\/product\/118904","targetHints":{"allow":["GET"]}}],"collection":[{"href":"https:\/\/www.hediyepazar.com\/index.php?rest_route=\/wp\/v2\/product"}],"about":[{"href":"https:\/\/www.hediyepazar.com\/index.php?rest_route=\/wp\/v2\/types\/product"}],"replies":[{"embeddable":true,"href":"https:\/\/www.hediyepazar.com\/index.php?rest_route=%2Fwp%2Fv2%2Fcomments&post=118904"}],"wp:featuredmedia":[{"embeddable":true,"href":"https:\/\/www.hediyepazar.com\/index.php?rest_route=\/wp\/v2\/media\/118903"}],"wp:attachment":[{"href":"https:\/\/www.hediyepazar.com\/index.php?rest_route=%2Fwp%2Fv2%2Fmedia&parent=118904"}],"wp:term":[{"taxonomy":"product_brand","embeddable":true,"href":"https:\/\/www.hediyepazar.com\/index.php?rest_route=%2Fwp%2Fv2%2Fproduct_brand&post=118904"},{"taxonomy":"product_cat","embeddable":true,"href":"https:\/\/www.hediyepazar.com\/index.php?rest_route=%2Fwp%2Fv2%2Fproduct_cat&post=118904"},{"taxonomy":"product_tag","embeddable":true,"href":"https:\/\/www.hediyepazar.com\/index.php?rest_route=%2Fwp%2Fv2%2Fproduct_tag&post=118904"}],"curies":[{"name":"wp","href":"https:\/\/api.w.org\/{rel}","templated":true}]}}