{"id":119227,"date":"2026-05-06T00:45:34","date_gmt":"2026-05-06T03:45:34","guid":{"rendered":"https:\/\/www.hediyepazar.com\/?product=5-baslikli-titresimli-cilt-temizleme-seti-canlandirici-ve-onarici-2"},"modified":"2026-05-06T00:45:34","modified_gmt":"2026-05-06T03:45:34","slug":"5-baslikli-titresimli-cilt-temizleme-seti-canlandirici-ve-onarici-2","status":"publish","type":"product","link":"https:\/\/www.hediyepazar.com\/?product=5-baslikli-titresimli-cilt-temizleme-seti-canlandirici-ve-onarici-2","title":{"rendered":"5 Ba\u015fl\u0131kl\u0131 Titre\u015fimli Cilt Temizleme Seti Canland\u0131r\u0131c\u0131 ve Onar\u0131c\u0131"},"content":{"rendered":"<p>Cildinizin daha elastik ve gen\u00e7 g\u00f6r\u00fcnmesini sa\u011flamak i\u00e7in kan dola\u015f\u0131m\u0131n\u0131 h\u0131zland\u0131ran bu cihaz, siyah nokta temizli\u011fi gibi cilt problemlerinin \u00fcstesinden gelmenize yard\u0131mc\u0131 olur. Y\u00fcz masaj\u0131 d\u00fczenli olarak yap\u0131ld\u0131\u011f\u0131nda, deri alt\u0131ndaki fazla ya\u011flanmalar zamanla gider, cilt daha p\u00fcr\u00fczs\u00fcz ve canl\u0131 bir g\u00f6r\u00fcn\u00fcme kavu\u015fur. Cilt temizli\u011fi ve bak\u0131m\u0131na ek olarak, bu masaj aleti, y\u00fcz\u00fcn\u00fczdeki fazla ya\u011f\u0131 gidermeye yard\u0131mc\u0131 olur ve cildinizin daha sa\u011fl\u0131kl\u0131, yumu\u015fak ve p\u00fcr\u00fczs\u00fcz olmas\u0131n\u0131 sa\u011flar.Beautiful Care Massager, cilt bak\u0131m rutininize entegre edilebilecek harika bir yard\u0131mc\u0131d\u0131r. Y\u00fcz kremleri ve losyonlar\u0131n\u0131z\u0131 kullanmadan \u00f6nce y\u00fcz\u00fcn\u00fcz\u00fc temizler ve \u00f6l\u00fc deri h\u00fccrelerinin temizlenmesine yard\u0131mc\u0131 olur, b\u00f6ylece cildiniz daha yenilenmi\u015f bir g\u00f6r\u00fcn\u00fcme kavu\u015fur. Masaj yaparken kullan\u0131lan derinlemesine uygulama sayesinde kremler ve losyonlar daha iyi deriye nufuz eder, cildinize daha etkili bak\u0131m sa\u011flar.<\/p>\n","protected":false},"excerpt":{"rendered":"<p>Cildinizin daha elastik ve gen\u00e7 g\u00f6r\u00fcnmesini sa\u011flamak i\u00e7in kan dola\u015f\u0131m\u0131n\u0131 h\u0131zland\u0131ran bu cihaz, siyah nokta temizli\u011fi gibi cilt problemlerinin \u00fcstesinden gelmenize yard\u0131mc\u0131 olur. Y\u00fcz masaj\u0131 d\u00fczenli olarak yap\u0131ld\u0131\u011f\u0131nda, deri alt\u0131ndaki fazla ya\u011flanmalar zamanla gider, cilt daha p\u00fcr\u00fczs\u00fcz ve canl\u0131 bir g\u00f6r\u00fcn\u00fcme kavu\u015fur. Cilt temizli\u011fi ve bak\u0131m\u0131na ek olarak, bu masaj aleti, y\u00fcz\u00fcn\u00fczdeki fazla ya\u011f\u0131 gidermeye&#8230;<\/p>\n","protected":false},"featured_media":119226,"comment_status":"open","ping_status":"closed","template":"","meta":{"_kad_post_transparent":"","_kad_post_title":"","_kad_post_layout":"","_kad_post_sidebar_id":"","_kad_post_content_style":"","_kad_post_vertical_padding":"","_kad_post_feature":"","_kad_post_feature_position":"","_kad_post_header":false,"_kad_post_footer":false,"_kad_post_classname":""},"product_brand":[],"product_cat":[15018],"product_tag":[],"class_list":{"0":"post-119227","1":"product","2":"type-product","3":"status-publish","4":"has-post-thumbnail","6":"product_cat-yuz-temizleme-cihazi-yuz-temizleme-cihazi","8":"first","9":"instock","10":"purchasable","11":"product-type-simple","12":"entry","13":"content-bg","14":"loop-entry"},"_links":{"self":[{"href":"https:\/\/www.hediyepazar.com\/index.php?rest_route=\/wp\/v2\/product\/119227","targetHints":{"allow":["GET"]}}],"collection":[{"href":"https:\/\/www.hediyepazar.com\/index.php?rest_route=\/wp\/v2\/product"}],"about":[{"href":"https:\/\/www.hediyepazar.com\/index.php?rest_route=\/wp\/v2\/types\/product"}],"replies":[{"embeddable":true,"href":"https:\/\/www.hediyepazar.com\/index.php?rest_route=%2Fwp%2Fv2%2Fcomments&post=119227"}],"wp:featuredmedia":[{"embeddable":true,"href":"https:\/\/www.hediyepazar.com\/index.php?rest_route=\/wp\/v2\/media\/119226"}],"wp:attachment":[{"href":"https:\/\/www.hediyepazar.com\/index.php?rest_route=%2Fwp%2Fv2%2Fmedia&parent=119227"}],"wp:term":[{"taxonomy":"product_brand","embeddable":true,"href":"https:\/\/www.hediyepazar.com\/index.php?rest_route=%2Fwp%2Fv2%2Fproduct_brand&post=119227"},{"taxonomy":"product_cat","embeddable":true,"href":"https:\/\/www.hediyepazar.com\/index.php?rest_route=%2Fwp%2Fv2%2Fproduct_cat&post=119227"},{"taxonomy":"product_tag","embeddable":true,"href":"https:\/\/www.hediyepazar.com\/index.php?rest_route=%2Fwp%2Fv2%2Fproduct_tag&post=119227"}],"curies":[{"name":"wp","href":"https:\/\/api.w.org\/{rel}","templated":true}]}}