{"id":119321,"date":"2026-05-06T00:55:40","date_gmt":"2026-05-06T03:55:40","guid":{"rendered":"https:\/\/www.hediyepazar.com\/?product=kablosuz-bluetooth-kulaklik-cift-telefon-destekli-powerbankli-dijital-gostergeli-2"},"modified":"2026-05-06T00:55:40","modified_gmt":"2026-05-06T03:55:40","slug":"kablosuz-bluetooth-kulaklik-cift-telefon-destekli-powerbankli-dijital-gostergeli-2","status":"publish","type":"product","link":"https:\/\/www.hediyepazar.com\/?product=kablosuz-bluetooth-kulaklik-cift-telefon-destekli-powerbankli-dijital-gostergeli-2","title":{"rendered":"Kablosuz Bluetooth Kulakl\u0131k \u00c7ift Telefon Destekli Powerbankli Dijital G\u00f6stergeli"},"content":{"rendered":"<p>Geli\u015fmi\u015f suya ve tere dayan\u0131kl\u0131l\u0131k \u00f6zelli\u011fi, spor yaparken veya ya\u011fmurlu havalarda kulakl\u0131\u011f\u0131n\u0131z\u0131 g\u00fcvenle kullanman\u0131z\u0131 sa\u011flar. Yo\u011fun egzersizler s\u0131ras\u0131nda terden etkilenmeden m\u00fczi\u011finizi dinleyebilir, a\u00e7\u0131k hava ko\u015fullar\u0131nda bile kesintisiz bir deneyim ya\u015fayabilirsiniz. \u00c7ift telefon deste\u011fi, ayn\u0131 anda iki farkl\u0131 cihaza ba\u011flanarak i\u015f ve ki\u015fisel kullan\u0131m aras\u0131nda kolay ge\u00e7i\u015f yapman\u0131z\u0131 sa\u011flar. B\u00f6ylece bir cihazdan m\u00fczik dinlerken, di\u011fer cihazdan gelen \u00e7a\u011fr\u0131y\u0131 ka\u00e7\u0131rmadan cevaplayabilirsiniz.<\/p>\n","protected":false},"excerpt":{"rendered":"<p>Geli\u015fmi\u015f suya ve tere dayan\u0131kl\u0131l\u0131k \u00f6zelli\u011fi, spor yaparken veya ya\u011fmurlu havalarda kulakl\u0131\u011f\u0131n\u0131z\u0131 g\u00fcvenle kullanman\u0131z\u0131 sa\u011flar. Yo\u011fun egzersizler s\u0131ras\u0131nda terden etkilenmeden m\u00fczi\u011finizi dinleyebilir, a\u00e7\u0131k hava ko\u015fullar\u0131nda bile kesintisiz bir deneyim ya\u015fayabilirsiniz. \u00c7ift telefon deste\u011fi, ayn\u0131 anda iki farkl\u0131 cihaza ba\u011flanarak i\u015f ve ki\u015fisel kullan\u0131m aras\u0131nda kolay ge\u00e7i\u015f yapman\u0131z\u0131 sa\u011flar. B\u00f6ylece bir cihazdan m\u00fczik dinlerken, di\u011fer cihazdan&#8230;<\/p>\n","protected":false},"featured_media":119320,"comment_status":"open","ping_status":"closed","template":"","meta":{"_kad_post_transparent":"","_kad_post_title":"","_kad_post_layout":"","_kad_post_sidebar_id":"","_kad_post_content_style":"","_kad_post_vertical_padding":"","_kad_post_feature":"","_kad_post_feature_position":"","_kad_post_header":false,"_kad_post_footer":false,"_kad_post_classname":""},"product_brand":[],"product_cat":[14957],"product_tag":[],"class_list":{"0":"post-119321","1":"product","2":"type-product","3":"status-publish","4":"has-post-thumbnail","6":"product_cat-kablosuz-kulaklik-kablosuz-kulaklik","8":"first","9":"instock","10":"purchasable","11":"product-type-simple","12":"entry","13":"content-bg","14":"loop-entry"},"_links":{"self":[{"href":"https:\/\/www.hediyepazar.com\/index.php?rest_route=\/wp\/v2\/product\/119321","targetHints":{"allow":["GET"]}}],"collection":[{"href":"https:\/\/www.hediyepazar.com\/index.php?rest_route=\/wp\/v2\/product"}],"about":[{"href":"https:\/\/www.hediyepazar.com\/index.php?rest_route=\/wp\/v2\/types\/product"}],"replies":[{"embeddable":true,"href":"https:\/\/www.hediyepazar.com\/index.php?rest_route=%2Fwp%2Fv2%2Fcomments&post=119321"}],"wp:featuredmedia":[{"embeddable":true,"href":"https:\/\/www.hediyepazar.com\/index.php?rest_route=\/wp\/v2\/media\/119320"}],"wp:attachment":[{"href":"https:\/\/www.hediyepazar.com\/index.php?rest_route=%2Fwp%2Fv2%2Fmedia&parent=119321"}],"wp:term":[{"taxonomy":"product_brand","embeddable":true,"href":"https:\/\/www.hediyepazar.com\/index.php?rest_route=%2Fwp%2Fv2%2Fproduct_brand&post=119321"},{"taxonomy":"product_cat","embeddable":true,"href":"https:\/\/www.hediyepazar.com\/index.php?rest_route=%2Fwp%2Fv2%2Fproduct_cat&post=119321"},{"taxonomy":"product_tag","embeddable":true,"href":"https:\/\/www.hediyepazar.com\/index.php?rest_route=%2Fwp%2Fv2%2Fproduct_tag&post=119321"}],"curies":[{"name":"wp","href":"https:\/\/api.w.org\/{rel}","templated":true}]}}