{"id":119337,"date":"2026-05-06T00:57:55","date_gmt":"2026-05-06T03:57:55","guid":{"rendered":"https:\/\/www.hediyepazar.com\/?product=arama-cevaplayabilen-akilli-saat-bluetooth-baglantili-sosyal-medya-girisli-2"},"modified":"2026-05-06T00:57:55","modified_gmt":"2026-05-06T03:57:55","slug":"arama-cevaplayabilen-akilli-saat-bluetooth-baglantili-sosyal-medya-girisli-2","status":"publish","type":"product","link":"https:\/\/www.hediyepazar.com\/?product=arama-cevaplayabilen-akilli-saat-bluetooth-baglantili-sosyal-medya-girisli-2","title":{"rendered":"Arama Cevaplayabilen Ak\u0131ll\u0131 Saat Bluetooth Ba\u011flant\u0131l\u0131 Sosyal Medya Giri\u015fli"},"content":{"rendered":"<p>T500, ak\u0131ll\u0131 ba\u011flant\u0131 \u00f6zellikleri ile hayat\u0131n\u0131z\u0131 kolayla\u015ft\u0131r\u0131r. Telefon g\u00f6r\u00fc\u015fmesi yapma, SMS ve sosyal medya bildirimlerini okuma, uygulama bildirimlerini an\u0131nda g\u00f6r\u00fcnt\u00fcleme gibi i\u015flevleri sayesinde telefonunuza uzanmadan bir\u00e7ok i\u015flemi bile\u011finizden kontrol edebilirsiniz. Ayr\u0131ca, uzaktan foto\u011fraf \u00e7ekme \u00f6zelli\u011fi ile kameran\u0131z\u0131 saat \u00fczerinden kontrol edebilir, harika anlar\u0131 pratik bir \u015fekilde yakalayabilirsiniz. Kronometre ve pedometre \u00f6zellikleri, spor yaparken performans\u0131n\u0131z\u0131 \u00f6l\u00e7menize ve geli\u015fiminizi takip etmenize yard\u0131mc\u0131 olur.<\/p>\n","protected":false},"excerpt":{"rendered":"<p>T500, ak\u0131ll\u0131 ba\u011flant\u0131 \u00f6zellikleri ile hayat\u0131n\u0131z\u0131 kolayla\u015ft\u0131r\u0131r. Telefon g\u00f6r\u00fc\u015fmesi yapma, SMS ve sosyal medya bildirimlerini okuma, uygulama bildirimlerini an\u0131nda g\u00f6r\u00fcnt\u00fcleme gibi i\u015flevleri sayesinde telefonunuza uzanmadan bir\u00e7ok i\u015flemi bile\u011finizden kontrol edebilirsiniz. Ayr\u0131ca, uzaktan foto\u011fraf \u00e7ekme \u00f6zelli\u011fi ile kameran\u0131z\u0131 saat \u00fczerinden kontrol edebilir, harika anlar\u0131 pratik bir \u015fekilde yakalayabilirsiniz. Kronometre ve pedometre \u00f6zellikleri, spor yaparken performans\u0131n\u0131z\u0131 \u00f6l\u00e7menize&#8230;<\/p>\n","protected":false},"featured_media":119336,"comment_status":"open","ping_status":"closed","template":"","meta":{"_kad_post_transparent":"","_kad_post_title":"","_kad_post_layout":"","_kad_post_sidebar_id":"","_kad_post_content_style":"","_kad_post_vertical_padding":"","_kad_post_feature":"","_kad_post_feature_position":"","_kad_post_header":false,"_kad_post_footer":false,"_kad_post_classname":""},"product_brand":[],"product_cat":[14935],"product_tag":[],"class_list":{"0":"post-119337","1":"product","2":"type-product","3":"status-publish","4":"has-post-thumbnail","6":"product_cat-akilli-saatler-akilli-saatler","8":"first","9":"instock","10":"purchasable","11":"product-type-simple","12":"entry","13":"content-bg","14":"loop-entry"},"_links":{"self":[{"href":"https:\/\/www.hediyepazar.com\/index.php?rest_route=\/wp\/v2\/product\/119337","targetHints":{"allow":["GET"]}}],"collection":[{"href":"https:\/\/www.hediyepazar.com\/index.php?rest_route=\/wp\/v2\/product"}],"about":[{"href":"https:\/\/www.hediyepazar.com\/index.php?rest_route=\/wp\/v2\/types\/product"}],"replies":[{"embeddable":true,"href":"https:\/\/www.hediyepazar.com\/index.php?rest_route=%2Fwp%2Fv2%2Fcomments&post=119337"}],"wp:featuredmedia":[{"embeddable":true,"href":"https:\/\/www.hediyepazar.com\/index.php?rest_route=\/wp\/v2\/media\/119336"}],"wp:attachment":[{"href":"https:\/\/www.hediyepazar.com\/index.php?rest_route=%2Fwp%2Fv2%2Fmedia&parent=119337"}],"wp:term":[{"taxonomy":"product_brand","embeddable":true,"href":"https:\/\/www.hediyepazar.com\/index.php?rest_route=%2Fwp%2Fv2%2Fproduct_brand&post=119337"},{"taxonomy":"product_cat","embeddable":true,"href":"https:\/\/www.hediyepazar.com\/index.php?rest_route=%2Fwp%2Fv2%2Fproduct_cat&post=119337"},{"taxonomy":"product_tag","embeddable":true,"href":"https:\/\/www.hediyepazar.com\/index.php?rest_route=%2Fwp%2Fv2%2Fproduct_tag&post=119337"}],"curies":[{"name":"wp","href":"https:\/\/api.w.org\/{rel}","templated":true}]}}