{"id":119419,"date":"2026-05-06T01:08:03","date_gmt":"2026-05-06T04:08:03","guid":{"rendered":"https:\/\/www.hediyepazar.com\/?product=2200w-fon-makinesi-profesyonel-ac-motor-soguk-ve-sicak-ufleme"},"modified":"2026-05-06T01:08:03","modified_gmt":"2026-05-06T04:08:03","slug":"2200w-fon-makinesi-profesyonel-ac-motor-soguk-ve-sicak-ufleme","status":"publish","type":"product","link":"https:\/\/www.hediyepazar.com\/?product=2200w-fon-makinesi-profesyonel-ac-motor-soguk-ve-sicak-ufleme","title":{"rendered":"2200W F\u00f6n Makinesi \u2013 Profesyonel AC Motor So\u011fuk ve S\u0131cak \u00dcfleme"},"content":{"rendered":"<p>Salon kalitesinde performans art\u0131k evinizde!Bu 2200 Watt profesyonel f\u00f6n makinesi, g\u00fc\u00e7l\u00fc AC motoru sayesinde sa\u00e7lar\u0131n\u0131z\u0131 k\u0131sa s\u00fcrede kuruturken y\u0131pranmay\u0131 en aza indirir.\u0130ki kademeli h\u0131z ve s\u0131cakl\u0131k kontrol\u00fc, sa\u00e7 tipinize g\u00f6re m\u00fckemmel uyum sa\u011flar.\u0130ster yo\u011fun s\u0131cak hava ile h\u0131zl\u0131 kurutma, ister nazik r\u00fczgarla \u015fekillendirme yap\u0131n, sonu\u00e7 her zaman profesyonel!So\u011fuk hava \u00fcfleme \u00f6zelli\u011fi, sa\u00e7 \u015feklinizi sabitler ve elektriklenmeyi \u00f6nler.Bu sayede sa\u00e7lar\u0131n\u0131z g\u00fcn boyu parlak ve p\u00fcr\u00fczs\u00fcz kal\u0131r.Dayan\u0131kl\u0131 AC motoru, uzun \u00f6m\u00fcrl\u00fc kullan\u0131m sunarak profesyonel kuaf\u00f6rlerin tercih etti\u011fi performans\u0131 sa\u011flar.Hafif g\u00f6vdesi ve ergonomik tutu\u015fu ile elinizi yormadan uzun s\u00fcre kullanabilirsiniz.Sadece ev kullan\u0131m\u0131 i\u00e7in de\u011fil, kuaf\u00f6r salonlar\u0131, seyahatler veya \u00e7ekim setleri i\u00e7in de m\u00fckemmel bir se\u00e7enektir.Ta\u015f\u0131nabilir ve kompakt tasar\u0131m\u0131, \u00e7antan\u0131zda kolayca yer bulur.Kablo uzunlu\u011fu ve \u0131s\u0131ya dayan\u0131kl\u0131 d\u0131\u015f g\u00f6vdesi, kullan\u0131m kolayl\u0131\u011f\u0131n\u0131 art\u0131r\u0131r.\u015e\u0131k g\u00f6r\u00fcn\u00fcm\u00fcyle banyonuza modern bir dokunu\u015f katar.G\u00fc\u00e7, h\u0131z ve zarafet bir arada!Bu f\u00f6n makinesiyle her g\u00fcn kuaf\u00f6rden yeni \u00e7\u0131km\u0131\u015f gibi hissedeceksiniz.<\/p>\n","protected":false},"excerpt":{"rendered":"<p>Salon kalitesinde performans art\u0131k evinizde!Bu 2200 Watt profesyonel f\u00f6n makinesi, g\u00fc\u00e7l\u00fc AC motoru sayesinde sa\u00e7lar\u0131n\u0131z\u0131 k\u0131sa s\u00fcrede kuruturken y\u0131pranmay\u0131 en aza indirir.\u0130ki kademeli h\u0131z ve s\u0131cakl\u0131k kontrol\u00fc, sa\u00e7 tipinize g\u00f6re m\u00fckemmel uyum sa\u011flar.\u0130ster yo\u011fun s\u0131cak hava ile h\u0131zl\u0131 kurutma, ister nazik r\u00fczgarla \u015fekillendirme yap\u0131n, sonu\u00e7 her zaman profesyonel!So\u011fuk hava \u00fcfleme \u00f6zelli\u011fi, sa\u00e7 \u015feklinizi sabitler ve&#8230;<\/p>\n","protected":false},"featured_media":119418,"comment_status":"open","ping_status":"closed","template":"","meta":{"_kad_post_transparent":"","_kad_post_title":"","_kad_post_layout":"","_kad_post_sidebar_id":"","_kad_post_content_style":"","_kad_post_vertical_padding":"","_kad_post_feature":"","_kad_post_feature_position":"","_kad_post_header":false,"_kad_post_footer":false,"_kad_post_classname":""},"product_brand":[],"product_cat":[15023],"product_tag":[],"class_list":{"0":"post-119419","1":"product","2":"type-product","3":"status-publish","4":"has-post-thumbnail","6":"product_cat-sac-kurutma-makinesi-sac-kurutma-makinesi","8":"first","9":"instock","10":"purchasable","11":"product-type-simple","12":"entry","13":"content-bg","14":"loop-entry"},"_links":{"self":[{"href":"https:\/\/www.hediyepazar.com\/index.php?rest_route=\/wp\/v2\/product\/119419","targetHints":{"allow":["GET"]}}],"collection":[{"href":"https:\/\/www.hediyepazar.com\/index.php?rest_route=\/wp\/v2\/product"}],"about":[{"href":"https:\/\/www.hediyepazar.com\/index.php?rest_route=\/wp\/v2\/types\/product"}],"replies":[{"embeddable":true,"href":"https:\/\/www.hediyepazar.com\/index.php?rest_route=%2Fwp%2Fv2%2Fcomments&post=119419"}],"wp:featuredmedia":[{"embeddable":true,"href":"https:\/\/www.hediyepazar.com\/index.php?rest_route=\/wp\/v2\/media\/119418"}],"wp:attachment":[{"href":"https:\/\/www.hediyepazar.com\/index.php?rest_route=%2Fwp%2Fv2%2Fmedia&parent=119419"}],"wp:term":[{"taxonomy":"product_brand","embeddable":true,"href":"https:\/\/www.hediyepazar.com\/index.php?rest_route=%2Fwp%2Fv2%2Fproduct_brand&post=119419"},{"taxonomy":"product_cat","embeddable":true,"href":"https:\/\/www.hediyepazar.com\/index.php?rest_route=%2Fwp%2Fv2%2Fproduct_cat&post=119419"},{"taxonomy":"product_tag","embeddable":true,"href":"https:\/\/www.hediyepazar.com\/index.php?rest_route=%2Fwp%2Fv2%2Fproduct_tag&post=119419"}],"curies":[{"name":"wp","href":"https:\/\/api.w.org\/{rel}","templated":true}]}}