{"id":119421,"date":"2026-05-06T01:08:08","date_gmt":"2026-05-06T04:08:08","guid":{"rendered":"https:\/\/www.hediyepazar.com\/?product=profesyonel-2200w-fon-makinesi-ac-motorlu-hizli-kurutma-hafif-tasarim"},"modified":"2026-05-06T01:08:08","modified_gmt":"2026-05-06T04:08:08","slug":"profesyonel-2200w-fon-makinesi-ac-motorlu-hizli-kurutma-hafif-tasarim","status":"publish","type":"product","link":"https:\/\/www.hediyepazar.com\/?product=profesyonel-2200w-fon-makinesi-ac-motorlu-hizli-kurutma-hafif-tasarim","title":{"rendered":"Profesyonel 2200W F\u00f6n Makinesi \u2013 AC Motorlu H\u0131zl\u0131 Kurutma Hafif Tasar\u0131m"},"content":{"rendered":"<p>Yeni nesil g\u00fc\u00e7 ve performansla tan\u0131\u015f\u0131n!Bu 2200 Watt f\u00f6n makinesi, profesyonel AC motor teknolojisiyle g\u00fc\u00e7l\u00fc hava ak\u0131m\u0131 sa\u011flar, sa\u00e7lar\u0131n\u0131z\u0131 k\u0131sa s\u00fcrede kurutur ve \u015fekillendirir.\u0130ki farkl\u0131 h\u0131z ve s\u0131cakl\u0131k ayar\u0131, her sa\u00e7 tipi i\u00e7in \u00f6zel kurutma deneyimi sunar.\u0130nce, kal\u0131n veya dalgal\u0131 fark etmeksizin, istedi\u011finiz sonucu kolayca elde edebilirsiniz.So\u011fuk \u00fcfleme \u00f6zelli\u011fi, f\u00f6n i\u015fleminin sonunda sa\u00e7 stilinizi sabitlerken sa\u00e7 tellerinin canl\u0131l\u0131\u011f\u0131n\u0131 korur.Bu sayede hem \u0131\u015f\u0131lt\u0131l\u0131 hem de uzun s\u00fcre kal\u0131c\u0131 bir g\u00f6r\u00fcn\u00fcm kazan\u0131rs\u0131n\u0131z.Hafif ve ergonomik tasar\u0131m\u0131, uzun s\u00fcreli kullan\u0131mlarda bile konfor sa\u011flar.Seyahatlerde kolayca ta\u015f\u0131nabilir ve her ortamda profesyonel sonu\u00e7 verir.Dayan\u0131kl\u0131 AC motoru, y\u00fcksek performans\u0131 uzun \u00f6m\u00fcrle birle\u015ftirir.Bu \u00f6zellik, cihaz\u0131 sadece ev kullan\u0131m\u0131 i\u00e7in de\u011fil, profesyonel salonlar i\u00e7in de ideal hale getirir.Modern, kompakt ve fonksiyonel yap\u0131s\u0131yla hem g\u00fc\u00e7l\u00fc hem de \u015f\u0131k bir f\u00f6n deneyimi sunar.Is\u0131ya dayan\u0131kl\u0131 kablo ve ask\u0131 halkas\u0131 sayesinde g\u00fcvenli kullan\u0131m sa\u011flar.Sa\u00e7lar\u0131n\u0131z\u0131 h\u0131zl\u0131, etkili ve y\u0131pratmadan kurutmak i\u00e7in en iyi \u00e7\u00f6z\u00fcm!Yeni nesil teknoloji, profesyonel kalite ve zarif tasar\u0131m bu f\u00f6n makinesinde bulu\u015fuyor.<\/p>\n","protected":false},"excerpt":{"rendered":"<p>Yeni nesil g\u00fc\u00e7 ve performansla tan\u0131\u015f\u0131n!Bu 2200 Watt f\u00f6n makinesi, profesyonel AC motor teknolojisiyle g\u00fc\u00e7l\u00fc hava ak\u0131m\u0131 sa\u011flar, sa\u00e7lar\u0131n\u0131z\u0131 k\u0131sa s\u00fcrede kurutur ve \u015fekillendirir.\u0130ki farkl\u0131 h\u0131z ve s\u0131cakl\u0131k ayar\u0131, her sa\u00e7 tipi i\u00e7in \u00f6zel kurutma deneyimi sunar.\u0130nce, kal\u0131n veya dalgal\u0131 fark etmeksizin, istedi\u011finiz sonucu kolayca elde edebilirsiniz.So\u011fuk \u00fcfleme \u00f6zelli\u011fi, f\u00f6n i\u015fleminin sonunda sa\u00e7 stilinizi sabitlerken&#8230;<\/p>\n","protected":false},"featured_media":119420,"comment_status":"open","ping_status":"closed","template":"","meta":{"_kad_post_transparent":"","_kad_post_title":"","_kad_post_layout":"","_kad_post_sidebar_id":"","_kad_post_content_style":"","_kad_post_vertical_padding":"","_kad_post_feature":"","_kad_post_feature_position":"","_kad_post_header":false,"_kad_post_footer":false,"_kad_post_classname":""},"product_brand":[],"product_cat":[15023],"product_tag":[],"class_list":{"0":"post-119421","1":"product","2":"type-product","3":"status-publish","4":"has-post-thumbnail","6":"product_cat-sac-kurutma-makinesi-sac-kurutma-makinesi","8":"first","9":"instock","10":"purchasable","11":"product-type-simple","12":"entry","13":"content-bg","14":"loop-entry"},"_links":{"self":[{"href":"https:\/\/www.hediyepazar.com\/index.php?rest_route=\/wp\/v2\/product\/119421","targetHints":{"allow":["GET"]}}],"collection":[{"href":"https:\/\/www.hediyepazar.com\/index.php?rest_route=\/wp\/v2\/product"}],"about":[{"href":"https:\/\/www.hediyepazar.com\/index.php?rest_route=\/wp\/v2\/types\/product"}],"replies":[{"embeddable":true,"href":"https:\/\/www.hediyepazar.com\/index.php?rest_route=%2Fwp%2Fv2%2Fcomments&post=119421"}],"wp:featuredmedia":[{"embeddable":true,"href":"https:\/\/www.hediyepazar.com\/index.php?rest_route=\/wp\/v2\/media\/119420"}],"wp:attachment":[{"href":"https:\/\/www.hediyepazar.com\/index.php?rest_route=%2Fwp%2Fv2%2Fmedia&parent=119421"}],"wp:term":[{"taxonomy":"product_brand","embeddable":true,"href":"https:\/\/www.hediyepazar.com\/index.php?rest_route=%2Fwp%2Fv2%2Fproduct_brand&post=119421"},{"taxonomy":"product_cat","embeddable":true,"href":"https:\/\/www.hediyepazar.com\/index.php?rest_route=%2Fwp%2Fv2%2Fproduct_cat&post=119421"},{"taxonomy":"product_tag","embeddable":true,"href":"https:\/\/www.hediyepazar.com\/index.php?rest_route=%2Fwp%2Fv2%2Fproduct_tag&post=119421"}],"curies":[{"name":"wp","href":"https:\/\/api.w.org\/{rel}","templated":true}]}}