{"id":119453,"date":"2026-05-06T01:12:14","date_gmt":"2026-05-06T04:12:14","guid":{"rendered":"https:\/\/www.hediyepazar.com\/?product=solar-alev-lambasi-kamp-bahce-ve-dis-mekan-icin"},"modified":"2026-05-06T01:12:14","modified_gmt":"2026-05-06T04:12:14","slug":"solar-alev-lambasi-kamp-bahce-ve-dis-mekan-icin","status":"publish","type":"product","link":"https:\/\/www.hediyepazar.com\/?product=solar-alev-lambasi-kamp-bahce-ve-dis-mekan-icin","title":{"rendered":"Solar Alev Lambas\u0131 \u2013 Kamp Bah\u00e7e ve D\u0131\u015f Mekan \u0130\u00e7in"},"content":{"rendered":"<p>Hem pratik hem de b\u00fcy\u00fcleyici bir ayd\u0131nlatma deneyimi!Bu COB teknolojili solar alev lambas\u0131, do\u011fan\u0131n enerjisini \u015f\u0131kl\u0131kla birle\u015ftiriyor.COB (Chip On Board) teknolojisi sayesinde \u0131\u015f\u0131\u011f\u0131 e\u015fit da\u011f\u0131tarak g\u00fc\u00e7l\u00fc bir parlakl\u0131k sa\u011flar.Karanl\u0131k ortamlarda bile maksimum g\u00f6r\u00fcn\u00fcrl\u00fck sunar.G\u00fcne\u015f enerjisiyle \u00e7al\u0131\u015fan yap\u0131s\u0131 sayesinde elektrik masraf\u0131n\u0131 ortadan kald\u0131r\u0131r.G\u00fcnd\u00fcz solar panel arac\u0131l\u0131\u011f\u0131yla \u015farj olur, gece oldu\u011funda otomatik olarak yanar.Yenilik\u00e7i alev efekti, yanan bir ate\u015fin s\u0131cak atmosferini canland\u0131r\u0131r.Kamp alanlar\u0131, bah\u00e7eler, balkonlar veya teraslarda s\u0131cak ve huzurlu bir ortam olu\u015fturur.Suya, toza ve darbelere kar\u015f\u0131 dayan\u0131kl\u0131 d\u0131\u015f g\u00f6vde, her hava ko\u015fuluna uyum sa\u011flar.Ta\u015f\u0131nabilir tasar\u0131m\u0131, \u00fcr\u00fcn\u00fc istedi\u011finiz yere kolayca ta\u015f\u0131man\u0131z\u0131 sa\u011flar.Ayr\u0131ca, \u00e7ok fonksiyonlu kullan\u0131m\u0131 sayesinde el feneri veya \u00e7al\u0131\u015fma lambas\u0131 olarak da kullan\u0131labilir.Kamp, y\u00fcr\u00fcy\u00fc\u015f, piknik ve acil durumlar i\u00e7in m\u00fckemmel bir se\u00e7enektir.Estetik tasar\u0131m\u0131yla dekoratif bir unsur olarak da \u00f6ne \u00e7\u0131kar.Do\u011fal enerjiyi kullanarak \u00e7evreye katk\u0131 sa\u011flayan bu solar lamba, uzun \u00f6m\u00fcrl\u00fc ve g\u00fcvenilir bir ayd\u0131nlatma deneyimi sunar.<\/p>\n","protected":false},"excerpt":{"rendered":"<p>Hem pratik hem de b\u00fcy\u00fcleyici bir ayd\u0131nlatma deneyimi!Bu COB teknolojili solar alev lambas\u0131, do\u011fan\u0131n enerjisini \u015f\u0131kl\u0131kla birle\u015ftiriyor.COB (Chip On Board) teknolojisi sayesinde \u0131\u015f\u0131\u011f\u0131 e\u015fit da\u011f\u0131tarak g\u00fc\u00e7l\u00fc bir parlakl\u0131k sa\u011flar.Karanl\u0131k ortamlarda bile maksimum g\u00f6r\u00fcn\u00fcrl\u00fck sunar.G\u00fcne\u015f enerjisiyle \u00e7al\u0131\u015fan yap\u0131s\u0131 sayesinde elektrik masraf\u0131n\u0131 ortadan kald\u0131r\u0131r.G\u00fcnd\u00fcz solar panel arac\u0131l\u0131\u011f\u0131yla \u015farj olur, gece oldu\u011funda otomatik olarak yanar.Yenilik\u00e7i alev efekti, yanan&#8230;<\/p>\n","protected":false},"featured_media":119452,"comment_status":"open","ping_status":"closed","template":"","meta":{"_kad_post_transparent":"","_kad_post_title":"","_kad_post_layout":"","_kad_post_sidebar_id":"","_kad_post_content_style":"","_kad_post_vertical_padding":"","_kad_post_feature":"","_kad_post_feature_position":"","_kad_post_header":false,"_kad_post_footer":false,"_kad_post_classname":""},"product_brand":[],"product_cat":[14977],"product_tag":[],"class_list":{"0":"post-119453","1":"product","2":"type-product","3":"status-publish","4":"has-post-thumbnail","6":"product_cat-kamp-lambasi-kamp-lambasi","8":"first","9":"instock","10":"purchasable","11":"product-type-simple","12":"entry","13":"content-bg","14":"loop-entry"},"_links":{"self":[{"href":"https:\/\/www.hediyepazar.com\/index.php?rest_route=\/wp\/v2\/product\/119453","targetHints":{"allow":["GET"]}}],"collection":[{"href":"https:\/\/www.hediyepazar.com\/index.php?rest_route=\/wp\/v2\/product"}],"about":[{"href":"https:\/\/www.hediyepazar.com\/index.php?rest_route=\/wp\/v2\/types\/product"}],"replies":[{"embeddable":true,"href":"https:\/\/www.hediyepazar.com\/index.php?rest_route=%2Fwp%2Fv2%2Fcomments&post=119453"}],"wp:featuredmedia":[{"embeddable":true,"href":"https:\/\/www.hediyepazar.com\/index.php?rest_route=\/wp\/v2\/media\/119452"}],"wp:attachment":[{"href":"https:\/\/www.hediyepazar.com\/index.php?rest_route=%2Fwp%2Fv2%2Fmedia&parent=119453"}],"wp:term":[{"taxonomy":"product_brand","embeddable":true,"href":"https:\/\/www.hediyepazar.com\/index.php?rest_route=%2Fwp%2Fv2%2Fproduct_brand&post=119453"},{"taxonomy":"product_cat","embeddable":true,"href":"https:\/\/www.hediyepazar.com\/index.php?rest_route=%2Fwp%2Fv2%2Fproduct_cat&post=119453"},{"taxonomy":"product_tag","embeddable":true,"href":"https:\/\/www.hediyepazar.com\/index.php?rest_route=%2Fwp%2Fv2%2Fproduct_tag&post=119453"}],"curies":[{"name":"wp","href":"https:\/\/api.w.org\/{rel}","templated":true}]}}