{"id":119457,"date":"2026-05-06T01:12:58","date_gmt":"2026-05-06T04:12:58","guid":{"rendered":"https:\/\/www.hediyepazar.com\/?product=solar-cob-alev-efektli-lamba-gunes-enerjili-suya-dayanikli-tasinabilir"},"modified":"2026-05-06T01:12:58","modified_gmt":"2026-05-06T04:12:58","slug":"solar-cob-alev-efektli-lamba-gunes-enerjili-suya-dayanikli-tasinabilir","status":"publish","type":"product","link":"https:\/\/www.hediyepazar.com\/?product=solar-cob-alev-efektli-lamba-gunes-enerjili-suya-dayanikli-tasinabilir","title":{"rendered":"Solar COB Alev Efektli Lamba \u2013 G\u00fcne\u015f Enerjili Suya Dayan\u0131kl\u0131 Ta\u015f\u0131nabilir"},"content":{"rendered":"<p>Geceleri b\u00fcy\u00fcleyici bir atmosfer yaratmak art\u0131k \u00e7ok kolay! Bu Solar COB Alev Efektli Lamba, hem dekoratif hem fonksiyonel ayd\u0131nlatma arayanlar i\u00e7in m\u00fckemmel bir \u00e7\u00f6z\u00fcmd\u00fcr.Yeni nesil COB (Chip On Board) teknolojisi sayesinde g\u00fc\u00e7l\u00fc, net ve homojen bir \u0131\u015f\u0131k \u00e7\u0131k\u0131\u015f\u0131 sa\u011flar. Bu teknoloji, karanl\u0131kta bile maksimum parlakl\u0131k ve enerji verimlili\u011fi sunar.G\u00fcne\u015f enerjisiyle \u00e7al\u0131\u015fan yap\u0131s\u0131 sayesinde g\u00fcnd\u00fcz otomatik olarak \u015farj olur, gece ise sens\u00f6rleri arac\u0131l\u0131\u011f\u0131yla kendili\u011finden yanar. Elektrik kablosu gerektirmeden, \u00e7evre dostu bir enerji kullan\u0131m\u0131na olanak tan\u0131r.Ger\u00e7ek\u00e7i alev efekti, t\u0131pk\u0131 bir ate\u015fin par\u0131lt\u0131s\u0131n\u0131 taklit eder ve bah\u00e7e, balkon, teras ya da kamp alanlar\u0131n\u0131za s\u0131cak bir atmosfer kazand\u0131r\u0131r.Suya, toza ve darbeye dayan\u0131kl\u0131 yap\u0131s\u0131, d\u0131\u015f mekan ko\u015fullar\u0131na tam uyum sa\u011flar.Hafif ve ta\u015f\u0131nabilir tasar\u0131m\u0131 sayesinde istedi\u011finiz yere kolayca g\u00f6t\u00fcrebilirsiniz. Kamp, y\u00fcr\u00fcy\u00fc\u015f, bah\u00e7e partileri, karavan seyahatleri veya romantik ak\u015famlar i\u00e7in m\u00fckemmeldir.\u00c7ok ama\u00e7l\u0131 kullan\u0131m \u00f6zelli\u011fiyle sadece dekoratif bir alev lambas\u0131 de\u011fil, ayn\u0131 zamanda el feneri veya \u00e7al\u0131\u015fma lambas\u0131 olarak da kullan\u0131labilir.Estetik tasar\u0131m\u0131yla ortama \u015f\u0131kl\u0131k katar, g\u00fc\u00e7l\u00fc ayd\u0131nlatmas\u0131yla da g\u00fcvenli bir ortam olu\u015fturur.G\u00fcne\u015fin enerjisini \u0131\u015f\u0131\u011fa d\u00f6n\u00fc\u015ft\u00fcren bu \u00fcr\u00fcn, do\u011fa dostu yap\u0131s\u0131yla uzun \u00f6m\u00fcrl\u00fc bir kullan\u0131m sun<\/p>\n","protected":false},"excerpt":{"rendered":"<p>Geceleri b\u00fcy\u00fcleyici bir atmosfer yaratmak art\u0131k \u00e7ok kolay! Bu Solar COB Alev Efektli Lamba, hem dekoratif hem fonksiyonel ayd\u0131nlatma arayanlar i\u00e7in m\u00fckemmel bir \u00e7\u00f6z\u00fcmd\u00fcr.Yeni nesil COB (Chip On Board) teknolojisi sayesinde g\u00fc\u00e7l\u00fc, net ve homojen bir \u0131\u015f\u0131k \u00e7\u0131k\u0131\u015f\u0131 sa\u011flar. Bu teknoloji, karanl\u0131kta bile maksimum parlakl\u0131k ve enerji verimlili\u011fi sunar.G\u00fcne\u015f enerjisiyle \u00e7al\u0131\u015fan yap\u0131s\u0131 sayesinde g\u00fcnd\u00fcz otomatik&#8230;<\/p>\n","protected":false},"featured_media":119456,"comment_status":"open","ping_status":"closed","template":"","meta":{"_kad_post_transparent":"","_kad_post_title":"","_kad_post_layout":"","_kad_post_sidebar_id":"","_kad_post_content_style":"","_kad_post_vertical_padding":"","_kad_post_feature":"","_kad_post_feature_position":"","_kad_post_header":false,"_kad_post_footer":false,"_kad_post_classname":""},"product_brand":[],"product_cat":[14977],"product_tag":[],"class_list":{"0":"post-119457","1":"product","2":"type-product","3":"status-publish","4":"has-post-thumbnail","6":"product_cat-kamp-lambasi-kamp-lambasi","8":"first","9":"instock","10":"purchasable","11":"product-type-simple","12":"entry","13":"content-bg","14":"loop-entry"},"_links":{"self":[{"href":"https:\/\/www.hediyepazar.com\/index.php?rest_route=\/wp\/v2\/product\/119457","targetHints":{"allow":["GET"]}}],"collection":[{"href":"https:\/\/www.hediyepazar.com\/index.php?rest_route=\/wp\/v2\/product"}],"about":[{"href":"https:\/\/www.hediyepazar.com\/index.php?rest_route=\/wp\/v2\/types\/product"}],"replies":[{"embeddable":true,"href":"https:\/\/www.hediyepazar.com\/index.php?rest_route=%2Fwp%2Fv2%2Fcomments&post=119457"}],"wp:featuredmedia":[{"embeddable":true,"href":"https:\/\/www.hediyepazar.com\/index.php?rest_route=\/wp\/v2\/media\/119456"}],"wp:attachment":[{"href":"https:\/\/www.hediyepazar.com\/index.php?rest_route=%2Fwp%2Fv2%2Fmedia&parent=119457"}],"wp:term":[{"taxonomy":"product_brand","embeddable":true,"href":"https:\/\/www.hediyepazar.com\/index.php?rest_route=%2Fwp%2Fv2%2Fproduct_brand&post=119457"},{"taxonomy":"product_cat","embeddable":true,"href":"https:\/\/www.hediyepazar.com\/index.php?rest_route=%2Fwp%2Fv2%2Fproduct_cat&post=119457"},{"taxonomy":"product_tag","embeddable":true,"href":"https:\/\/www.hediyepazar.com\/index.php?rest_route=%2Fwp%2Fv2%2Fproduct_tag&post=119457"}],"curies":[{"name":"wp","href":"https:\/\/api.w.org\/{rel}","templated":true}]}}