{"id":119505,"date":"2026-05-06T01:19:13","date_gmt":"2026-05-06T04:19:13","guid":{"rendered":"https:\/\/www.hediyepazar.com\/?product=mini-elektrikli-isitici-2000w-termostatli-fanli-isitma-tasinabilir-tasarim"},"modified":"2026-05-06T01:19:13","modified_gmt":"2026-05-06T04:19:13","slug":"mini-elektrikli-isitici-2000w-termostatli-fanli-isitma-tasinabilir-tasarim","status":"publish","type":"product","link":"https:\/\/www.hediyepazar.com\/?product=mini-elektrikli-isitici-2000w-termostatli-fanli-isitma-tasinabilir-tasarim","title":{"rendered":"Mini Elektrikli Is\u0131t\u0131c\u0131 2000W \u2013 Termostatl\u0131 Fanl\u0131 Is\u0131tma Ta\u015f\u0131nabilir Tasar\u0131m"},"content":{"rendered":"<p>Mini Elektrikli Is\u0131t\u0131c\u0131, kompakt boyutuna ra\u011fmen 2000W g\u00fcc\u00fcyle etkileyici bir performans sunar. K\u00fc\u00e7\u00fck alanlar\u0131 h\u0131zl\u0131ca \u0131s\u0131tmak i\u00e7in geli\u015ftirilmi\u015f bu cihaz, 10 m\u00b2\u2019ye kadar kapsama alan\u0131na sahiptir.\u00dc\u00e7 \u0131s\u0131 modu (so\u011fuk, s\u0131cak, \u00e7ok s\u0131cak) sayesinde her mevsim kullanabilirsiniz. Termostat fonksiyonu, ortam s\u0131cakl\u0131\u011f\u0131na g\u00f6re otomatik ayarlama yapar. ABS + PP malzeme g\u00f6vde, \u0131s\u0131ya dayan\u0131kl\u0131 yap\u0131s\u0131yla uzun \u00f6m\u00fcrl\u00fcd\u00fcr.Fanl\u0131 \u0131s\u0131 da\u011f\u0131t\u0131m\u0131, s\u0131cak havay\u0131 e\u015fit \u015fekilde yayarak ortam\u0131n k\u0131sa s\u00fcrede homojen \u0131s\u0131nmas\u0131n\u0131 sa\u011flar. A\u015f\u0131r\u0131 \u0131s\u0131nma durumunda otomatik kapanma sistemi devreye girer, bu da maksimum g\u00fcvenlik sunar.Mini boyutu (22x14x26 cm) ve hafif yap\u0131s\u0131 sayesinde ta\u015f\u0131nabilir; seyahatlerde, ofiste, mutfakta veya yatak odas\u0131nda kolayl\u0131kla kullan\u0131labilir.Kolay kullan\u0131m\u0131 sayesinde g\u00fc\u00e7 d\u00fc\u011fmesini a\u00e7\u0131p termostat\u0131 ayarlayarak an\u0131nda \u0131s\u0131nabilirsiniz. Fan fonksiyonunu yaz aylar\u0131nda hava dola\u015f\u0131m\u0131 i\u00e7in de kullanabilirsiniz.Enerji verimli motor, y\u00fcksek performans\u0131 d\u00fc\u015f\u00fck enerji t\u00fcketimiyle birle\u015ftirir. Sessiz \u00e7al\u0131\u015fma \u00f6zelli\u011fiyle rahats\u0131zl\u0131k vermez, konforlu bir ortam sa\u011flar.Modern tasar\u0131m\u0131, g\u00fcvenli yap\u0131s\u0131 ve pratik kullan\u0131m\u0131yla \u00a02000W Is\u0131t\u0131c\u0131, d\u00f6rt mevsim boyunca yan\u0131n\u0131zda ta\u015f\u0131yabilece\u011finiz m\u00fckemmel bir \u0131s\u0131tma \u00e7\u00f6z\u00fcm\u00fcd\u00fcr.<\/p>\n","protected":false},"excerpt":{"rendered":"<p>Mini Elektrikli Is\u0131t\u0131c\u0131, kompakt boyutuna ra\u011fmen 2000W g\u00fcc\u00fcyle etkileyici bir performans sunar. K\u00fc\u00e7\u00fck alanlar\u0131 h\u0131zl\u0131ca \u0131s\u0131tmak i\u00e7in geli\u015ftirilmi\u015f bu cihaz, 10 m\u00b2\u2019ye kadar kapsama alan\u0131na sahiptir.\u00dc\u00e7 \u0131s\u0131 modu (so\u011fuk, s\u0131cak, \u00e7ok s\u0131cak) sayesinde her mevsim kullanabilirsiniz. Termostat fonksiyonu, ortam s\u0131cakl\u0131\u011f\u0131na g\u00f6re otomatik ayarlama yapar. ABS + PP malzeme g\u00f6vde, \u0131s\u0131ya dayan\u0131kl\u0131 yap\u0131s\u0131yla uzun \u00f6m\u00fcrl\u00fcd\u00fcr.Fanl\u0131 \u0131s\u0131&#8230;<\/p>\n","protected":false},"featured_media":119504,"comment_status":"open","ping_status":"closed","template":"","meta":{"_kad_post_transparent":"","_kad_post_title":"","_kad_post_layout":"","_kad_post_sidebar_id":"","_kad_post_content_style":"","_kad_post_vertical_padding":"","_kad_post_feature":"","_kad_post_feature_position":"","_kad_post_header":false,"_kad_post_footer":false,"_kad_post_classname":""},"product_brand":[],"product_cat":[15097],"product_tag":[],"class_list":{"0":"post-119505","1":"product","2":"type-product","3":"status-publish","4":"has-post-thumbnail","6":"product_cat-elektrikli-soba-elektrikli-soba","8":"first","9":"instock","10":"purchasable","11":"product-type-simple","12":"entry","13":"content-bg","14":"loop-entry"},"_links":{"self":[{"href":"https:\/\/www.hediyepazar.com\/index.php?rest_route=\/wp\/v2\/product\/119505","targetHints":{"allow":["GET"]}}],"collection":[{"href":"https:\/\/www.hediyepazar.com\/index.php?rest_route=\/wp\/v2\/product"}],"about":[{"href":"https:\/\/www.hediyepazar.com\/index.php?rest_route=\/wp\/v2\/types\/product"}],"replies":[{"embeddable":true,"href":"https:\/\/www.hediyepazar.com\/index.php?rest_route=%2Fwp%2Fv2%2Fcomments&post=119505"}],"wp:featuredmedia":[{"embeddable":true,"href":"https:\/\/www.hediyepazar.com\/index.php?rest_route=\/wp\/v2\/media\/119504"}],"wp:attachment":[{"href":"https:\/\/www.hediyepazar.com\/index.php?rest_route=%2Fwp%2Fv2%2Fmedia&parent=119505"}],"wp:term":[{"taxonomy":"product_brand","embeddable":true,"href":"https:\/\/www.hediyepazar.com\/index.php?rest_route=%2Fwp%2Fv2%2Fproduct_brand&post=119505"},{"taxonomy":"product_cat","embeddable":true,"href":"https:\/\/www.hediyepazar.com\/index.php?rest_route=%2Fwp%2Fv2%2Fproduct_cat&post=119505"},{"taxonomy":"product_tag","embeddable":true,"href":"https:\/\/www.hediyepazar.com\/index.php?rest_route=%2Fwp%2Fv2%2Fproduct_tag&post=119505"}],"curies":[{"name":"wp","href":"https:\/\/api.w.org\/{rel}","templated":true}]}}