{"id":119516,"date":"2026-05-06T01:23:08","date_gmt":"2026-05-06T04:23:08","guid":{"rendered":"https:\/\/www.hediyepazar.com\/?product=usb-sarjli-elektrikli-karistirici-kupa-sicak-soguk-icecekler-icin"},"modified":"2026-05-06T01:23:08","modified_gmt":"2026-05-06T04:23:08","slug":"usb-sarjli-elektrikli-karistirici-kupa-sicak-soguk-icecekler-icin","status":"publish","type":"product","link":"https:\/\/www.hediyepazar.com\/?product=usb-sarjli-elektrikli-karistirici-kupa-sicak-soguk-icecekler-icin","title":{"rendered":"USB \u015earjl\u0131 Elektrikli Kar\u0131\u015ft\u0131r\u0131c\u0131 Kupa \u2013 S\u0131cak &#038; So\u011fuk \u0130\u00e7ecekler i\u00e7in"},"content":{"rendered":"<p>Klasik kar\u0131\u015ft\u0131rma y\u00f6ntemlerine elveda deyin! Bu elektrikli manyetik kar\u0131\u015ft\u0131rma kupas\u0131, i\u00e7eceklerinizi tek tu\u015fla kar\u0131\u015ft\u0131r\u0131r ve zamandan tasarruf etmenizi sa\u011flar. USB kabloyla \u015farj edilen bataryas\u0131, 1,5 saat i\u00e7inde tam dolum sa\u011flar ve uzun s\u00fcre kullan\u0131m sunar. Ekstra pil gerektirmez, \u00e7evre dostu tasar\u0131m\u0131yla s\u00fcrd\u00fcr\u00fclebilirdir.\u0130\u00e7 y\u00fczeyi 304 paslanmaz \u00e7elik, d\u0131\u015f k\u0131sm\u0131 ise g\u0131da s\u0131n\u0131f\u0131 ABS plastik malzemeden \u00fcretilmi\u015ftir. \u00c7ift katmanl\u0131 yap\u0131s\u0131, s\u0131cak i\u00e7eceklerde elinizi yakmadan kullanman\u0131z\u0131 sa\u011flar. Kahve, s\u00fct, protein shake, \u00e7ay, s\u0131cak \u00e7ikolata, limonata, yulaf ezmesi gibi bir\u00e7ok i\u00e7ecek i\u00e7in uygundur.Manyetik fiziksel kar\u0131\u015ft\u0131rma sistemi, i\u00e7ece\u011finizi y\u00fcksek h\u0131zda d\u00f6nd\u00fcrerek kar\u0131\u015f\u0131m\u0131 homojen hale getirir. Bu sistem ayn\u0131 zamanda i\u00e7ece\u011fin s\u0131cakl\u0131\u011f\u0131n\u0131 dengeler. Sessiz motoru sayesinde gece veya sabah erken saatlerde bile rahatl\u0131kla kullan\u0131labilir.Temizli\u011fi son derece kolayd\u0131r. Akan su alt\u0131nda h\u0131zl\u0131ca y\u0131kanabilir ancak motor k\u0131sm\u0131 suya bat\u0131r\u0131lmamal\u0131d\u0131r. Kompakt boyutu sayesinde seyahatlerde, i\u015fte veya spor salonunda rahatl\u0131kla ta\u015f\u0131nabilir.Estetik tasar\u0131m\u0131 ve pratik kullan\u0131m\u0131 sayesinde kahve severler i\u00e7in m\u00fckemmel bir hediye se\u00e7ene\u011fidir. Modern ya\u015fam\u0131n h\u0131z\u0131na uygun, teknolojik, kullan\u0131\u015fl\u0131 ve \u015f\u0131k bir \u00fcr\u00fcnd\u00fcr.<\/p>\n","protected":false},"excerpt":{"rendered":"<p>Klasik kar\u0131\u015ft\u0131rma y\u00f6ntemlerine elveda deyin! Bu elektrikli manyetik kar\u0131\u015ft\u0131rma kupas\u0131, i\u00e7eceklerinizi tek tu\u015fla kar\u0131\u015ft\u0131r\u0131r ve zamandan tasarruf etmenizi sa\u011flar. USB kabloyla \u015farj edilen bataryas\u0131, 1,5 saat i\u00e7inde tam dolum sa\u011flar ve uzun s\u00fcre kullan\u0131m sunar. Ekstra pil gerektirmez, \u00e7evre dostu tasar\u0131m\u0131yla s\u00fcrd\u00fcr\u00fclebilirdir.\u0130\u00e7 y\u00fczeyi 304 paslanmaz \u00e7elik, d\u0131\u015f k\u0131sm\u0131 ise g\u0131da s\u0131n\u0131f\u0131 ABS plastik malzemeden \u00fcretilmi\u015ftir&#8230;.<\/p>\n","protected":false},"featured_media":119515,"comment_status":"open","ping_status":"closed","template":"","meta":{"_kad_post_transparent":"","_kad_post_title":"","_kad_post_layout":"","_kad_post_sidebar_id":"","_kad_post_content_style":"","_kad_post_vertical_padding":"","_kad_post_feature":"","_kad_post_feature_position":"","_kad_post_header":false,"_kad_post_footer":false,"_kad_post_classname":""},"product_brand":[],"product_cat":[15014],"product_tag":[],"class_list":{"0":"post-119516","1":"product","2":"type-product","3":"status-publish","4":"has-post-thumbnail","6":"product_cat-mug-mug","8":"first","9":"instock","10":"purchasable","11":"product-type-simple","12":"entry","13":"content-bg","14":"loop-entry"},"_links":{"self":[{"href":"https:\/\/www.hediyepazar.com\/index.php?rest_route=\/wp\/v2\/product\/119516","targetHints":{"allow":["GET"]}}],"collection":[{"href":"https:\/\/www.hediyepazar.com\/index.php?rest_route=\/wp\/v2\/product"}],"about":[{"href":"https:\/\/www.hediyepazar.com\/index.php?rest_route=\/wp\/v2\/types\/product"}],"replies":[{"embeddable":true,"href":"https:\/\/www.hediyepazar.com\/index.php?rest_route=%2Fwp%2Fv2%2Fcomments&post=119516"}],"wp:featuredmedia":[{"embeddable":true,"href":"https:\/\/www.hediyepazar.com\/index.php?rest_route=\/wp\/v2\/media\/119515"}],"wp:attachment":[{"href":"https:\/\/www.hediyepazar.com\/index.php?rest_route=%2Fwp%2Fv2%2Fmedia&parent=119516"}],"wp:term":[{"taxonomy":"product_brand","embeddable":true,"href":"https:\/\/www.hediyepazar.com\/index.php?rest_route=%2Fwp%2Fv2%2Fproduct_brand&post=119516"},{"taxonomy":"product_cat","embeddable":true,"href":"https:\/\/www.hediyepazar.com\/index.php?rest_route=%2Fwp%2Fv2%2Fproduct_cat&post=119516"},{"taxonomy":"product_tag","embeddable":true,"href":"https:\/\/www.hediyepazar.com\/index.php?rest_route=%2Fwp%2Fv2%2Fproduct_tag&post=119516"}],"curies":[{"name":"wp","href":"https:\/\/api.w.org\/{rel}","templated":true}]}}