{"id":119577,"date":"2026-05-06T01:32:32","date_gmt":"2026-05-06T04:32:32","guid":{"rendered":"https:\/\/www.hediyepazar.com\/?product=derin-bas-ve-net-ses-ozellikli-kulak-ici-kulaklik"},"modified":"2026-05-06T01:32:32","modified_gmt":"2026-05-06T04:32:32","slug":"derin-bas-ve-net-ses-ozellikli-kulak-ici-kulaklik","status":"publish","type":"product","link":"https:\/\/www.hediyepazar.com\/?product=derin-bas-ve-net-ses-ozellikli-kulak-ici-kulaklik","title":{"rendered":"Derin Bas ve Net Ses \u00d6zellikli Kulak \u0130\u00e7i Kulakl\u0131k"},"content":{"rendered":"<p>Y\u00fcksek \u00e7\u00f6z\u00fcn\u00fcrl\u00fckl\u00fc hoparl\u00f6rler, m\u00fczi\u011fi derin baslar ve canl\u0131 tizlerle sunar. Ses kayb\u0131n\u0131 \u00f6nleyen yap\u0131s\u0131, her \u015fark\u0131y\u0131 st\u00fcdyo kalitesinde duyman\u0131z\u0131 sa\u011flar.Dahili mikrofon ve \u00e7ok fonksiyonlu uzaktan kumanda ile aramalar\u0131 y\u00f6netmek \u00e7ok pratik.Ergonomik tasar\u0131m\u0131, kula\u011fa tam oturur ve uzun s\u00fcreli kullan\u0131mlarda bile rahatl\u0131k sunar.<\/p>\n","protected":false},"excerpt":{"rendered":"<p>Y\u00fcksek \u00e7\u00f6z\u00fcn\u00fcrl\u00fckl\u00fc hoparl\u00f6rler, m\u00fczi\u011fi derin baslar ve canl\u0131 tizlerle sunar. Ses kayb\u0131n\u0131 \u00f6nleyen yap\u0131s\u0131, her \u015fark\u0131y\u0131 st\u00fcdyo kalitesinde duyman\u0131z\u0131 sa\u011flar.Dahili mikrofon ve \u00e7ok fonksiyonlu uzaktan kumanda ile aramalar\u0131 y\u00f6netmek \u00e7ok pratik.Ergonomik tasar\u0131m\u0131, kula\u011fa tam oturur ve uzun s\u00fcreli kullan\u0131mlarda bile rahatl\u0131k sunar.<\/p>\n","protected":false},"featured_media":119576,"comment_status":"open","ping_status":"closed","template":"","meta":{"_kad_post_transparent":"","_kad_post_title":"","_kad_post_layout":"","_kad_post_sidebar_id":"","_kad_post_content_style":"","_kad_post_vertical_padding":"","_kad_post_feature":"","_kad_post_feature_position":"","_kad_post_header":false,"_kad_post_footer":false,"_kad_post_classname":""},"product_brand":[],"product_cat":[14957],"product_tag":[],"class_list":{"0":"post-119577","1":"product","2":"type-product","3":"status-publish","4":"has-post-thumbnail","6":"product_cat-kablosuz-kulaklik-kablosuz-kulaklik","8":"first","9":"instock","10":"purchasable","11":"product-type-simple","12":"entry","13":"content-bg","14":"loop-entry"},"_links":{"self":[{"href":"https:\/\/www.hediyepazar.com\/index.php?rest_route=\/wp\/v2\/product\/119577","targetHints":{"allow":["GET"]}}],"collection":[{"href":"https:\/\/www.hediyepazar.com\/index.php?rest_route=\/wp\/v2\/product"}],"about":[{"href":"https:\/\/www.hediyepazar.com\/index.php?rest_route=\/wp\/v2\/types\/product"}],"replies":[{"embeddable":true,"href":"https:\/\/www.hediyepazar.com\/index.php?rest_route=%2Fwp%2Fv2%2Fcomments&post=119577"}],"wp:featuredmedia":[{"embeddable":true,"href":"https:\/\/www.hediyepazar.com\/index.php?rest_route=\/wp\/v2\/media\/119576"}],"wp:attachment":[{"href":"https:\/\/www.hediyepazar.com\/index.php?rest_route=%2Fwp%2Fv2%2Fmedia&parent=119577"}],"wp:term":[{"taxonomy":"product_brand","embeddable":true,"href":"https:\/\/www.hediyepazar.com\/index.php?rest_route=%2Fwp%2Fv2%2Fproduct_brand&post=119577"},{"taxonomy":"product_cat","embeddable":true,"href":"https:\/\/www.hediyepazar.com\/index.php?rest_route=%2Fwp%2Fv2%2Fproduct_cat&post=119577"},{"taxonomy":"product_tag","embeddable":true,"href":"https:\/\/www.hediyepazar.com\/index.php?rest_route=%2Fwp%2Fv2%2Fproduct_tag&post=119577"}],"curies":[{"name":"wp","href":"https:\/\/api.w.org\/{rel}","templated":true}]}}