{"id":119579,"date":"2026-05-06T01:32:37","date_gmt":"2026-05-06T04:32:37","guid":{"rendered":"https:\/\/www.hediyepazar.com\/?product=uzaktan-kumandali-mikrofonlu-mukemmel-ses-deneyimi-kulaklik"},"modified":"2026-05-06T01:32:37","modified_gmt":"2026-05-06T04:32:37","slug":"uzaktan-kumandali-mikrofonlu-mukemmel-ses-deneyimi-kulaklik","status":"publish","type":"product","link":"https:\/\/www.hediyepazar.com\/?product=uzaktan-kumandali-mikrofonlu-mukemmel-ses-deneyimi-kulaklik","title":{"rendered":"Uzaktan Kumandal\u0131 Mikrofonlu M\u00fckemmel Ses Deneyimi Kulakl\u0131k"},"content":{"rendered":"<p>Kulakl\u0131k, ses kalitesini art\u0131ran g\u00fc\u00e7l\u00fc s\u00fcr\u00fcc\u00fclerle donat\u0131lm\u0131\u015ft\u0131r. Her frekansta temiz ve do\u011fal sesler sunar.Kablolu mikrofonu sayesinde net telefon g\u00f6r\u00fc\u015fmeleri yapabilir, m\u00fczikteki kontrol\u00fc parmak ucunuzla sa\u011flayabilirsiniz.Uzun s\u00fcreli kullan\u0131mlarda rahats\u0131zl\u0131k vermeyen ergonomik kulak i\u00e7i tasar\u0131m\u0131, aktif ya\u015fam tarz\u0131na sahip kullan\u0131c\u0131lar i\u00e7in idealdir. Spor yaparken, seyahatte ya da i\u015fte size e\u015flik eder.<\/p>\n","protected":false},"excerpt":{"rendered":"<p>Kulakl\u0131k, ses kalitesini art\u0131ran g\u00fc\u00e7l\u00fc s\u00fcr\u00fcc\u00fclerle donat\u0131lm\u0131\u015ft\u0131r. Her frekansta temiz ve do\u011fal sesler sunar.Kablolu mikrofonu sayesinde net telefon g\u00f6r\u00fc\u015fmeleri yapabilir, m\u00fczikteki kontrol\u00fc parmak ucunuzla sa\u011flayabilirsiniz.Uzun s\u00fcreli kullan\u0131mlarda rahats\u0131zl\u0131k vermeyen ergonomik kulak i\u00e7i tasar\u0131m\u0131, aktif ya\u015fam tarz\u0131na sahip kullan\u0131c\u0131lar i\u00e7in idealdir. Spor yaparken, seyahatte ya da i\u015fte size e\u015flik eder.<\/p>\n","protected":false},"featured_media":119578,"comment_status":"open","ping_status":"closed","template":"","meta":{"_kad_post_transparent":"","_kad_post_title":"","_kad_post_layout":"","_kad_post_sidebar_id":"","_kad_post_content_style":"","_kad_post_vertical_padding":"","_kad_post_feature":"","_kad_post_feature_position":"","_kad_post_header":false,"_kad_post_footer":false,"_kad_post_classname":""},"product_brand":[],"product_cat":[14957],"product_tag":[],"class_list":{"0":"post-119579","1":"product","2":"type-product","3":"status-publish","4":"has-post-thumbnail","6":"product_cat-kablosuz-kulaklik-kablosuz-kulaklik","8":"first","9":"instock","10":"purchasable","11":"product-type-simple","12":"entry","13":"content-bg","14":"loop-entry"},"_links":{"self":[{"href":"https:\/\/www.hediyepazar.com\/index.php?rest_route=\/wp\/v2\/product\/119579","targetHints":{"allow":["GET"]}}],"collection":[{"href":"https:\/\/www.hediyepazar.com\/index.php?rest_route=\/wp\/v2\/product"}],"about":[{"href":"https:\/\/www.hediyepazar.com\/index.php?rest_route=\/wp\/v2\/types\/product"}],"replies":[{"embeddable":true,"href":"https:\/\/www.hediyepazar.com\/index.php?rest_route=%2Fwp%2Fv2%2Fcomments&post=119579"}],"wp:featuredmedia":[{"embeddable":true,"href":"https:\/\/www.hediyepazar.com\/index.php?rest_route=\/wp\/v2\/media\/119578"}],"wp:attachment":[{"href":"https:\/\/www.hediyepazar.com\/index.php?rest_route=%2Fwp%2Fv2%2Fmedia&parent=119579"}],"wp:term":[{"taxonomy":"product_brand","embeddable":true,"href":"https:\/\/www.hediyepazar.com\/index.php?rest_route=%2Fwp%2Fv2%2Fproduct_brand&post=119579"},{"taxonomy":"product_cat","embeddable":true,"href":"https:\/\/www.hediyepazar.com\/index.php?rest_route=%2Fwp%2Fv2%2Fproduct_cat&post=119579"},{"taxonomy":"product_tag","embeddable":true,"href":"https:\/\/www.hediyepazar.com\/index.php?rest_route=%2Fwp%2Fv2%2Fproduct_tag&post=119579"}],"curies":[{"name":"wp","href":"https:\/\/api.w.org\/{rel}","templated":true}]}}