{"id":119599,"date":"2026-05-06T01:36:18","date_gmt":"2026-05-06T04:36:18","guid":{"rendered":"https:\/\/www.hediyepazar.com\/?product=lcd-ekranli-hassas-dijital-mutfak-terazisi-5kg-kapasite-1g-hassasiyet"},"modified":"2026-05-06T01:36:18","modified_gmt":"2026-05-06T04:36:18","slug":"lcd-ekranli-hassas-dijital-mutfak-terazisi-5kg-kapasite-1g-hassasiyet","status":"publish","type":"product","link":"https:\/\/www.hediyepazar.com\/?product=lcd-ekranli-hassas-dijital-mutfak-terazisi-5kg-kapasite-1g-hassasiyet","title":{"rendered":"LCD Ekranl\u0131 Hassas Dijital Mutfak Terazisi \u2013 5kg Kapasite 1g Hassasiyet"},"content":{"rendered":"<p>Mutfakta profesyonel sonu\u00e7lar elde etmek art\u0131k \u00e7ok kolay! 5 kg kapasiteye ve 1 gram \u00f6l\u00e7\u00fcm hassasiyetine sahip bu dijital mutfak terazisi, yemek tariflerinde tam \u00f6l\u00e7\u00fc elde etmenizi sa\u011flar.Kullan\u0131c\u0131 dostu LCD ekran\u0131, kolay okunabilir de\u011ferler sunar. Gram (g), ons (oz) ve lb birimleri aras\u0131nda h\u0131zl\u0131 ge\u00e7i\u015f yap\u0131labilir. Kompakt ve modern tasar\u0131m\u0131yla mutfa\u011f\u0131n\u0131za \u015f\u0131kl\u0131k katar. Enerji tasarrufu sa\u011flayan otomatik kapanma \u00f6zelli\u011fiyle pratik bir kullan\u0131m deneyimi sunar.<\/p>\n","protected":false},"excerpt":{"rendered":"<p>Mutfakta profesyonel sonu\u00e7lar elde etmek art\u0131k \u00e7ok kolay! 5 kg kapasiteye ve 1 gram \u00f6l\u00e7\u00fcm hassasiyetine sahip bu dijital mutfak terazisi, yemek tariflerinde tam \u00f6l\u00e7\u00fc elde etmenizi sa\u011flar.Kullan\u0131c\u0131 dostu LCD ekran\u0131, kolay okunabilir de\u011ferler sunar. Gram (g), ons (oz) ve lb birimleri aras\u0131nda h\u0131zl\u0131 ge\u00e7i\u015f yap\u0131labilir. Kompakt ve modern tasar\u0131m\u0131yla mutfa\u011f\u0131n\u0131za \u015f\u0131kl\u0131k katar. Enerji tasarrufu&#8230;<\/p>\n","protected":false},"featured_media":119598,"comment_status":"open","ping_status":"closed","template":"","meta":{"_kad_post_transparent":"","_kad_post_title":"","_kad_post_layout":"","_kad_post_sidebar_id":"","_kad_post_content_style":"","_kad_post_vertical_padding":"","_kad_post_feature":"","_kad_post_feature_position":"","_kad_post_header":false,"_kad_post_footer":false,"_kad_post_classname":""},"product_brand":[],"product_cat":[15031],"product_tag":[],"class_list":{"0":"post-119599","1":"product","2":"type-product","3":"status-publish","4":"has-post-thumbnail","6":"product_cat-mutfak-tartisi-mutfak-tartisi","8":"first","9":"instock","10":"purchasable","11":"product-type-simple","12":"entry","13":"content-bg","14":"loop-entry"},"_links":{"self":[{"href":"https:\/\/www.hediyepazar.com\/index.php?rest_route=\/wp\/v2\/product\/119599","targetHints":{"allow":["GET"]}}],"collection":[{"href":"https:\/\/www.hediyepazar.com\/index.php?rest_route=\/wp\/v2\/product"}],"about":[{"href":"https:\/\/www.hediyepazar.com\/index.php?rest_route=\/wp\/v2\/types\/product"}],"replies":[{"embeddable":true,"href":"https:\/\/www.hediyepazar.com\/index.php?rest_route=%2Fwp%2Fv2%2Fcomments&post=119599"}],"wp:featuredmedia":[{"embeddable":true,"href":"https:\/\/www.hediyepazar.com\/index.php?rest_route=\/wp\/v2\/media\/119598"}],"wp:attachment":[{"href":"https:\/\/www.hediyepazar.com\/index.php?rest_route=%2Fwp%2Fv2%2Fmedia&parent=119599"}],"wp:term":[{"taxonomy":"product_brand","embeddable":true,"href":"https:\/\/www.hediyepazar.com\/index.php?rest_route=%2Fwp%2Fv2%2Fproduct_brand&post=119599"},{"taxonomy":"product_cat","embeddable":true,"href":"https:\/\/www.hediyepazar.com\/index.php?rest_route=%2Fwp%2Fv2%2Fproduct_cat&post=119599"},{"taxonomy":"product_tag","embeddable":true,"href":"https:\/\/www.hediyepazar.com\/index.php?rest_route=%2Fwp%2Fv2%2Fproduct_tag&post=119599"}],"curies":[{"name":"wp","href":"https:\/\/api.w.org\/{rel}","templated":true}]}}