{"id":119649,"date":"2026-05-06T01:48:04","date_gmt":"2026-05-06T04:48:04","guid":{"rendered":"https:\/\/www.hediyepazar.com\/?product=akilli-saat-nfc-bluetooth-arama-ve-kablosuz-sarj-ozellikli"},"modified":"2026-05-06T01:48:04","modified_gmt":"2026-05-06T04:48:04","slug":"akilli-saat-nfc-bluetooth-arama-ve-kablosuz-sarj-ozellikli","status":"publish","type":"product","link":"https:\/\/www.hediyepazar.com\/?product=akilli-saat-nfc-bluetooth-arama-ve-kablosuz-sarj-ozellikli","title":{"rendered":"Ak\u0131ll\u0131 Saat NFC \u2013 Bluetooth Arama ve Kablosuz \u015earj \u00d6zellikli"},"content":{"rendered":"<p>Zarif tasar\u0131m\u0131yla dikkat \u00e7eken bu ak\u0131ll\u0131 saat, i\u015flevselli\u011fiyle fark yarat\u0131r. Bluetooth g\u00f6r\u00fc\u015fme \u00f6zelli\u011fi sayesinde telefonunuza dokunmadan konu\u015fabilir, kablosuz \u015farj sistemiyle enerjinizi daima y\u00fcksek tutabilirsiniz. Android ve iOS uyumlulu\u011fu ile her kullan\u0131c\u0131ya hitap ederken, NFC deste\u011fi sayesinde temass\u0131z \u00f6deme yaparak hayat\u0131n\u0131z\u0131 kolayla\u015ft\u0131r\u0131r.<\/p>\n","protected":false},"excerpt":{"rendered":"<p>Zarif tasar\u0131m\u0131yla dikkat \u00e7eken bu ak\u0131ll\u0131 saat, i\u015flevselli\u011fiyle fark yarat\u0131r. Bluetooth g\u00f6r\u00fc\u015fme \u00f6zelli\u011fi sayesinde telefonunuza dokunmadan konu\u015fabilir, kablosuz \u015farj sistemiyle enerjinizi daima y\u00fcksek tutabilirsiniz. Android ve iOS uyumlulu\u011fu ile her kullan\u0131c\u0131ya hitap ederken, NFC deste\u011fi sayesinde temass\u0131z \u00f6deme yaparak hayat\u0131n\u0131z\u0131 kolayla\u015ft\u0131r\u0131r.<\/p>\n","protected":false},"featured_media":119648,"comment_status":"open","ping_status":"closed","template":"","meta":{"_kad_post_transparent":"","_kad_post_title":"","_kad_post_layout":"","_kad_post_sidebar_id":"","_kad_post_content_style":"","_kad_post_vertical_padding":"","_kad_post_feature":"","_kad_post_feature_position":"","_kad_post_header":false,"_kad_post_footer":false,"_kad_post_classname":""},"product_brand":[],"product_cat":[14935],"product_tag":[],"class_list":{"0":"post-119649","1":"product","2":"type-product","3":"status-publish","4":"has-post-thumbnail","6":"product_cat-akilli-saatler-akilli-saatler","8":"first","9":"instock","10":"purchasable","11":"product-type-simple","12":"entry","13":"content-bg","14":"loop-entry"},"_links":{"self":[{"href":"https:\/\/www.hediyepazar.com\/index.php?rest_route=\/wp\/v2\/product\/119649","targetHints":{"allow":["GET"]}}],"collection":[{"href":"https:\/\/www.hediyepazar.com\/index.php?rest_route=\/wp\/v2\/product"}],"about":[{"href":"https:\/\/www.hediyepazar.com\/index.php?rest_route=\/wp\/v2\/types\/product"}],"replies":[{"embeddable":true,"href":"https:\/\/www.hediyepazar.com\/index.php?rest_route=%2Fwp%2Fv2%2Fcomments&post=119649"}],"wp:featuredmedia":[{"embeddable":true,"href":"https:\/\/www.hediyepazar.com\/index.php?rest_route=\/wp\/v2\/media\/119648"}],"wp:attachment":[{"href":"https:\/\/www.hediyepazar.com\/index.php?rest_route=%2Fwp%2Fv2%2Fmedia&parent=119649"}],"wp:term":[{"taxonomy":"product_brand","embeddable":true,"href":"https:\/\/www.hediyepazar.com\/index.php?rest_route=%2Fwp%2Fv2%2Fproduct_brand&post=119649"},{"taxonomy":"product_cat","embeddable":true,"href":"https:\/\/www.hediyepazar.com\/index.php?rest_route=%2Fwp%2Fv2%2Fproduct_cat&post=119649"},{"taxonomy":"product_tag","embeddable":true,"href":"https:\/\/www.hediyepazar.com\/index.php?rest_route=%2Fwp%2Fv2%2Fproduct_tag&post=119649"}],"curies":[{"name":"wp","href":"https:\/\/api.w.org\/{rel}","templated":true}]}}