{"id":119653,"date":"2026-05-06T01:48:14","date_gmt":"2026-05-06T04:48:14","guid":{"rendered":"https:\/\/www.hediyepazar.com\/?product=kablosuz-sarjli-bluetooth-gorusmeli-akilli-saat-android-ios-uyumlu"},"modified":"2026-05-06T01:48:14","modified_gmt":"2026-05-06T04:48:14","slug":"kablosuz-sarjli-bluetooth-gorusmeli-akilli-saat-android-ios-uyumlu","status":"publish","type":"product","link":"https:\/\/www.hediyepazar.com\/?product=kablosuz-sarjli-bluetooth-gorusmeli-akilli-saat-android-ios-uyumlu","title":{"rendered":"Kablosuz \u015earjl\u0131 Bluetooth G\u00f6r\u00fc\u015fmeli Ak\u0131ll\u0131 Saat \u2013 Android &#038; iOS Uyumlu"},"content":{"rendered":"<p>G\u00fcnl\u00fck ya\u015fam\u0131n\u0131z\u0131 kolayla\u015ft\u0131ran bu ak\u0131ll\u0131 saat, kablosuz \u015farj \u00f6zelli\u011fiyle pratik kullan\u0131m sunar. Bluetooth ba\u011flant\u0131s\u0131 sayesinde telefonunuzu \u00e7\u0131karmadan do\u011frudan saat \u00fczerinden sesli aramalar yapabilir ve gelen \u00e7a\u011fr\u0131lara yan\u0131t verebilirsiniz. Android ve iOS cihazlarla tam uyumlu yap\u0131s\u0131, herkes i\u00e7in ideal bir kullan\u0131m sa\u011flar. NFC deste\u011fiyle temass\u0131z \u00f6deme kolayl\u0131\u011f\u0131 sunarak modern ya\u015fam\u0131n h\u0131z\u0131na ayak uydurur.<\/p>\n","protected":false},"excerpt":{"rendered":"<p>G\u00fcnl\u00fck ya\u015fam\u0131n\u0131z\u0131 kolayla\u015ft\u0131ran bu ak\u0131ll\u0131 saat, kablosuz \u015farj \u00f6zelli\u011fiyle pratik kullan\u0131m sunar. Bluetooth ba\u011flant\u0131s\u0131 sayesinde telefonunuzu \u00e7\u0131karmadan do\u011frudan saat \u00fczerinden sesli aramalar yapabilir ve gelen \u00e7a\u011fr\u0131lara yan\u0131t verebilirsiniz. Android ve iOS cihazlarla tam uyumlu yap\u0131s\u0131, herkes i\u00e7in ideal bir kullan\u0131m sa\u011flar. NFC deste\u011fiyle temass\u0131z \u00f6deme kolayl\u0131\u011f\u0131 sunarak modern ya\u015fam\u0131n h\u0131z\u0131na ayak uydurur.<\/p>\n","protected":false},"featured_media":119652,"comment_status":"open","ping_status":"closed","template":"","meta":{"_kad_post_transparent":"","_kad_post_title":"","_kad_post_layout":"","_kad_post_sidebar_id":"","_kad_post_content_style":"","_kad_post_vertical_padding":"","_kad_post_feature":"","_kad_post_feature_position":"","_kad_post_header":false,"_kad_post_footer":false,"_kad_post_classname":""},"product_brand":[],"product_cat":[14935],"product_tag":[],"class_list":{"0":"post-119653","1":"product","2":"type-product","3":"status-publish","4":"has-post-thumbnail","6":"product_cat-akilli-saatler-akilli-saatler","8":"first","9":"instock","10":"purchasable","11":"product-type-simple","12":"entry","13":"content-bg","14":"loop-entry"},"_links":{"self":[{"href":"https:\/\/www.hediyepazar.com\/index.php?rest_route=\/wp\/v2\/product\/119653","targetHints":{"allow":["GET"]}}],"collection":[{"href":"https:\/\/www.hediyepazar.com\/index.php?rest_route=\/wp\/v2\/product"}],"about":[{"href":"https:\/\/www.hediyepazar.com\/index.php?rest_route=\/wp\/v2\/types\/product"}],"replies":[{"embeddable":true,"href":"https:\/\/www.hediyepazar.com\/index.php?rest_route=%2Fwp%2Fv2%2Fcomments&post=119653"}],"wp:featuredmedia":[{"embeddable":true,"href":"https:\/\/www.hediyepazar.com\/index.php?rest_route=\/wp\/v2\/media\/119652"}],"wp:attachment":[{"href":"https:\/\/www.hediyepazar.com\/index.php?rest_route=%2Fwp%2Fv2%2Fmedia&parent=119653"}],"wp:term":[{"taxonomy":"product_brand","embeddable":true,"href":"https:\/\/www.hediyepazar.com\/index.php?rest_route=%2Fwp%2Fv2%2Fproduct_brand&post=119653"},{"taxonomy":"product_cat","embeddable":true,"href":"https:\/\/www.hediyepazar.com\/index.php?rest_route=%2Fwp%2Fv2%2Fproduct_cat&post=119653"},{"taxonomy":"product_tag","embeddable":true,"href":"https:\/\/www.hediyepazar.com\/index.php?rest_route=%2Fwp%2Fv2%2Fproduct_tag&post=119653"}],"curies":[{"name":"wp","href":"https:\/\/api.w.org\/{rel}","templated":true}]}}