{"id":119937,"date":"2026-05-06T02:32:03","date_gmt":"2026-05-06T05:32:03","guid":{"rendered":"https:\/\/www.hediyepazar.com\/?product=tasinabilir-karaoke-mikrofon-bluetooth-usb-ve-aux-girisli"},"modified":"2026-05-06T02:32:03","modified_gmt":"2026-05-06T05:32:03","slug":"tasinabilir-karaoke-mikrofon-bluetooth-usb-ve-aux-girisli","status":"publish","type":"product","link":"https:\/\/www.hediyepazar.com\/?product=tasinabilir-karaoke-mikrofon-bluetooth-usb-ve-aux-girisli","title":{"rendered":"Ta\u015f\u0131nabilir Karaoke Mikrofon \u2013 Bluetooth USB ve AUX Giri\u015fli"},"content":{"rendered":"<p>Ger\u00e7ek sahne performans\u0131n\u0131 evinize ta\u015f\u0131yan bu ta\u015f\u0131nabilir karaoke mikrofon, e\u011flencenin en pratik halini sunar.Bluetooth ba\u011flant\u0131s\u0131 ile telefonunuzdan veya tabletinizden m\u00fczik a\u00e7arak kablosuz performans\u0131n tad\u0131n\u0131 \u00e7\u0131karabilirsiniz.Ayr\u0131ca USB ve AUX giri\u015fleri sayesinde kablolu kullan\u0131m se\u00e7ene\u011fi de sunar.Y\u00fcksek kaliteli hoparl\u00f6rleri, g\u00fc\u00e7l\u00fc ses \u00e7\u0131k\u0131\u015f\u0131 ve profesyonel yank\u0131 efekti ile \u015fark\u0131 s\u00f6ylemeyi keyifli hale getirir.Hem solo performanslar hem de arkada\u015flarla karaoke partileri i\u00e7in idealdir.Dahili 1800 mAh \u015farjl\u0131 pil, tek \u015farjla saatler s\u00fcren kullan\u0131m sa\u011flar. Uzun pil \u00f6mr\u00fc, partilerde kesintisiz e\u011flence anlam\u0131na gelir.Kompakt boyutlar\u0131 (25 x 9,5 x 8,5 cm) sayesinde \u00e7antan\u0131za s\u0131\u011far; her yere kolayca ta\u015f\u0131yabilirsiniz.Dayan\u0131kl\u0131 malzemesi, estetik tasar\u0131m\u0131 ve ergonomik yap\u0131s\u0131 sayesinde kullan\u0131m konforu \u00fcst seviyededir.Do\u011fum g\u00fcnleri, partiler, kamp gezileri veya \u00f6zel etkinliklerde vazge\u00e7ilmez bir e\u011flence arac\u0131 olacak.Kendinize ya da sevdiklerinize m\u00fczik dolu anlar ya\u015fatmak i\u00e7in m\u00fckemmel bir hediye alternatifi!<\/p>\n","protected":false},"excerpt":{"rendered":"<p>Ger\u00e7ek sahne performans\u0131n\u0131 evinize ta\u015f\u0131yan bu ta\u015f\u0131nabilir karaoke mikrofon, e\u011flencenin en pratik halini sunar.Bluetooth ba\u011flant\u0131s\u0131 ile telefonunuzdan veya tabletinizden m\u00fczik a\u00e7arak kablosuz performans\u0131n tad\u0131n\u0131 \u00e7\u0131karabilirsiniz.Ayr\u0131ca USB ve AUX giri\u015fleri sayesinde kablolu kullan\u0131m se\u00e7ene\u011fi de sunar.Y\u00fcksek kaliteli hoparl\u00f6rleri, g\u00fc\u00e7l\u00fc ses \u00e7\u0131k\u0131\u015f\u0131 ve profesyonel yank\u0131 efekti ile \u015fark\u0131 s\u00f6ylemeyi keyifli hale getirir.Hem solo performanslar hem de arkada\u015flarla&#8230;<\/p>\n","protected":false},"featured_media":119936,"comment_status":"open","ping_status":"closed","template":"","meta":{"_kad_post_transparent":"","_kad_post_title":"","_kad_post_layout":"","_kad_post_sidebar_id":"","_kad_post_content_style":"","_kad_post_vertical_padding":"","_kad_post_feature":"","_kad_post_feature_position":"","_kad_post_header":false,"_kad_post_footer":false,"_kad_post_classname":""},"product_brand":[],"product_cat":[14929],"product_tag":[],"class_list":{"0":"post-119937","1":"product","2":"type-product","3":"status-publish","4":"has-post-thumbnail","6":"product_cat-muzik-sistemi-muzik-sistemi","8":"first","9":"instock","10":"purchasable","11":"product-type-simple","12":"entry","13":"content-bg","14":"loop-entry"},"_links":{"self":[{"href":"https:\/\/www.hediyepazar.com\/index.php?rest_route=\/wp\/v2\/product\/119937","targetHints":{"allow":["GET"]}}],"collection":[{"href":"https:\/\/www.hediyepazar.com\/index.php?rest_route=\/wp\/v2\/product"}],"about":[{"href":"https:\/\/www.hediyepazar.com\/index.php?rest_route=\/wp\/v2\/types\/product"}],"replies":[{"embeddable":true,"href":"https:\/\/www.hediyepazar.com\/index.php?rest_route=%2Fwp%2Fv2%2Fcomments&post=119937"}],"wp:featuredmedia":[{"embeddable":true,"href":"https:\/\/www.hediyepazar.com\/index.php?rest_route=\/wp\/v2\/media\/119936"}],"wp:attachment":[{"href":"https:\/\/www.hediyepazar.com\/index.php?rest_route=%2Fwp%2Fv2%2Fmedia&parent=119937"}],"wp:term":[{"taxonomy":"product_brand","embeddable":true,"href":"https:\/\/www.hediyepazar.com\/index.php?rest_route=%2Fwp%2Fv2%2Fproduct_brand&post=119937"},{"taxonomy":"product_cat","embeddable":true,"href":"https:\/\/www.hediyepazar.com\/index.php?rest_route=%2Fwp%2Fv2%2Fproduct_cat&post=119937"},{"taxonomy":"product_tag","embeddable":true,"href":"https:\/\/www.hediyepazar.com\/index.php?rest_route=%2Fwp%2Fv2%2Fproduct_tag&post=119937"}],"curies":[{"name":"wp","href":"https:\/\/api.w.org\/{rel}","templated":true}]}}