{"id":120025,"date":"2026-05-06T02:42:10","date_gmt":"2026-05-06T05:42:10","guid":{"rendered":"https:\/\/www.hediyepazar.com\/?product=titanyum-kaplamali-sac-duzlestirici-nem-koruma-sensoru"},"modified":"2026-05-06T02:42:10","modified_gmt":"2026-05-06T05:42:10","slug":"titanyum-kaplamali-sac-duzlestirici-nem-koruma-sensoru","status":"publish","type":"product","link":"https:\/\/www.hediyepazar.com\/?product=titanyum-kaplamali-sac-duzlestirici-nem-koruma-sensoru","title":{"rendered":"Titanyum Kaplamal\u0131 Sa\u00e7 D\u00fczle\u015ftirici \u2013 Nem Koruma Sens\u00f6r\u00fc"},"content":{"rendered":"<p>Sa\u00e7 sa\u011fl\u0131\u011f\u0131n\u0131z\u0131 korurken p\u00fcr\u00fczs\u00fcz bir g\u00f6r\u00fcn\u00fcm elde edin!Titanyum kaplamal\u0131 seramik plakalar, \u0131s\u0131y\u0131 e\u015fit da\u011f\u0131tarak sa\u00e7 tellerinin zarar g\u00f6rmeden d\u00fczle\u015fmesini sa\u011flar.Bu teknoloji, elektriklenmeyi \u00f6nler ve sa\u00e7lara do\u011fal parlakl\u0131k kazand\u0131r\u0131r.Nem koruma sens\u00f6r\u00fc, sa\u00e7\u0131n nem seviyesini alg\u0131layarak s\u0131cakl\u0131\u011f\u0131 otomatik olarak dengeler.Sa\u00e7lar\u0131n\u0131z ne \u00e7ok kuru ne de fazla s\u0131cakl\u0131\u011fa maruz kal\u0131r \u2014 ideal \u0131s\u0131da \u015fekillenir.176\u00b0C \u2013 532\u00b0C s\u0131cakl\u0131k aral\u0131\u011f\u0131, farkl\u0131 sa\u00e7 tiplerine g\u00f6re optimum d\u00fczle\u015ftirme imk\u00e2n\u0131 sunar.\u0130nce telli, kal\u0131n ya da dalgal\u0131 fark etmez; her sa\u00e7 tipi i\u00e7in \u00f6zel \u0131s\u0131 ayar\u0131yla m\u00fckemmel sonu\u00e7lar alabilirsiniz.Ergonomik tasar\u0131m\u0131, uzun kullan\u0131mda bile elinizi yormaz.Dijital ekran, s\u0131cakl\u0131k seviyesini kolayca kontrol etmenizi sa\u011flar.360\u00b0 d\u00f6nebilen kablo ve 2.5 metrelik uzunluk, hareket \u00f6zg\u00fcrl\u00fc\u011f\u00fc kazand\u0131r\u0131r.Kablo kar\u0131\u015fmadan profesyonel sa\u00e7 \u015fekillendirme deneyimi ya\u015fay\u0131n.\u015e\u0131k tasar\u0131m\u0131, ta\u015f\u0131nabilir yap\u0131s\u0131 ve g\u00fcvenlik kilidiyle seyahatlerde bile yan\u0131n\u0131zdan ay\u0131rmak istemeyece\u011finiz bir \u00fcr\u00fcnd\u00fcr.Sa\u00e7lar\u0131n\u0131za salon kalitesinde parlakl\u0131k ve yumu\u015fakl\u0131k kazand\u0131rmak art\u0131k \u00e7ok kolay!<\/p>\n","protected":false},"excerpt":{"rendered":"<p>Sa\u00e7 sa\u011fl\u0131\u011f\u0131n\u0131z\u0131 korurken p\u00fcr\u00fczs\u00fcz bir g\u00f6r\u00fcn\u00fcm elde edin!Titanyum kaplamal\u0131 seramik plakalar, \u0131s\u0131y\u0131 e\u015fit da\u011f\u0131tarak sa\u00e7 tellerinin zarar g\u00f6rmeden d\u00fczle\u015fmesini sa\u011flar.Bu teknoloji, elektriklenmeyi \u00f6nler ve sa\u00e7lara do\u011fal parlakl\u0131k kazand\u0131r\u0131r.Nem koruma sens\u00f6r\u00fc, sa\u00e7\u0131n nem seviyesini alg\u0131layarak s\u0131cakl\u0131\u011f\u0131 otomatik olarak dengeler.Sa\u00e7lar\u0131n\u0131z ne \u00e7ok kuru ne de fazla s\u0131cakl\u0131\u011fa maruz kal\u0131r \u2014 ideal \u0131s\u0131da \u015fekillenir.176\u00b0C \u2013 532\u00b0C s\u0131cakl\u0131k aral\u0131\u011f\u0131,&#8230;<\/p>\n","protected":false},"featured_media":120024,"comment_status":"open","ping_status":"closed","template":"","meta":{"_kad_post_transparent":"","_kad_post_title":"","_kad_post_layout":"","_kad_post_sidebar_id":"","_kad_post_content_style":"","_kad_post_vertical_padding":"","_kad_post_feature":"","_kad_post_feature_position":"","_kad_post_header":false,"_kad_post_footer":false,"_kad_post_classname":""},"product_brand":[],"product_cat":[14907],"product_tag":[],"class_list":{"0":"post-120025","1":"product","2":"type-product","3":"status-publish","4":"has-post-thumbnail","6":"product_cat-sac-masasi-sac-masasi","8":"first","9":"instock","10":"purchasable","11":"product-type-simple","12":"entry","13":"content-bg","14":"loop-entry"},"_links":{"self":[{"href":"https:\/\/www.hediyepazar.com\/index.php?rest_route=\/wp\/v2\/product\/120025","targetHints":{"allow":["GET"]}}],"collection":[{"href":"https:\/\/www.hediyepazar.com\/index.php?rest_route=\/wp\/v2\/product"}],"about":[{"href":"https:\/\/www.hediyepazar.com\/index.php?rest_route=\/wp\/v2\/types\/product"}],"replies":[{"embeddable":true,"href":"https:\/\/www.hediyepazar.com\/index.php?rest_route=%2Fwp%2Fv2%2Fcomments&post=120025"}],"wp:featuredmedia":[{"embeddable":true,"href":"https:\/\/www.hediyepazar.com\/index.php?rest_route=\/wp\/v2\/media\/120024"}],"wp:attachment":[{"href":"https:\/\/www.hediyepazar.com\/index.php?rest_route=%2Fwp%2Fv2%2Fmedia&parent=120025"}],"wp:term":[{"taxonomy":"product_brand","embeddable":true,"href":"https:\/\/www.hediyepazar.com\/index.php?rest_route=%2Fwp%2Fv2%2Fproduct_brand&post=120025"},{"taxonomy":"product_cat","embeddable":true,"href":"https:\/\/www.hediyepazar.com\/index.php?rest_route=%2Fwp%2Fv2%2Fproduct_cat&post=120025"},{"taxonomy":"product_tag","embeddable":true,"href":"https:\/\/www.hediyepazar.com\/index.php?rest_route=%2Fwp%2Fv2%2Fproduct_tag&post=120025"}],"curies":[{"name":"wp","href":"https:\/\/api.w.org\/{rel}","templated":true}]}}