{"id":120075,"date":"2026-05-06T02:53:21","date_gmt":"2026-05-06T05:53:21","guid":{"rendered":"https:\/\/www.hediyepazar.com\/?product=sessiz-ultrasonik-hava-nemlendirici-su-bazli-buhar-difuzor"},"modified":"2026-05-06T02:53:21","modified_gmt":"2026-05-06T05:53:21","slug":"sessiz-ultrasonik-hava-nemlendirici-su-bazli-buhar-difuzor","status":"publish","type":"product","link":"https:\/\/www.hediyepazar.com\/?product=sessiz-ultrasonik-hava-nemlendirici-su-bazli-buhar-difuzor","title":{"rendered":"Sessiz Ultrasonik Hava Nemlendirici \u2013 Su Bazl\u0131 Buhar Dif\u00fcz\u00f6r"},"content":{"rendered":"<p>Kuru havaya, rahats\u0131z edici kokuya ve nefes alma zorlu\u011funa son! Sessiz Ultrasonik Hava Nemlendirici, bulundu\u011funuz ortam\u0131n havas\u0131n\u0131 do\u011fal yollarla nemlendirerek daha ferah, sa\u011fl\u0131kl\u0131 ve dengeli bir atmosfer olu\u015fturur.Kimyasal madde i\u00e7ermeyen saf su buhar\u0131 sayesinde soludu\u011funuz hava tamamen do\u011fal kal\u0131r. Geli\u015fmi\u015f ultrasonik dif\u00fczyon sistemi, havay\u0131 ince buhar partik\u00fclleriyle doyurarak odan\u0131n nem oran\u0131n\u0131 ideal seviyede tutar. \u00d6zellikle so\u011fuk k\u0131\u015f aylar\u0131nda \u0131s\u0131t\u0131c\u0131 kaynakl\u0131 kuru havay\u0131 dengeleyerek cilt, burun ve bo\u011faz kurulu\u011funu \u00f6nlemeye yard\u0131mc\u0131 olur.Sessiz \u00e7al\u0131\u015fma teknolojisi, uyku s\u0131ras\u0131nda veya bebek odalar\u0131nda maksimum konfor sa\u011flar. Huzurlu bir uyku ortam\u0131 yaratmak, yoga yaparken rahatlamak ya da ofiste konsantrasyonu art\u0131rmak i\u00e7in m\u00fckemmeldir.Kompakt ve zarif tasar\u0131m\u0131 sayesinde hem ev hem ofis ortamlar\u0131nda dekoratif bir obje gibi durur. Su haznesini doldurmak son derece kolayd\u0131r, ayr\u0131ca d\u00fc\u015f\u00fck enerji t\u00fcketimiyle \u00e7evre dostu bir kullan\u0131m sunar.\u0130sterseniz birka\u00e7 damla aromaterapi ya\u011f\u0131 ekleyerek bulundu\u011funuz ortamda ho\u015f bir koku ve rahatlat\u0131c\u0131 bir atmosfer yaratabilirsiniz.Sessiz Ultrasonik Hava Nemlendirici, temiz hava, sa\u011fl\u0131kl\u0131 ya\u015fam ve estetik tasar\u0131m\u0131 bir araya getirir. Her nefesiniz tazelik dolu olacak!<\/p>\n","protected":false},"excerpt":{"rendered":"<p>Kuru havaya, rahats\u0131z edici kokuya ve nefes alma zorlu\u011funa son! Sessiz Ultrasonik Hava Nemlendirici, bulundu\u011funuz ortam\u0131n havas\u0131n\u0131 do\u011fal yollarla nemlendirerek daha ferah, sa\u011fl\u0131kl\u0131 ve dengeli bir atmosfer olu\u015fturur.Kimyasal madde i\u00e7ermeyen saf su buhar\u0131 sayesinde soludu\u011funuz hava tamamen do\u011fal kal\u0131r. Geli\u015fmi\u015f ultrasonik dif\u00fczyon sistemi, havay\u0131 ince buhar partik\u00fclleriyle doyurarak odan\u0131n nem oran\u0131n\u0131 ideal seviyede tutar. \u00d6zellikle&#8230;<\/p>\n","protected":false},"featured_media":120074,"comment_status":"open","ping_status":"closed","template":"","meta":{"_kad_post_transparent":"","_kad_post_title":"","_kad_post_layout":"","_kad_post_sidebar_id":"","_kad_post_content_style":"","_kad_post_vertical_padding":"","_kad_post_feature":"","_kad_post_feature_position":"","_kad_post_header":false,"_kad_post_footer":false,"_kad_post_classname":""},"product_brand":[],"product_cat":[14965],"product_tag":[],"class_list":{"0":"post-120075","1":"product","2":"type-product","3":"status-publish","4":"has-post-thumbnail","6":"product_cat-hava-nemlendirici-hava-nemlendirici","8":"first","9":"instock","10":"purchasable","11":"product-type-simple","12":"entry","13":"content-bg","14":"loop-entry"},"_links":{"self":[{"href":"https:\/\/www.hediyepazar.com\/index.php?rest_route=\/wp\/v2\/product\/120075","targetHints":{"allow":["GET"]}}],"collection":[{"href":"https:\/\/www.hediyepazar.com\/index.php?rest_route=\/wp\/v2\/product"}],"about":[{"href":"https:\/\/www.hediyepazar.com\/index.php?rest_route=\/wp\/v2\/types\/product"}],"replies":[{"embeddable":true,"href":"https:\/\/www.hediyepazar.com\/index.php?rest_route=%2Fwp%2Fv2%2Fcomments&post=120075"}],"wp:featuredmedia":[{"embeddable":true,"href":"https:\/\/www.hediyepazar.com\/index.php?rest_route=\/wp\/v2\/media\/120074"}],"wp:attachment":[{"href":"https:\/\/www.hediyepazar.com\/index.php?rest_route=%2Fwp%2Fv2%2Fmedia&parent=120075"}],"wp:term":[{"taxonomy":"product_brand","embeddable":true,"href":"https:\/\/www.hediyepazar.com\/index.php?rest_route=%2Fwp%2Fv2%2Fproduct_brand&post=120075"},{"taxonomy":"product_cat","embeddable":true,"href":"https:\/\/www.hediyepazar.com\/index.php?rest_route=%2Fwp%2Fv2%2Fproduct_cat&post=120075"},{"taxonomy":"product_tag","embeddable":true,"href":"https:\/\/www.hediyepazar.com\/index.php?rest_route=%2Fwp%2Fv2%2Fproduct_tag&post=120075"}],"curies":[{"name":"wp","href":"https:\/\/api.w.org\/{rel}","templated":true}]}}