{"id":120171,"date":"2026-05-06T03:10:09","date_gmt":"2026-05-06T06:10:09","guid":{"rendered":"https:\/\/www.hediyepazar.com\/?product=akilli-duy-kamera-360-derece-donebilir-ve-ptz-teknolojili"},"modified":"2026-05-06T03:10:09","modified_gmt":"2026-05-06T06:10:09","slug":"akilli-duy-kamera-360-derece-donebilir-ve-ptz-teknolojili","status":"publish","type":"product","link":"https:\/\/www.hediyepazar.com\/?product=akilli-duy-kamera-360-derece-donebilir-ve-ptz-teknolojili","title":{"rendered":"Ak\u0131ll\u0131 Duy Kamera 360 Derece D\u00f6nebilir ve PTZ Teknolojili"},"content":{"rendered":"<p>G\u00fcvenlikte tam kontrol art\u0131k \u00e7ok daha kolay! Ak\u0131ll\u0131 Duy Kamera 360 Derece D\u00f6nebilir ve PTZ Teknolojili, geli\u015fmi\u015f izleme \u00f6zellikleriyle ev veya i\u015f yerinizin her k\u00f6\u015fesini g\u00f6r\u00fcnt\u00fclemenizi sa\u011flar.Kameran\u0131n PTZ (Pan-Tilt-Zoom) sistemi, hem yatay hem dikey hem de \u00e7apraz hareket edebilme \u00f6zelli\u011fi sayesinde t\u00fcm a\u00e7\u0131lar\u0131 kapsar.360 derece d\u00f6nebilme yetene\u011fi, k\u00f6r nokta b\u0131rakmadan tam kapsaml\u0131 g\u00fcvenlik sunar. Uzaktan kontrol edilebilir yap\u0131s\u0131, cep telefonunuz veya tabletiniz \u00fczerinden an\u0131nda y\u00f6n de\u011fi\u015ftirmenize olanak tan\u0131r.Kolay kurulum sa\u011flayan duy tipi tasar\u0131m\u0131 sayesinde ekstra kablo veya adapt\u00f6r kullanmadan, kameray\u0131 birka\u00e7 saniyede aktif hale getirebilirsiniz.Y\u00fcksek \u00e7\u00f6z\u00fcn\u00fcrl\u00fckl\u00fc sens\u00f6r\u00fc, net ve canl\u0131 g\u00f6r\u00fcnt\u00fcler sunar. Gece g\u00f6r\u00fc\u015f modu, d\u00fc\u015f\u00fck \u0131\u015f\u0131kta bile g\u00fcvenli\u011fi kesintisiz hale getirir. Ayr\u0131ca hareket alg\u0131lama sistemi, ola\u011fand\u0131\u015f\u0131 durumlarda size an\u0131nda uyar\u0131 g\u00f6nderir.Dahili mikrofon ve hoparl\u00f6r sayesinde \u00e7ift y\u00f6nl\u00fc ses ileti\u015fimi m\u00fcmk\u00fcnd\u00fcr. Hem ortam\u0131 dinleyebilir hem de uzaktan konu\u015fabilirsiniz.Enerji tasarruflu \u00e7al\u0131\u015fma prensibiyle, uzun \u00f6m\u00fcrl\u00fc kullan\u0131m sa\u011flar.Modern g\u00fcvenlik \u00e7\u00f6z\u00fcmleri aras\u0131nda fark yaratan Ak\u0131ll\u0131 Duy Kamera 360 Derece D\u00f6nebilir ve PTZ Teknolojili, evinizdeki huzurun anahtar\u0131 olacak.<\/p>\n","protected":false},"excerpt":{"rendered":"<p>G\u00fcvenlikte tam kontrol art\u0131k \u00e7ok daha kolay! Ak\u0131ll\u0131 Duy Kamera 360 Derece D\u00f6nebilir ve PTZ Teknolojili, geli\u015fmi\u015f izleme \u00f6zellikleriyle ev veya i\u015f yerinizin her k\u00f6\u015fesini g\u00f6r\u00fcnt\u00fclemenizi sa\u011flar.Kameran\u0131n PTZ (Pan-Tilt-Zoom) sistemi, hem yatay hem dikey hem de \u00e7apraz hareket edebilme \u00f6zelli\u011fi sayesinde t\u00fcm a\u00e7\u0131lar\u0131 kapsar.360 derece d\u00f6nebilme yetene\u011fi, k\u00f6r nokta b\u0131rakmadan tam kapsaml\u0131 g\u00fcvenlik sunar. Uzaktan&#8230;<\/p>\n","protected":false},"featured_media":120170,"comment_status":"open","ping_status":"closed","template":"","meta":{"_kad_post_transparent":"","_kad_post_title":"","_kad_post_layout":"","_kad_post_sidebar_id":"","_kad_post_content_style":"","_kad_post_vertical_padding":"","_kad_post_feature":"","_kad_post_feature_position":"","_kad_post_header":false,"_kad_post_footer":false,"_kad_post_classname":""},"product_brand":[],"product_cat":[14927],"product_tag":[],"class_list":{"0":"post-120171","1":"product","2":"type-product","3":"status-publish","4":"has-post-thumbnail","6":"product_cat-akilli-kamera-akilli-kamera","8":"first","9":"instock","10":"purchasable","11":"product-type-simple","12":"entry","13":"content-bg","14":"loop-entry"},"_links":{"self":[{"href":"https:\/\/www.hediyepazar.com\/index.php?rest_route=\/wp\/v2\/product\/120171","targetHints":{"allow":["GET"]}}],"collection":[{"href":"https:\/\/www.hediyepazar.com\/index.php?rest_route=\/wp\/v2\/product"}],"about":[{"href":"https:\/\/www.hediyepazar.com\/index.php?rest_route=\/wp\/v2\/types\/product"}],"replies":[{"embeddable":true,"href":"https:\/\/www.hediyepazar.com\/index.php?rest_route=%2Fwp%2Fv2%2Fcomments&post=120171"}],"wp:featuredmedia":[{"embeddable":true,"href":"https:\/\/www.hediyepazar.com\/index.php?rest_route=\/wp\/v2\/media\/120170"}],"wp:attachment":[{"href":"https:\/\/www.hediyepazar.com\/index.php?rest_route=%2Fwp%2Fv2%2Fmedia&parent=120171"}],"wp:term":[{"taxonomy":"product_brand","embeddable":true,"href":"https:\/\/www.hediyepazar.com\/index.php?rest_route=%2Fwp%2Fv2%2Fproduct_brand&post=120171"},{"taxonomy":"product_cat","embeddable":true,"href":"https:\/\/www.hediyepazar.com\/index.php?rest_route=%2Fwp%2Fv2%2Fproduct_cat&post=120171"},{"taxonomy":"product_tag","embeddable":true,"href":"https:\/\/www.hediyepazar.com\/index.php?rest_route=%2Fwp%2Fv2%2Fproduct_tag&post=120171"}],"curies":[{"name":"wp","href":"https:\/\/api.w.org\/{rel}","templated":true}]}}