{"id":120185,"date":"2026-05-06T03:12:35","date_gmt":"2026-05-06T06:12:35","guid":{"rendered":"https:\/\/www.hediyepazar.com\/?product=rgb-kayar-yazili-led-reklam-ekrani-usb-baglantili-esnek-tasarim"},"modified":"2026-05-06T03:12:35","modified_gmt":"2026-05-06T06:12:35","slug":"rgb-kayar-yazili-led-reklam-ekrani-usb-baglantili-esnek-tasarim","status":"publish","type":"product","link":"https:\/\/www.hediyepazar.com\/?product=rgb-kayar-yazili-led-reklam-ekrani-usb-baglantili-esnek-tasarim","title":{"rendered":"RGB Kayar Yaz\u0131l\u0131 LED Reklam Ekran\u0131 \u2013 USB Ba\u011flant\u0131l\u0131 Esnek Tasar\u0131m"},"content":{"rendered":"<p>RGB Kayar Yaz\u0131l\u0131 LED Reklam Ekran\u0131, markan\u0131z\u0131 veya mesaj\u0131n\u0131z\u0131 profesyonel \u015fekilde \u00f6ne \u00e7\u0131karmak i\u00e7in tasarlanm\u0131\u015ft\u0131r.Y\u00fcksek \u00e7\u00f6z\u00fcn\u00fcrl\u00fckl\u00fc RGB LED panel, canl\u0131 renkler ve dikkat \u00e7ekici parlakl\u0131kla mesajlar\u0131n\u0131z\u0131 her ortamda g\u00f6r\u00fcn\u00fcr hale getirir.USB ba\u011flant\u0131 deste\u011fi sayesinde ek g\u00fc\u00e7 kayna\u011f\u0131na gerek kalmadan \u00e7al\u0131\u015f\u0131r.Kayan yaz\u0131, sabit mesaj veya efektli sunum gibi farkl\u0131 modlarla i\u00e7eri\u011finizi \u00f6zelle\u015ftirebilirsiniz.Esnek ve ince yap\u0131s\u0131 sayesinde cam, duvar veya tezg\u00e2h \u00fczerine kolayca monte edilir.Delme gerektirmeden 3M bantla sabitlenir, bu da kurulumu zahmetsiz hale getirir.Enerji tasarruflu \u00e7al\u0131\u015fma sistemi, uzun \u00f6m\u00fcrl\u00fc LED\u2019leri ve modern g\u00f6r\u00fcn\u00fcm\u00fcyle hem dikkat \u00e7ekici hem dayan\u0131kl\u0131d\u0131r.Ma\u011fazalar, kafeler, ofisler veya fuar alanlar\u0131nda \u00fcr\u00fcnlerinizi ve kampanyalar\u0131n\u0131z\u0131 vurgulamak i\u00e7in m\u00fckemmel bir se\u00e7imdir.<\/p>\n","protected":false},"excerpt":{"rendered":"<p>RGB Kayar Yaz\u0131l\u0131 LED Reklam Ekran\u0131, markan\u0131z\u0131 veya mesaj\u0131n\u0131z\u0131 profesyonel \u015fekilde \u00f6ne \u00e7\u0131karmak i\u00e7in tasarlanm\u0131\u015ft\u0131r.Y\u00fcksek \u00e7\u00f6z\u00fcn\u00fcrl\u00fckl\u00fc RGB LED panel, canl\u0131 renkler ve dikkat \u00e7ekici parlakl\u0131kla mesajlar\u0131n\u0131z\u0131 her ortamda g\u00f6r\u00fcn\u00fcr hale getirir.USB ba\u011flant\u0131 deste\u011fi sayesinde ek g\u00fc\u00e7 kayna\u011f\u0131na gerek kalmadan \u00e7al\u0131\u015f\u0131r.Kayan yaz\u0131, sabit mesaj veya efektli sunum gibi farkl\u0131 modlarla i\u00e7eri\u011finizi \u00f6zelle\u015ftirebilirsiniz.Esnek ve ince yap\u0131s\u0131 sayesinde&#8230;<\/p>\n","protected":false},"featured_media":120184,"comment_status":"open","ping_status":"closed","template":"","meta":{"_kad_post_transparent":"","_kad_post_title":"","_kad_post_layout":"","_kad_post_sidebar_id":"","_kad_post_content_style":"","_kad_post_vertical_padding":"","_kad_post_feature":"","_kad_post_feature_position":"","_kad_post_header":false,"_kad_post_footer":false,"_kad_post_classname":""},"product_brand":[],"product_cat":[14933],"product_tag":[],"class_list":{"0":"post-120185","1":"product","2":"type-product","3":"status-publish","4":"has-post-thumbnail","6":"product_cat-led-isik-led-isik","8":"first","9":"instock","10":"purchasable","11":"product-type-simple","12":"entry","13":"content-bg","14":"loop-entry"},"_links":{"self":[{"href":"https:\/\/www.hediyepazar.com\/index.php?rest_route=\/wp\/v2\/product\/120185","targetHints":{"allow":["GET"]}}],"collection":[{"href":"https:\/\/www.hediyepazar.com\/index.php?rest_route=\/wp\/v2\/product"}],"about":[{"href":"https:\/\/www.hediyepazar.com\/index.php?rest_route=\/wp\/v2\/types\/product"}],"replies":[{"embeddable":true,"href":"https:\/\/www.hediyepazar.com\/index.php?rest_route=%2Fwp%2Fv2%2Fcomments&post=120185"}],"wp:featuredmedia":[{"embeddable":true,"href":"https:\/\/www.hediyepazar.com\/index.php?rest_route=\/wp\/v2\/media\/120184"}],"wp:attachment":[{"href":"https:\/\/www.hediyepazar.com\/index.php?rest_route=%2Fwp%2Fv2%2Fmedia&parent=120185"}],"wp:term":[{"taxonomy":"product_brand","embeddable":true,"href":"https:\/\/www.hediyepazar.com\/index.php?rest_route=%2Fwp%2Fv2%2Fproduct_brand&post=120185"},{"taxonomy":"product_cat","embeddable":true,"href":"https:\/\/www.hediyepazar.com\/index.php?rest_route=%2Fwp%2Fv2%2Fproduct_cat&post=120185"},{"taxonomy":"product_tag","embeddable":true,"href":"https:\/\/www.hediyepazar.com\/index.php?rest_route=%2Fwp%2Fv2%2Fproduct_tag&post=120185"}],"curies":[{"name":"wp","href":"https:\/\/api.w.org\/{rel}","templated":true}]}}