{"id":120219,"date":"2026-05-06T03:17:04","date_gmt":"2026-05-06T06:17:04","guid":{"rendered":"https:\/\/www.hediyepazar.com\/?product=bluetooth-muzikli-astronot-projeksiyon-lambasi-yildiz-ve-ay-efektli"},"modified":"2026-05-06T03:17:04","modified_gmt":"2026-05-06T06:17:04","slug":"bluetooth-muzikli-astronot-projeksiyon-lambasi-yildiz-ve-ay-efektli","status":"publish","type":"product","link":"https:\/\/www.hediyepazar.com\/?product=bluetooth-muzikli-astronot-projeksiyon-lambasi-yildiz-ve-ay-efektli","title":{"rendered":"Bluetooth M\u00fczikli Astronot Projeksiyon Lambas\u0131 Y\u0131ld\u0131z ve Ay Efektli"},"content":{"rendered":"<p>Evde huzurlu bir atmosfer yaratmak isteyenler i\u00e7in ideal! Bluetooth M\u00fczikli Astronot Projeksiyon Lambas\u0131 Y\u0131ld\u0131z ve Ay Efektli, m\u00fczik, \u0131\u015f\u0131k ve ses efektlerini bir araya getirerek benzersiz bir deneyim sunar.Bluetooth ba\u011flant\u0131s\u0131 sayesinde telefonunuzdan m\u00fczik dinleyebilir veya kendi i\u00e7indeki do\u011fal sesleri (dalga, ku\u015f, \u015f\u00f6mine, uyku melodisi) dinleyerek rahatlayabilirsiniz.Nebula y\u0131ld\u0131z projeksiyonu odan\u0131z\u0131n tavan\u0131na galaksi desenleri yans\u0131t\u0131r; ay ve y\u0131ld\u0131z temas\u0131yla b\u00fcy\u00fcleyici bir ambiyans olu\u015fturur.ABS + PC + PVC + TPE malzemeden \u00fcretilmi\u015f sa\u011flam yap\u0131s\u0131, uzun \u00f6m\u00fcrl\u00fc kullan\u0131m sa\u011flar.Kompakt \u00f6l\u00e7\u00fcleriyle (120\u00d7113\u00d7228 mm), masa\u00fcst\u00fc, komodin veya raflarda kolayca yer bulur.5V\/1A USB g\u00fc\u00e7 ba\u011flant\u0131s\u0131 sayesinde bilgisayar, adapt\u00f6r veya powerbank ile \u00e7al\u0131\u015ft\u0131r\u0131labilir.Uzaktan kumandas\u0131yla \u0131\u015f\u0131k renklerini, ses seviyesini ve efektleri tek tu\u015fla de\u011fi\u015ftirebilirsiniz.Yaln\u0131zca 655 gram a\u011f\u0131rl\u0131\u011f\u0131ndaki bu lamba, ta\u015f\u0131nabilir yap\u0131s\u0131yla her yerde rahat\u00e7a kullan\u0131labilir.Hem \u00e7ocuklar hem yeti\u015fkinler i\u00e7in m\u00fckemmel bir hediye se\u00e7ene\u011fi olan bu astronot lambas\u0131, evinizi g\u00f6ky\u00fcz\u00fcyle bulu\u015fturur.<\/p>\n","protected":false},"excerpt":{"rendered":"<p>Evde huzurlu bir atmosfer yaratmak isteyenler i\u00e7in ideal! Bluetooth M\u00fczikli Astronot Projeksiyon Lambas\u0131 Y\u0131ld\u0131z ve Ay Efektli, m\u00fczik, \u0131\u015f\u0131k ve ses efektlerini bir araya getirerek benzersiz bir deneyim sunar.Bluetooth ba\u011flant\u0131s\u0131 sayesinde telefonunuzdan m\u00fczik dinleyebilir veya kendi i\u00e7indeki do\u011fal sesleri (dalga, ku\u015f, \u015f\u00f6mine, uyku melodisi) dinleyerek rahatlayabilirsiniz.Nebula y\u0131ld\u0131z projeksiyonu odan\u0131z\u0131n tavan\u0131na galaksi desenleri yans\u0131t\u0131r; ay ve&#8230;<\/p>\n","protected":false},"featured_media":120218,"comment_status":"open","ping_status":"closed","template":"","meta":{"_kad_post_transparent":"","_kad_post_title":"","_kad_post_layout":"","_kad_post_sidebar_id":"","_kad_post_content_style":"","_kad_post_vertical_padding":"","_kad_post_feature":"","_kad_post_feature_position":"","_kad_post_header":false,"_kad_post_footer":false,"_kad_post_classname":""},"product_brand":[],"product_cat":[14911],"product_tag":[],"class_list":{"0":"post-120219","1":"product","2":"type-product","3":"status-publish","4":"has-post-thumbnail","6":"product_cat-kablosuz-hoparlor-kablosuz-hoparlor","8":"first","9":"instock","10":"purchasable","11":"product-type-simple","12":"entry","13":"content-bg","14":"loop-entry"},"_links":{"self":[{"href":"https:\/\/www.hediyepazar.com\/index.php?rest_route=\/wp\/v2\/product\/120219","targetHints":{"allow":["GET"]}}],"collection":[{"href":"https:\/\/www.hediyepazar.com\/index.php?rest_route=\/wp\/v2\/product"}],"about":[{"href":"https:\/\/www.hediyepazar.com\/index.php?rest_route=\/wp\/v2\/types\/product"}],"replies":[{"embeddable":true,"href":"https:\/\/www.hediyepazar.com\/index.php?rest_route=%2Fwp%2Fv2%2Fcomments&post=120219"}],"wp:featuredmedia":[{"embeddable":true,"href":"https:\/\/www.hediyepazar.com\/index.php?rest_route=\/wp\/v2\/media\/120218"}],"wp:attachment":[{"href":"https:\/\/www.hediyepazar.com\/index.php?rest_route=%2Fwp%2Fv2%2Fmedia&parent=120219"}],"wp:term":[{"taxonomy":"product_brand","embeddable":true,"href":"https:\/\/www.hediyepazar.com\/index.php?rest_route=%2Fwp%2Fv2%2Fproduct_brand&post=120219"},{"taxonomy":"product_cat","embeddable":true,"href":"https:\/\/www.hediyepazar.com\/index.php?rest_route=%2Fwp%2Fv2%2Fproduct_cat&post=120219"},{"taxonomy":"product_tag","embeddable":true,"href":"https:\/\/www.hediyepazar.com\/index.php?rest_route=%2Fwp%2Fv2%2Fproduct_tag&post=120219"}],"curies":[{"name":"wp","href":"https:\/\/api.w.org\/{rel}","templated":true}]}}