{"id":120306,"date":"2026-05-06T03:28:17","date_gmt":"2026-05-06T06:28:17","guid":{"rendered":"https:\/\/www.hediyepazar.com\/?product=turbo-fan-teknolojili-sessiz-ve-guclu-sogutma-masasi-vantilator"},"modified":"2026-05-06T03:28:17","modified_gmt":"2026-05-06T06:28:17","slug":"turbo-fan-teknolojili-sessiz-ve-guclu-sogutma-masasi-vantilator","status":"publish","type":"product","link":"https:\/\/www.hediyepazar.com\/?product=turbo-fan-teknolojili-sessiz-ve-guclu-sogutma-masasi-vantilator","title":{"rendered":"Turbo Fan Teknolojili Sessiz ve G\u00fc\u00e7l\u00fc So\u011futma Masas\u0131 Vantilat\u00f6r"},"content":{"rendered":"<p>Yaz\u0131n kavurucu s\u0131caklar\u0131na son! Bu y\u00fcksek performansl\u0131 Turbo Fan, g\u00fc\u00e7l\u00fc hava ak\u0131\u015f\u0131 ve sessiz \u00e7al\u0131\u015fma \u00f6zellikleriyle ya\u015fam alanlar\u0131n\u0131z\u0131 ferahlat\u0131r.Turbo Fan teknolojisi, havay\u0131 homojen bi\u00e7imde da\u011f\u0131tarak bulundu\u011funuz ortam\u0131 k\u0131sa s\u00fcrede serinletir. \u0130ster k\u00fc\u00e7\u00fck bir ofis ister geni\u015f bir salon olsun, g\u00fc\u00e7l\u00fc pervane yap\u0131s\u0131 sayesinde serinli\u011fi her k\u00f6\u015feye ta\u015f\u0131r.Ayarlanabilir h\u0131z kademeleri, ihtiyac\u0131n\u0131za uygun serinlik d\u00fczeyini se\u00e7menize olanak tan\u0131r. Hafif bir esinti veya yo\u011fun hava ak\u0131m\u0131 aras\u0131nda kolayca ge\u00e7i\u015f yapabilirsiniz.Ayarlanabilir ba\u015fl\u0131k tasar\u0131m\u0131, havay\u0131 istedi\u011finiz y\u00f6ne y\u00f6nlendirmenize imkan verir, b\u00f6ylece serinli\u011fi tam olarak hedefledi\u011finiz noktaya ula\u015ft\u0131rabilirsiniz.G\u00fcr\u00fclt\u00fc azaltma teknolojisi, ultra sessiz \u00e7al\u0131\u015fma deneyimi sunar.Uyku, \u00e7al\u0131\u015fma veya bebek odalar\u0131 gibi sessizli\u011fin \u00f6nemli oldu\u011fu alanlarda ideal bir \u00e7\u00f6z\u00fcmd\u00fcr.Enerji tasarruflu motoru, uzun s\u00fcreli kullan\u0131mda bile d\u00fc\u015f\u00fck enerji t\u00fcketimi sa\u011flar.Kompakt ve \u015f\u0131k tasar\u0131m\u0131 sayesinde dekorasyonunuza uyum sa\u011flar. Hafif yap\u0131s\u0131yla kolayca ta\u015f\u0131nabilir, her ortamda kullan\u0131labilir.Yaz boyunca ferah, serin ve sessiz bir konfor i\u00e7in m\u00fckemmel tercihtir!<\/p>\n","protected":false},"excerpt":{"rendered":"<p>Yaz\u0131n kavurucu s\u0131caklar\u0131na son! Bu y\u00fcksek performansl\u0131 Turbo Fan, g\u00fc\u00e7l\u00fc hava ak\u0131\u015f\u0131 ve sessiz \u00e7al\u0131\u015fma \u00f6zellikleriyle ya\u015fam alanlar\u0131n\u0131z\u0131 ferahlat\u0131r.Turbo Fan teknolojisi, havay\u0131 homojen bi\u00e7imde da\u011f\u0131tarak bulundu\u011funuz ortam\u0131 k\u0131sa s\u00fcrede serinletir. \u0130ster k\u00fc\u00e7\u00fck bir ofis ister geni\u015f bir salon olsun, g\u00fc\u00e7l\u00fc pervane yap\u0131s\u0131 sayesinde serinli\u011fi her k\u00f6\u015feye ta\u015f\u0131r.Ayarlanabilir h\u0131z kademeleri, ihtiyac\u0131n\u0131za uygun serinlik d\u00fczeyini se\u00e7menize olanak&#8230;<\/p>\n","protected":false},"featured_media":120305,"comment_status":"open","ping_status":"closed","template":"","meta":{"_kad_post_transparent":"","_kad_post_title":"","_kad_post_layout":"","_kad_post_sidebar_id":"","_kad_post_content_style":"","_kad_post_vertical_padding":"","_kad_post_feature":"","_kad_post_feature_position":"","_kad_post_header":false,"_kad_post_footer":false,"_kad_post_classname":""},"product_brand":[],"product_cat":[15021],"product_tag":[],"class_list":{"0":"post-120306","1":"product","2":"type-product","3":"status-publish","4":"has-post-thumbnail","6":"product_cat-vantilator-vantilator","8":"first","9":"instock","10":"purchasable","11":"product-type-simple","12":"entry","13":"content-bg","14":"loop-entry"},"_links":{"self":[{"href":"https:\/\/www.hediyepazar.com\/index.php?rest_route=\/wp\/v2\/product\/120306","targetHints":{"allow":["GET"]}}],"collection":[{"href":"https:\/\/www.hediyepazar.com\/index.php?rest_route=\/wp\/v2\/product"}],"about":[{"href":"https:\/\/www.hediyepazar.com\/index.php?rest_route=\/wp\/v2\/types\/product"}],"replies":[{"embeddable":true,"href":"https:\/\/www.hediyepazar.com\/index.php?rest_route=%2Fwp%2Fv2%2Fcomments&post=120306"}],"wp:featuredmedia":[{"embeddable":true,"href":"https:\/\/www.hediyepazar.com\/index.php?rest_route=\/wp\/v2\/media\/120305"}],"wp:attachment":[{"href":"https:\/\/www.hediyepazar.com\/index.php?rest_route=%2Fwp%2Fv2%2Fmedia&parent=120306"}],"wp:term":[{"taxonomy":"product_brand","embeddable":true,"href":"https:\/\/www.hediyepazar.com\/index.php?rest_route=%2Fwp%2Fv2%2Fproduct_brand&post=120306"},{"taxonomy":"product_cat","embeddable":true,"href":"https:\/\/www.hediyepazar.com\/index.php?rest_route=%2Fwp%2Fv2%2Fproduct_cat&post=120306"},{"taxonomy":"product_tag","embeddable":true,"href":"https:\/\/www.hediyepazar.com\/index.php?rest_route=%2Fwp%2Fv2%2Fproduct_tag&post=120306"}],"curies":[{"name":"wp","href":"https:\/\/api.w.org\/{rel}","templated":true}]}}