{"id":120328,"date":"2026-05-06T03:31:28","date_gmt":"2026-05-06T06:31:28","guid":{"rendered":"https:\/\/www.hediyepazar.com\/?product=aydinlatmali-turkce-q-rgb-klavye-sessiz-ve-dayanikli-tus-takimi"},"modified":"2026-05-06T03:31:28","modified_gmt":"2026-05-06T06:31:28","slug":"aydinlatmali-turkce-q-rgb-klavye-sessiz-ve-dayanikli-tus-takimi","status":"publish","type":"product","link":"https:\/\/www.hediyepazar.com\/?product=aydinlatmali-turkce-q-rgb-klavye-sessiz-ve-dayanikli-tus-takimi","title":{"rendered":"Ayd\u0131nlatmal\u0131 T\u00fcrk\u00e7e Q RGB Klavye Sessiz ve Dayan\u0131kl\u0131 Tu\u015f Tak\u0131m\u0131"},"content":{"rendered":"<p>T\u00fcrk\u00e7e karakter destekli Q klavye d\u00fczeni ile donat\u0131lm\u0131\u015f bu model, hem profesyonel kullan\u0131c\u0131lar hem de oyuncular i\u00e7in m\u00fckemmel bir yaz\u0131 deneyimi sunar.RGB \u0131\u015f\u0131kl\u0131 tu\u015f tak\u0131m\u0131, d\u00fc\u015f\u00fck \u0131\u015f\u0131kl\u0131 ortamlarda bile y\u00fcksek g\u00f6r\u00fcn\u00fcrl\u00fck sa\u011flar ve masa \u00fcst\u00fc d\u00fczeninize modern bir hava katar.Klavye \u00fczerindeki renk ge\u00e7i\u015f modlar\u0131, \u00e7al\u0131\u015fma ya da oyun tarz\u0131n\u0131za g\u00f6re \u00f6zelle\u015ftirilebilir.Sessiz tu\u015f mekanizmas\u0131, rahats\u0131z edici sesleri ortadan kald\u0131rarak konforlu bir kullan\u0131m sa\u011flar.Ergonomik yap\u0131s\u0131, uzun s\u00fcreli yazma seanslar\u0131nda bile bilek yorgunlu\u011funu azalt\u0131r.Dayan\u0131kl\u0131 ve sa\u011flam yap\u0131s\u0131yla uzun \u00f6m\u00fcrl\u00fc kullan\u0131m i\u00e7in idealdir.Bu klavye, performans ve \u015f\u0131kl\u0131\u011f\u0131 bir arada isteyen kullan\u0131c\u0131lar\u0131n vazge\u00e7ilmez tercihi olacak!<\/p>\n","protected":false},"excerpt":{"rendered":"<p>T\u00fcrk\u00e7e karakter destekli Q klavye d\u00fczeni ile donat\u0131lm\u0131\u015f bu model, hem profesyonel kullan\u0131c\u0131lar hem de oyuncular i\u00e7in m\u00fckemmel bir yaz\u0131 deneyimi sunar.RGB \u0131\u015f\u0131kl\u0131 tu\u015f tak\u0131m\u0131, d\u00fc\u015f\u00fck \u0131\u015f\u0131kl\u0131 ortamlarda bile y\u00fcksek g\u00f6r\u00fcn\u00fcrl\u00fck sa\u011flar ve masa \u00fcst\u00fc d\u00fczeninize modern bir hava katar.Klavye \u00fczerindeki renk ge\u00e7i\u015f modlar\u0131, \u00e7al\u0131\u015fma ya da oyun tarz\u0131n\u0131za g\u00f6re \u00f6zelle\u015ftirilebilir.Sessiz tu\u015f mekanizmas\u0131, rahats\u0131z edici&#8230;<\/p>\n","protected":false},"featured_media":120327,"comment_status":"open","ping_status":"closed","template":"","meta":{"_kad_post_transparent":"","_kad_post_title":"","_kad_post_layout":"","_kad_post_sidebar_id":"","_kad_post_content_style":"","_kad_post_vertical_padding":"","_kad_post_feature":"","_kad_post_feature_position":"","_kad_post_header":false,"_kad_post_footer":false,"_kad_post_classname":""},"product_brand":[],"product_cat":[14913],"product_tag":[],"class_list":{"0":"post-120328","1":"product","2":"type-product","3":"status-publish","4":"has-post-thumbnail","6":"product_cat-klavye-klavye-2","8":"first","9":"instock","10":"purchasable","11":"product-type-simple","12":"entry","13":"content-bg","14":"loop-entry"},"_links":{"self":[{"href":"https:\/\/www.hediyepazar.com\/index.php?rest_route=\/wp\/v2\/product\/120328","targetHints":{"allow":["GET"]}}],"collection":[{"href":"https:\/\/www.hediyepazar.com\/index.php?rest_route=\/wp\/v2\/product"}],"about":[{"href":"https:\/\/www.hediyepazar.com\/index.php?rest_route=\/wp\/v2\/types\/product"}],"replies":[{"embeddable":true,"href":"https:\/\/www.hediyepazar.com\/index.php?rest_route=%2Fwp%2Fv2%2Fcomments&post=120328"}],"wp:featuredmedia":[{"embeddable":true,"href":"https:\/\/www.hediyepazar.com\/index.php?rest_route=\/wp\/v2\/media\/120327"}],"wp:attachment":[{"href":"https:\/\/www.hediyepazar.com\/index.php?rest_route=%2Fwp%2Fv2%2Fmedia&parent=120328"}],"wp:term":[{"taxonomy":"product_brand","embeddable":true,"href":"https:\/\/www.hediyepazar.com\/index.php?rest_route=%2Fwp%2Fv2%2Fproduct_brand&post=120328"},{"taxonomy":"product_cat","embeddable":true,"href":"https:\/\/www.hediyepazar.com\/index.php?rest_route=%2Fwp%2Fv2%2Fproduct_cat&post=120328"},{"taxonomy":"product_tag","embeddable":true,"href":"https:\/\/www.hediyepazar.com\/index.php?rest_route=%2Fwp%2Fv2%2Fproduct_tag&post=120328"}],"curies":[{"name":"wp","href":"https:\/\/api.w.org\/{rel}","templated":true}]}}