{"id":120330,"date":"2026-05-06T03:32:58","date_gmt":"2026-05-06T06:32:58","guid":{"rendered":"https:\/\/www.hediyepazar.com\/?product=turkce-q-klavye-rgb-isikli-ergonomik-tasarimli"},"modified":"2026-05-06T03:32:58","modified_gmt":"2026-05-06T06:32:58","slug":"turkce-q-klavye-rgb-isikli-ergonomik-tasarimli","status":"publish","type":"product","link":"https:\/\/www.hediyepazar.com\/?product=turkce-q-klavye-rgb-isikli-ergonomik-tasarimli","title":{"rendered":"T\u00fcrk\u00e7e Q Klavye RGB I\u015f\u0131kl\u0131 Ergonomik Tasar\u0131ml\u0131"},"content":{"rendered":"<p>Modern tasar\u0131m ve \u00fcst\u00fcn kullan\u0131m konforu bir arada!T\u00fcrk\u00e7e Q klavye dizilimine sahip bu model, yaz\u0131m h\u0131z\u0131n\u0131z\u0131 art\u0131r\u0131rken rahat ve sessiz tu\u015f deneyimiyle konfor sunar.RGB ayd\u0131nlatmal\u0131 tu\u015flar\u0131, karanl\u0131k ortamlarda dahi yazmay\u0131 kolayla\u015ft\u0131r\u0131r ve masan\u0131za g\u00f6z al\u0131c\u0131 bir atmosfer kazand\u0131r\u0131r.Ayarlanabilir \u0131\u015f\u0131k modlar\u0131 sayesinde renk ge\u00e7i\u015flerini diledi\u011finiz gibi ki\u015fiselle\u015ftirebilirsiniz.Dayan\u0131kl\u0131 malzeme yap\u0131s\u0131, uzun s\u00fcreli kullan\u0131mlarda deformasyonu \u00f6nler.Hem ofis hem de oyun ortamlar\u0131 i\u00e7in ideal olan bu klavye, estetik tasar\u0131m\u0131 ve ergonomik yap\u0131s\u0131 ile dikkat \u00e7eker.\u00c7al\u0131\u015fma alan\u0131n\u0131za tarz ve fonksiyonellik kazand\u0131r\u0131n!<\/p>\n","protected":false},"excerpt":{"rendered":"<p>Modern tasar\u0131m ve \u00fcst\u00fcn kullan\u0131m konforu bir arada!T\u00fcrk\u00e7e Q klavye dizilimine sahip bu model, yaz\u0131m h\u0131z\u0131n\u0131z\u0131 art\u0131r\u0131rken rahat ve sessiz tu\u015f deneyimiyle konfor sunar.RGB ayd\u0131nlatmal\u0131 tu\u015flar\u0131, karanl\u0131k ortamlarda dahi yazmay\u0131 kolayla\u015ft\u0131r\u0131r ve masan\u0131za g\u00f6z al\u0131c\u0131 bir atmosfer kazand\u0131r\u0131r.Ayarlanabilir \u0131\u015f\u0131k modlar\u0131 sayesinde renk ge\u00e7i\u015flerini diledi\u011finiz gibi ki\u015fiselle\u015ftirebilirsiniz.Dayan\u0131kl\u0131 malzeme yap\u0131s\u0131, uzun s\u00fcreli kullan\u0131mlarda deformasyonu \u00f6nler.Hem ofis hem&#8230;<\/p>\n","protected":false},"featured_media":120329,"comment_status":"open","ping_status":"closed","template":"","meta":{"_kad_post_transparent":"","_kad_post_title":"","_kad_post_layout":"","_kad_post_sidebar_id":"","_kad_post_content_style":"","_kad_post_vertical_padding":"","_kad_post_feature":"","_kad_post_feature_position":"","_kad_post_header":false,"_kad_post_footer":false,"_kad_post_classname":""},"product_brand":[],"product_cat":[14913],"product_tag":[],"class_list":{"0":"post-120330","1":"product","2":"type-product","3":"status-publish","4":"has-post-thumbnail","6":"product_cat-klavye-klavye-2","8":"first","9":"instock","10":"purchasable","11":"product-type-simple","12":"entry","13":"content-bg","14":"loop-entry"},"_links":{"self":[{"href":"https:\/\/www.hediyepazar.com\/index.php?rest_route=\/wp\/v2\/product\/120330","targetHints":{"allow":["GET"]}}],"collection":[{"href":"https:\/\/www.hediyepazar.com\/index.php?rest_route=\/wp\/v2\/product"}],"about":[{"href":"https:\/\/www.hediyepazar.com\/index.php?rest_route=\/wp\/v2\/types\/product"}],"replies":[{"embeddable":true,"href":"https:\/\/www.hediyepazar.com\/index.php?rest_route=%2Fwp%2Fv2%2Fcomments&post=120330"}],"wp:featuredmedia":[{"embeddable":true,"href":"https:\/\/www.hediyepazar.com\/index.php?rest_route=\/wp\/v2\/media\/120329"}],"wp:attachment":[{"href":"https:\/\/www.hediyepazar.com\/index.php?rest_route=%2Fwp%2Fv2%2Fmedia&parent=120330"}],"wp:term":[{"taxonomy":"product_brand","embeddable":true,"href":"https:\/\/www.hediyepazar.com\/index.php?rest_route=%2Fwp%2Fv2%2Fproduct_brand&post=120330"},{"taxonomy":"product_cat","embeddable":true,"href":"https:\/\/www.hediyepazar.com\/index.php?rest_route=%2Fwp%2Fv2%2Fproduct_cat&post=120330"},{"taxonomy":"product_tag","embeddable":true,"href":"https:\/\/www.hediyepazar.com\/index.php?rest_route=%2Fwp%2Fv2%2Fproduct_tag&post=120330"}],"curies":[{"name":"wp","href":"https:\/\/api.w.org\/{rel}","templated":true}]}}