{"id":120336,"date":"2026-05-06T03:33:18","date_gmt":"2026-05-06T06:33:18","guid":{"rendered":"https:\/\/www.hediyepazar.com\/?product=tost-model-sac-sekillendirici-dempower-dp-134-360-doner-kablolu"},"modified":"2026-05-06T03:33:18","modified_gmt":"2026-05-06T06:33:18","slug":"tost-model-sac-sekillendirici-dempower-dp-134-360-doner-kablolu","status":"publish","type":"product","link":"https:\/\/www.hediyepazar.com\/?product=tost-model-sac-sekillendirici-dempower-dp-134-360-doner-kablolu","title":{"rendered":"Tost Model Sa\u00e7 \u015eekillendirici DEMPOWER DP-134 360\u00b0 D\u00f6ner Kablolu"},"content":{"rendered":"<p>Klasik sa\u00e7 ma\u015falar\u0131na alternatif arayanlar i\u00e7in m\u00fckemmel bir se\u00e7enek!DEMPOWER DP-134 Tost Model Sa\u00e7 \u015eekillendirici, k\u0131sa s\u00fcrede 220\u00b0C\u2019ye ula\u015farak h\u0131zl\u0131 ve etkili \u015fekillendirme sa\u011flar.Sa\u00e7 tellerini belirgin \u00e7izgilerle \u015fekillendirir, dolgun ve hacimli bir g\u00f6r\u00fcn\u00fcm kazand\u0131r\u0131r.360\u00b0 d\u00f6nebilen kablosu, \u00f6zg\u00fcr hareket imkan\u0131 sunarak sa\u00e7\u0131n her y\u00f6n\u00fcne kolayca eri\u015fmenizi sa\u011flar.G\u00fc\u00e7 \u0131\u015f\u0131\u011f\u0131 g\u00f6stergesi ve \u0131s\u0131 kontrol sistemi, g\u00fcvenli kullan\u0131m olana\u011f\u0131 tan\u0131r.Evde profesyonel sonu\u00e7lar isteyen herkes i\u00e7in geli\u015ftirilmi\u015ftir.Modern tasar\u0131m\u0131 ve dayan\u0131kl\u0131 g\u00f6vdesiyle uzun \u00f6m\u00fcrl\u00fc bir kullan\u0131m sunar.\u0130ster g\u00fcnl\u00fck sa\u00e7 \u015fekillendirmesi, ister \u00f6zel bir gece i\u00e7in olsun \u2014 bu cihazla her zaman salon kalitesinde sonu\u00e7lar elde edersiniz.<\/p>\n","protected":false},"excerpt":{"rendered":"<p>Klasik sa\u00e7 ma\u015falar\u0131na alternatif arayanlar i\u00e7in m\u00fckemmel bir se\u00e7enek!DEMPOWER DP-134 Tost Model Sa\u00e7 \u015eekillendirici, k\u0131sa s\u00fcrede 220\u00b0C\u2019ye ula\u015farak h\u0131zl\u0131 ve etkili \u015fekillendirme sa\u011flar.Sa\u00e7 tellerini belirgin \u00e7izgilerle \u015fekillendirir, dolgun ve hacimli bir g\u00f6r\u00fcn\u00fcm kazand\u0131r\u0131r.360\u00b0 d\u00f6nebilen kablosu, \u00f6zg\u00fcr hareket imkan\u0131 sunarak sa\u00e7\u0131n her y\u00f6n\u00fcne kolayca eri\u015fmenizi sa\u011flar.G\u00fc\u00e7 \u0131\u015f\u0131\u011f\u0131 g\u00f6stergesi ve \u0131s\u0131 kontrol sistemi, g\u00fcvenli kullan\u0131m olana\u011f\u0131 tan\u0131r.Evde&#8230;<\/p>\n","protected":false},"featured_media":120335,"comment_status":"open","ping_status":"closed","template":"","meta":{"_kad_post_transparent":"","_kad_post_title":"","_kad_post_layout":"","_kad_post_sidebar_id":"","_kad_post_content_style":"","_kad_post_vertical_padding":"","_kad_post_feature":"","_kad_post_feature_position":"","_kad_post_header":false,"_kad_post_footer":false,"_kad_post_classname":""},"product_brand":[],"product_cat":[14907],"product_tag":[],"class_list":{"0":"post-120336","1":"product","2":"type-product","3":"status-publish","4":"has-post-thumbnail","6":"product_cat-sac-masasi-sac-masasi","8":"first","9":"instock","10":"purchasable","11":"product-type-simple","12":"entry","13":"content-bg","14":"loop-entry"},"_links":{"self":[{"href":"https:\/\/www.hediyepazar.com\/index.php?rest_route=\/wp\/v2\/product\/120336","targetHints":{"allow":["GET"]}}],"collection":[{"href":"https:\/\/www.hediyepazar.com\/index.php?rest_route=\/wp\/v2\/product"}],"about":[{"href":"https:\/\/www.hediyepazar.com\/index.php?rest_route=\/wp\/v2\/types\/product"}],"replies":[{"embeddable":true,"href":"https:\/\/www.hediyepazar.com\/index.php?rest_route=%2Fwp%2Fv2%2Fcomments&post=120336"}],"wp:featuredmedia":[{"embeddable":true,"href":"https:\/\/www.hediyepazar.com\/index.php?rest_route=\/wp\/v2\/media\/120335"}],"wp:attachment":[{"href":"https:\/\/www.hediyepazar.com\/index.php?rest_route=%2Fwp%2Fv2%2Fmedia&parent=120336"}],"wp:term":[{"taxonomy":"product_brand","embeddable":true,"href":"https:\/\/www.hediyepazar.com\/index.php?rest_route=%2Fwp%2Fv2%2Fproduct_brand&post=120336"},{"taxonomy":"product_cat","embeddable":true,"href":"https:\/\/www.hediyepazar.com\/index.php?rest_route=%2Fwp%2Fv2%2Fproduct_cat&post=120336"},{"taxonomy":"product_tag","embeddable":true,"href":"https:\/\/www.hediyepazar.com\/index.php?rest_route=%2Fwp%2Fv2%2Fproduct_tag&post=120336"}],"curies":[{"name":"wp","href":"https:\/\/api.w.org\/{rel}","templated":true}]}}