{"id":120348,"date":"2026-05-06T03:34:00","date_gmt":"2026-05-06T06:34:00","guid":{"rendered":"https:\/\/www.hediyepazar.com\/?product=bluetooth-hoparlorlu-led-disko-isigi-muzik-ritim-duyarli-ve-tasinabilir"},"modified":"2026-05-06T03:34:00","modified_gmt":"2026-05-06T06:34:00","slug":"bluetooth-hoparlorlu-led-disko-isigi-muzik-ritim-duyarli-ve-tasinabilir","status":"publish","type":"product","link":"https:\/\/www.hediyepazar.com\/?product=bluetooth-hoparlorlu-led-disko-isigi-muzik-ritim-duyarli-ve-tasinabilir","title":{"rendered":"Bluetooth Hoparl\u00f6rl\u00fc LED Disko I\u015f\u0131\u011f\u0131 M\u00fczik Ritim Duyarl\u0131 ve Ta\u015f\u0131nabilir"},"content":{"rendered":"<p>Parti atmosferini diledi\u011finiz her yere ta\u015f\u0131y\u0131n!Bluetooth Hoparl\u00f6rl\u00fc LED Disko I\u015f\u0131\u011f\u0131, g\u00fc\u00e7l\u00fc ses \u00e7\u0131k\u0131\u015f\u0131 ve ritimle senkronize LED efektleriyle e\u011flencenizi ikiye katlar.6 d\u00f6ner LED \u0131\u015f\u0131\u011f\u0131, 360 derece renk ge\u00e7i\u015fleriyle ortama hareket kazand\u0131r\u0131r.Bluetooth 5.0 teknolojisi sayesinde m\u00fczik cihazlar\u0131n\u0131za saniyeler i\u00e7inde ba\u011flan\u0131r.Ayr\u0131ca USB ve SD kart deste\u011fi ile diledi\u011finiz m\u00fczikleri do\u011frudan oynatabilirsiniz.M\u00fczik duyarl\u0131l\u0131\u011f\u0131na sahip ritim alg\u0131lama modu, \u0131\u015f\u0131k efektlerini ses frekans\u0131na g\u00f6re de\u011fi\u015ftirir ve g\u00f6rsel bir \u015f\u00f6len yarat\u0131r.K\u00fc\u00e7\u00fck boyutu ve ta\u015f\u0131nabilir tasar\u0131m\u0131 sayesinde piknik, kamp, do\u011fum g\u00fcn\u00fc veya ev partilerinde rahatl\u0131kla kullan\u0131labilir.\u015earjl\u0131 yap\u0131s\u0131 sayesinde priz derdine son verir; diledi\u011finiz yerde kablosuz bir m\u00fczik ve \u0131\u015f\u0131k deneyimi ya\u015fars\u0131n\u0131z.Bu disko k\u00fcresi, e\u011flencenin oldu\u011fu her yerde ritmi yakalamak i\u00e7in ideal bir \u00e7\u00f6z\u00fcmd\u00fcr!<\/p>\n","protected":false},"excerpt":{"rendered":"<p>Parti atmosferini diledi\u011finiz her yere ta\u015f\u0131y\u0131n!Bluetooth Hoparl\u00f6rl\u00fc LED Disko I\u015f\u0131\u011f\u0131, g\u00fc\u00e7l\u00fc ses \u00e7\u0131k\u0131\u015f\u0131 ve ritimle senkronize LED efektleriyle e\u011flencenizi ikiye katlar.6 d\u00f6ner LED \u0131\u015f\u0131\u011f\u0131, 360 derece renk ge\u00e7i\u015fleriyle ortama hareket kazand\u0131r\u0131r.Bluetooth 5.0 teknolojisi sayesinde m\u00fczik cihazlar\u0131n\u0131za saniyeler i\u00e7inde ba\u011flan\u0131r.Ayr\u0131ca USB ve SD kart deste\u011fi ile diledi\u011finiz m\u00fczikleri do\u011frudan oynatabilirsiniz.M\u00fczik duyarl\u0131l\u0131\u011f\u0131na sahip ritim alg\u0131lama modu, \u0131\u015f\u0131k&#8230;<\/p>\n","protected":false},"featured_media":120347,"comment_status":"open","ping_status":"closed","template":"","meta":{"_kad_post_transparent":"","_kad_post_title":"","_kad_post_layout":"","_kad_post_sidebar_id":"","_kad_post_content_style":"","_kad_post_vertical_padding":"","_kad_post_feature":"","_kad_post_feature_position":"","_kad_post_header":false,"_kad_post_footer":false,"_kad_post_classname":""},"product_brand":[],"product_cat":[14933],"product_tag":[],"class_list":{"0":"post-120348","1":"product","2":"type-product","3":"status-publish","4":"has-post-thumbnail","6":"product_cat-led-isik-led-isik","8":"first","9":"instock","10":"purchasable","11":"product-type-simple","12":"entry","13":"content-bg","14":"loop-entry"},"_links":{"self":[{"href":"https:\/\/www.hediyepazar.com\/index.php?rest_route=\/wp\/v2\/product\/120348","targetHints":{"allow":["GET"]}}],"collection":[{"href":"https:\/\/www.hediyepazar.com\/index.php?rest_route=\/wp\/v2\/product"}],"about":[{"href":"https:\/\/www.hediyepazar.com\/index.php?rest_route=\/wp\/v2\/types\/product"}],"replies":[{"embeddable":true,"href":"https:\/\/www.hediyepazar.com\/index.php?rest_route=%2Fwp%2Fv2%2Fcomments&post=120348"}],"wp:featuredmedia":[{"embeddable":true,"href":"https:\/\/www.hediyepazar.com\/index.php?rest_route=\/wp\/v2\/media\/120347"}],"wp:attachment":[{"href":"https:\/\/www.hediyepazar.com\/index.php?rest_route=%2Fwp%2Fv2%2Fmedia&parent=120348"}],"wp:term":[{"taxonomy":"product_brand","embeddable":true,"href":"https:\/\/www.hediyepazar.com\/index.php?rest_route=%2Fwp%2Fv2%2Fproduct_brand&post=120348"},{"taxonomy":"product_cat","embeddable":true,"href":"https:\/\/www.hediyepazar.com\/index.php?rest_route=%2Fwp%2Fv2%2Fproduct_cat&post=120348"},{"taxonomy":"product_tag","embeddable":true,"href":"https:\/\/www.hediyepazar.com\/index.php?rest_route=%2Fwp%2Fv2%2Fproduct_tag&post=120348"}],"curies":[{"name":"wp","href":"https:\/\/api.w.org\/{rel}","templated":true}]}}