{"id":120388,"date":"2026-05-06T03:38:21","date_gmt":"2026-05-06T06:38:21","guid":{"rendered":"https:\/\/www.hediyepazar.com\/?product=renkli-basli-toplu-igne-40-adet"},"modified":"2026-05-06T03:38:21","modified_gmt":"2026-05-06T06:38:21","slug":"renkli-basli-toplu-igne-40-adet","status":"publish","type":"product","link":"https:\/\/www.hediyepazar.com\/?product=renkli-basli-toplu-igne-40-adet","title":{"rendered":"Renkli Ba\u015fl\u0131 Toplu \u0130\u011fne 40 Adet"},"content":{"rendered":"<p>\n\t<strong>\u00dcr\u00fcn \u00d6zellikleri : <\/strong><\/p>\n<p>\t<strong>Materyal : <\/strong>Nikel + Plastik ba\u015fl\u0131<\/p>\n<p>\t<strong>Adet \/ Renk \/ Tasar\u0131m : 40\u00a0<\/strong>Adet ( 1 kartela- ), HSNET Design olarak tasarlad\u0131\u011f\u0131m\u0131z, resimde yer alan renk kombinasyonunu, s\u00fcrpriz ya\u015famamamn\u0131z i\u00e7in birebir g\u00f6nderiyoruz<\/p>\n<p>\t<strong style=\";\">GEN\u0130\u015e KULLANIM ALANI : Dekorasyon, el sanatlar\u0131, \u00e7i\u00e7ek buketleri, yaka \u00e7i\u00e7e\u011fi, mezuniyet, d\u00fc\u011f\u00fcnler, partiler, s\u00fcslemeler, kanavi\u00e7e, kapitone pimleri, terzilik, diki\u015f, zanaat, konumland\u0131rma, d\u00fc\u011f\u00fcn dekorasyonu nak\u0131\u015f vb. i\u00e7in idealdir.<\/strong><\/p>\n<p>\n\tDaha b\u00fcy\u00fck kafa boyutu sayesinde tutmas\u0131 kolayd\u0131r, \u00e7ok keskindir ve kuma\u015fa kolayca n\u00fcfuz eder. Sevimli top kafalar\u0131 onlar\u0131 tutmay\u0131 ve hareket ettirmeyi kolayla\u015ft\u0131r\u0131r.<\/p>\n<p>\n\tPimler keskindir ve bir\u00e7ok kuma\u015f veya \u015ferit katman\u0131ndan ge\u00e7ebilir<\/p>\n<p>\n\t<strong>M\u00dcKEMMEL SATI\u015e SONRASI H\u0130ZMET : <\/strong>HSNET \/ HSNET olarak m\u00fc\u015fterilerimize en iyi hizmeti sunmay\u0131 ama\u00e7l\u0131yor, g\u00fcvenle sat\u0131n alabilmeniz i\u00e7in, ambalaj kalitemize g\u00fcveniyor, her \u00fcr\u00fcn sorunsuz teslimat i\u00e7in \u00f6zenle paketliyor ve resimde belirtilen renk, ebat, \u00f6zelikte \u00fcr\u00fcn g\u00f6ndermeyi taahh\u00fct ediyoruz. Hasarl\u0131 \u00fcr\u00fcn ald\u0131ysan\u0131z veya di\u011fer \u00fcr\u00fcn ve paket teslimat sorunlar\u0131 oldu\u011funda bizimle ileti\u015fime ge\u00e7mekten \u00e7ekinmeyin.<\/p>\n<p>\n","protected":false},"excerpt":{"rendered":"<p>\u00dcr\u00fcn \u00d6zellikleri : Materyal : Nikel + Plastik ba\u015fl\u0131 Adet \/ Renk \/ Tasar\u0131m : 40\u00a0Adet ( 1 kartela- ), HSNET Design olarak tasarlad\u0131\u011f\u0131m\u0131z, resimde yer alan renk kombinasyonunu, s\u00fcrpriz ya\u015famamamn\u0131z i\u00e7in birebir g\u00f6nderiyoruz GEN\u0130\u015e KULLANIM ALANI : Dekorasyon, el sanatlar\u0131, \u00e7i\u00e7ek buketleri, yaka \u00e7i\u00e7e\u011fi, mezuniyet, d\u00fc\u011f\u00fcnler, partiler, s\u00fcslemeler, kanavi\u00e7e, kapitone pimleri, terzilik, diki\u015f, zanaat,&#8230;<\/p>\n","protected":false},"featured_media":120387,"comment_status":"open","ping_status":"closed","template":"","meta":{"_kad_post_transparent":"","_kad_post_title":"","_kad_post_layout":"","_kad_post_sidebar_id":"","_kad_post_content_style":"","_kad_post_vertical_padding":"","_kad_post_feature":"","_kad_post_feature_position":"","_kad_post_header":false,"_kad_post_footer":false,"_kad_post_classname":""},"product_brand":[],"product_cat":[14324],"product_tag":[],"class_list":{"0":"post-120388","1":"product","2":"type-product","3":"status-publish","4":"has-post-thumbnail","6":"product_cat-dikis-urunleri-ev-gerecleri-ev-yasam-dikis-urunleri","8":"first","9":"instock","10":"purchasable","11":"product-type-simple","12":"entry","13":"content-bg","14":"loop-entry"},"_links":{"self":[{"href":"https:\/\/www.hediyepazar.com\/index.php?rest_route=\/wp\/v2\/product\/120388","targetHints":{"allow":["GET"]}}],"collection":[{"href":"https:\/\/www.hediyepazar.com\/index.php?rest_route=\/wp\/v2\/product"}],"about":[{"href":"https:\/\/www.hediyepazar.com\/index.php?rest_route=\/wp\/v2\/types\/product"}],"replies":[{"embeddable":true,"href":"https:\/\/www.hediyepazar.com\/index.php?rest_route=%2Fwp%2Fv2%2Fcomments&post=120388"}],"wp:featuredmedia":[{"embeddable":true,"href":"https:\/\/www.hediyepazar.com\/index.php?rest_route=\/wp\/v2\/media\/120387"}],"wp:attachment":[{"href":"https:\/\/www.hediyepazar.com\/index.php?rest_route=%2Fwp%2Fv2%2Fmedia&parent=120388"}],"wp:term":[{"taxonomy":"product_brand","embeddable":true,"href":"https:\/\/www.hediyepazar.com\/index.php?rest_route=%2Fwp%2Fv2%2Fproduct_brand&post=120388"},{"taxonomy":"product_cat","embeddable":true,"href":"https:\/\/www.hediyepazar.com\/index.php?rest_route=%2Fwp%2Fv2%2Fproduct_cat&post=120388"},{"taxonomy":"product_tag","embeddable":true,"href":"https:\/\/www.hediyepazar.com\/index.php?rest_route=%2Fwp%2Fv2%2Fproduct_tag&post=120388"}],"curies":[{"name":"wp","href":"https:\/\/api.w.org\/{rel}","templated":true}]}}