{"id":120520,"date":"2026-05-06T03:57:59","date_gmt":"2026-05-06T06:57:59","guid":{"rendered":"https:\/\/www.hediyepazar.com\/?product=1080p-full-hd-spor-kamerasi-360-klips-ve-wifi-ozellikli"},"modified":"2026-05-06T03:57:59","modified_gmt":"2026-05-06T06:57:59","slug":"1080p-full-hd-spor-kamerasi-360-klips-ve-wifi-ozellikli","status":"publish","type":"product","link":"https:\/\/www.hediyepazar.com\/?product=1080p-full-hd-spor-kamerasi-360-klips-ve-wifi-ozellikli","title":{"rendered":"1080P Full HD Spor Kameras\u0131 360\u00b0 Klips ve WiFi \u00d6zellikli"},"content":{"rendered":"<p>Macera severlerin vazge\u00e7ilmezi olacak bu spor kameras\u0131, zorlu ko\u015fullarda bile dayan\u0131kl\u0131l\u0131\u011f\u0131n\u0131 koruyarak y\u00fcksek kaliteli \u00e7ekimler yapman\u0131z\u0131 sa\u011flar. IP68 koruma sertifikas\u0131 ile 131 feet derinli\u011fe kadar suya dayan\u0131kl\u0131d\u0131r \u2014 dal\u0131\u015f, s\u00f6rf, y\u00fczme ve da\u011fc\u0131l\u0131k gibi ekstrem aktiviteler i\u00e7in idealdir.1080P Full HD \u00e7\u00f6z\u00fcn\u00fcrl\u00fck ve 120\u00b0 geni\u015f a\u00e7\u0131 lens, her an\u0131 detaylar\u0131yla yakalaman\u0131z\u0131 sa\u011flar. Yaln\u0131zca 49 gram a\u011f\u0131rl\u0131\u011f\u0131nda olan bu kamera, ta\u015f\u0131nabilirli\u011fi ve pratik montaj aparatlar\u0131yla kullan\u0131m kolayl\u0131\u011f\u0131 sunar. 360\u00b0 d\u00f6nebilen klipsi sayesinde her a\u00e7\u0131dan kay\u0131t yapabilirsiniz.800mAh bataryas\u0131, 2 saat kesintisiz \u00e7ekim s\u00fcresi sunarken, USB-C ba\u011flant\u0131s\u0131 ile \u015farj esnas\u0131nda bile kullanabilirsiniz. WiFi \u00f6zelli\u011fi, \u00e7ekti\u011finiz videolar\u0131 an\u0131nda telefonunuza aktarman\u0131za ve sosyal medya payla\u015f\u0131m\u0131na imkan tan\u0131r.K\u00fc\u00e7\u00fck boyut, b\u00fcy\u00fck performans!<\/p>\n","protected":false},"excerpt":{"rendered":"<p>Macera severlerin vazge\u00e7ilmezi olacak bu spor kameras\u0131, zorlu ko\u015fullarda bile dayan\u0131kl\u0131l\u0131\u011f\u0131n\u0131 koruyarak y\u00fcksek kaliteli \u00e7ekimler yapman\u0131z\u0131 sa\u011flar. IP68 koruma sertifikas\u0131 ile 131 feet derinli\u011fe kadar suya dayan\u0131kl\u0131d\u0131r \u2014 dal\u0131\u015f, s\u00f6rf, y\u00fczme ve da\u011fc\u0131l\u0131k gibi ekstrem aktiviteler i\u00e7in idealdir.1080P Full HD \u00e7\u00f6z\u00fcn\u00fcrl\u00fck ve 120\u00b0 geni\u015f a\u00e7\u0131 lens, her an\u0131 detaylar\u0131yla yakalaman\u0131z\u0131 sa\u011flar. Yaln\u0131zca 49 gram a\u011f\u0131rl\u0131\u011f\u0131nda&#8230;<\/p>\n","protected":false},"featured_media":120519,"comment_status":"open","ping_status":"closed","template":"","meta":{"_kad_post_transparent":"","_kad_post_title":"","_kad_post_layout":"","_kad_post_sidebar_id":"","_kad_post_content_style":"","_kad_post_vertical_padding":"","_kad_post_feature":"","_kad_post_feature_position":"","_kad_post_header":false,"_kad_post_footer":false,"_kad_post_classname":""},"product_brand":[],"product_cat":[14927],"product_tag":[],"class_list":{"0":"post-120520","1":"product","2":"type-product","3":"status-publish","4":"has-post-thumbnail","6":"product_cat-akilli-kamera-akilli-kamera","8":"first","9":"instock","10":"purchasable","11":"product-type-simple","12":"entry","13":"content-bg","14":"loop-entry"},"_links":{"self":[{"href":"https:\/\/www.hediyepazar.com\/index.php?rest_route=\/wp\/v2\/product\/120520","targetHints":{"allow":["GET"]}}],"collection":[{"href":"https:\/\/www.hediyepazar.com\/index.php?rest_route=\/wp\/v2\/product"}],"about":[{"href":"https:\/\/www.hediyepazar.com\/index.php?rest_route=\/wp\/v2\/types\/product"}],"replies":[{"embeddable":true,"href":"https:\/\/www.hediyepazar.com\/index.php?rest_route=%2Fwp%2Fv2%2Fcomments&post=120520"}],"wp:featuredmedia":[{"embeddable":true,"href":"https:\/\/www.hediyepazar.com\/index.php?rest_route=\/wp\/v2\/media\/120519"}],"wp:attachment":[{"href":"https:\/\/www.hediyepazar.com\/index.php?rest_route=%2Fwp%2Fv2%2Fmedia&parent=120520"}],"wp:term":[{"taxonomy":"product_brand","embeddable":true,"href":"https:\/\/www.hediyepazar.com\/index.php?rest_route=%2Fwp%2Fv2%2Fproduct_brand&post=120520"},{"taxonomy":"product_cat","embeddable":true,"href":"https:\/\/www.hediyepazar.com\/index.php?rest_route=%2Fwp%2Fv2%2Fproduct_cat&post=120520"},{"taxonomy":"product_tag","embeddable":true,"href":"https:\/\/www.hediyepazar.com\/index.php?rest_route=%2Fwp%2Fv2%2Fproduct_tag&post=120520"}],"curies":[{"name":"wp","href":"https:\/\/api.w.org\/{rel}","templated":true}]}}