{"id":120536,"date":"2026-05-06T03:59:18","date_gmt":"2026-05-06T06:59:18","guid":{"rendered":"https:\/\/www.hediyepazar.com\/?product=mini-mavi-bluetooth-hoparlor-sik-gorunum-ve-tasinabilir-guclu-ses"},"modified":"2026-05-06T03:59:18","modified_gmt":"2026-05-06T06:59:18","slug":"mini-mavi-bluetooth-hoparlor-sik-gorunum-ve-tasinabilir-guclu-ses","status":"publish","type":"product","link":"https:\/\/www.hediyepazar.com\/?product=mini-mavi-bluetooth-hoparlor-sik-gorunum-ve-tasinabilir-guclu-ses","title":{"rendered":"Mini Mavi Bluetooth Hoparl\u00f6r \u015e\u0131k G\u00f6r\u00fcn\u00fcm ve Ta\u015f\u0131nabilir G\u00fc\u00e7l\u00fc Ses"},"content":{"rendered":"<p>\u015e\u0131kl\u0131k ve performans tek bir \u00fcr\u00fcnde bulu\u015ftu!Bu mini ta\u015f\u0131nabilir Bluetooth hoparl\u00f6r, kompakt formuna ra\u011fmen g\u00fc\u00e7l\u00fc ses \u00e7\u0131k\u0131\u015f\u0131yla fark yarat\u0131r.Modern hatlara sahip mavi d\u0131\u015f y\u00fczeyi, bulundu\u011fu ortama enerjik bir hava katar.Hafif ve ergonomik tasar\u0131m\u0131, her yere rahatl\u0131kla ta\u015f\u0131man\u0131za olanak tan\u0131r.Evde, ofiste, d\u0131\u015far\u0131da veya tatilde \u2013 nerede olursan\u0131z olun m\u00fczi\u011fin ritmini yan\u0131n\u0131zda hissedin.Hem estetik g\u00f6r\u00fcn\u00fcm\u00fc hem de y\u00fcksek ses kalitesi ile m\u00fczik deneyiminizi bir \u00fcst seviyeye ta\u015f\u0131r.K\u00fc\u00e7\u00fck ama etkili bu hoparl\u00f6r, tarz\u0131n\u0131z\u0131 tamamlayan m\u00fckemmel bir ses aksesuar\u0131d\u0131r.<\/p>\n","protected":false},"excerpt":{"rendered":"<p>\u015e\u0131kl\u0131k ve performans tek bir \u00fcr\u00fcnde bulu\u015ftu!Bu mini ta\u015f\u0131nabilir Bluetooth hoparl\u00f6r, kompakt formuna ra\u011fmen g\u00fc\u00e7l\u00fc ses \u00e7\u0131k\u0131\u015f\u0131yla fark yarat\u0131r.Modern hatlara sahip mavi d\u0131\u015f y\u00fczeyi, bulundu\u011fu ortama enerjik bir hava katar.Hafif ve ergonomik tasar\u0131m\u0131, her yere rahatl\u0131kla ta\u015f\u0131man\u0131za olanak tan\u0131r.Evde, ofiste, d\u0131\u015far\u0131da veya tatilde \u2013 nerede olursan\u0131z olun m\u00fczi\u011fin ritmini yan\u0131n\u0131zda hissedin.Hem estetik g\u00f6r\u00fcn\u00fcm\u00fc hem de&#8230;<\/p>\n","protected":false},"featured_media":120535,"comment_status":"open","ping_status":"closed","template":"","meta":{"_kad_post_transparent":"","_kad_post_title":"","_kad_post_layout":"","_kad_post_sidebar_id":"","_kad_post_content_style":"","_kad_post_vertical_padding":"","_kad_post_feature":"","_kad_post_feature_position":"","_kad_post_header":false,"_kad_post_footer":false,"_kad_post_classname":""},"product_brand":[],"product_cat":[14911],"product_tag":[],"class_list":{"0":"post-120536","1":"product","2":"type-product","3":"status-publish","4":"has-post-thumbnail","6":"product_cat-kablosuz-hoparlor-kablosuz-hoparlor","8":"first","9":"instock","10":"purchasable","11":"product-type-simple","12":"entry","13":"content-bg","14":"loop-entry"},"_links":{"self":[{"href":"https:\/\/www.hediyepazar.com\/index.php?rest_route=\/wp\/v2\/product\/120536","targetHints":{"allow":["GET"]}}],"collection":[{"href":"https:\/\/www.hediyepazar.com\/index.php?rest_route=\/wp\/v2\/product"}],"about":[{"href":"https:\/\/www.hediyepazar.com\/index.php?rest_route=\/wp\/v2\/types\/product"}],"replies":[{"embeddable":true,"href":"https:\/\/www.hediyepazar.com\/index.php?rest_route=%2Fwp%2Fv2%2Fcomments&post=120536"}],"wp:featuredmedia":[{"embeddable":true,"href":"https:\/\/www.hediyepazar.com\/index.php?rest_route=\/wp\/v2\/media\/120535"}],"wp:attachment":[{"href":"https:\/\/www.hediyepazar.com\/index.php?rest_route=%2Fwp%2Fv2%2Fmedia&parent=120536"}],"wp:term":[{"taxonomy":"product_brand","embeddable":true,"href":"https:\/\/www.hediyepazar.com\/index.php?rest_route=%2Fwp%2Fv2%2Fproduct_brand&post=120536"},{"taxonomy":"product_cat","embeddable":true,"href":"https:\/\/www.hediyepazar.com\/index.php?rest_route=%2Fwp%2Fv2%2Fproduct_cat&post=120536"},{"taxonomy":"product_tag","embeddable":true,"href":"https:\/\/www.hediyepazar.com\/index.php?rest_route=%2Fwp%2Fv2%2Fproduct_tag&post=120536"}],"curies":[{"name":"wp","href":"https:\/\/api.w.org\/{rel}","templated":true}]}}