{"id":120538,"date":"2026-05-06T04:00:57","date_gmt":"2026-05-06T07:00:57","guid":{"rendered":"https:\/\/www.hediyepazar.com\/?product=mavi-tasinabilir-bluetooth-hoparlor-kompakt-tasarim-ve-guclu-ses"},"modified":"2026-05-06T04:00:57","modified_gmt":"2026-05-06T07:00:57","slug":"mavi-tasinabilir-bluetooth-hoparlor-kompakt-tasarim-ve-guclu-ses","status":"publish","type":"product","link":"https:\/\/www.hediyepazar.com\/?product=mavi-tasinabilir-bluetooth-hoparlor-kompakt-tasarim-ve-guclu-ses","title":{"rendered":"Mavi Ta\u015f\u0131nabilir Bluetooth Hoparl\u00f6r Kompakt Tasar\u0131m ve G\u00fc\u00e7l\u00fc Ses"},"content":{"rendered":"<p>M\u00fczi\u011fi her yerde yan\u0131n\u0131zda ta\u015f\u0131y\u0131n!Bu ta\u015f\u0131nabilir Bluetooth hoparl\u00f6r, k\u00fc\u00e7\u00fck boyutlar\u0131na ra\u011fmen g\u00fc\u00e7l\u00fc ses performans\u0131 sunarak sizi \u015fa\u015f\u0131rtacak.Kompakt ve hafif yap\u0131s\u0131 sayesinde \u00e7antan\u0131zda, masan\u0131zda veya seyahatte kolayca yer bulur.Mavi rengi ve modern tasar\u0131m\u0131, onu sadece bir hoparl\u00f6r de\u011fil ayn\u0131 zamanda \u015f\u0131k bir aksesuar h\u00e2line getiriyor.G\u00fcnl\u00fck ya\u015fam\u0131n\u0131za estetik bir dokunu\u015f katarken, sevdi\u011finiz m\u00fczikleri y\u00fcksek kalitede dinleme \u00f6zg\u00fcrl\u00fc\u011f\u00fc sunar.Kullan\u0131m\u0131 pratik, ta\u015f\u0131nmas\u0131 kolay ve g\u00f6r\u00fcn\u00fcm\u00fcyle fark yaratan bu hoparl\u00f6r, m\u00fczik tutkunlar\u0131n\u0131n vazge\u00e7ilmezi olacak.<\/p>\n","protected":false},"excerpt":{"rendered":"<p>M\u00fczi\u011fi her yerde yan\u0131n\u0131zda ta\u015f\u0131y\u0131n!Bu ta\u015f\u0131nabilir Bluetooth hoparl\u00f6r, k\u00fc\u00e7\u00fck boyutlar\u0131na ra\u011fmen g\u00fc\u00e7l\u00fc ses performans\u0131 sunarak sizi \u015fa\u015f\u0131rtacak.Kompakt ve hafif yap\u0131s\u0131 sayesinde \u00e7antan\u0131zda, masan\u0131zda veya seyahatte kolayca yer bulur.Mavi rengi ve modern tasar\u0131m\u0131, onu sadece bir hoparl\u00f6r de\u011fil ayn\u0131 zamanda \u015f\u0131k bir aksesuar h\u00e2line getiriyor.G\u00fcnl\u00fck ya\u015fam\u0131n\u0131za estetik bir dokunu\u015f katarken, sevdi\u011finiz m\u00fczikleri y\u00fcksek kalitede dinleme \u00f6zg\u00fcrl\u00fc\u011f\u00fc&#8230;<\/p>\n","protected":false},"featured_media":120537,"comment_status":"open","ping_status":"closed","template":"","meta":{"_kad_post_transparent":"","_kad_post_title":"","_kad_post_layout":"","_kad_post_sidebar_id":"","_kad_post_content_style":"","_kad_post_vertical_padding":"","_kad_post_feature":"","_kad_post_feature_position":"","_kad_post_header":false,"_kad_post_footer":false,"_kad_post_classname":""},"product_brand":[],"product_cat":[14911],"product_tag":[],"class_list":{"0":"post-120538","1":"product","2":"type-product","3":"status-publish","4":"has-post-thumbnail","6":"product_cat-kablosuz-hoparlor-kablosuz-hoparlor","8":"first","9":"instock","10":"purchasable","11":"product-type-simple","12":"entry","13":"content-bg","14":"loop-entry"},"_links":{"self":[{"href":"https:\/\/www.hediyepazar.com\/index.php?rest_route=\/wp\/v2\/product\/120538","targetHints":{"allow":["GET"]}}],"collection":[{"href":"https:\/\/www.hediyepazar.com\/index.php?rest_route=\/wp\/v2\/product"}],"about":[{"href":"https:\/\/www.hediyepazar.com\/index.php?rest_route=\/wp\/v2\/types\/product"}],"replies":[{"embeddable":true,"href":"https:\/\/www.hediyepazar.com\/index.php?rest_route=%2Fwp%2Fv2%2Fcomments&post=120538"}],"wp:featuredmedia":[{"embeddable":true,"href":"https:\/\/www.hediyepazar.com\/index.php?rest_route=\/wp\/v2\/media\/120537"}],"wp:attachment":[{"href":"https:\/\/www.hediyepazar.com\/index.php?rest_route=%2Fwp%2Fv2%2Fmedia&parent=120538"}],"wp:term":[{"taxonomy":"product_brand","embeddable":true,"href":"https:\/\/www.hediyepazar.com\/index.php?rest_route=%2Fwp%2Fv2%2Fproduct_brand&post=120538"},{"taxonomy":"product_cat","embeddable":true,"href":"https:\/\/www.hediyepazar.com\/index.php?rest_route=%2Fwp%2Fv2%2Fproduct_cat&post=120538"},{"taxonomy":"product_tag","embeddable":true,"href":"https:\/\/www.hediyepazar.com\/index.php?rest_route=%2Fwp%2Fv2%2Fproduct_tag&post=120538"}],"curies":[{"name":"wp","href":"https:\/\/api.w.org\/{rel}","templated":true}]}}