{"id":120566,"date":"2026-05-06T04:04:20","date_gmt":"2026-05-06T07:04:20","guid":{"rendered":"https:\/\/www.hediyepazar.com\/?product=klasik-retro-radyo-bluetooth-destekli-fm-ozellikli-sarjli-hoparlor"},"modified":"2026-05-06T04:04:20","modified_gmt":"2026-05-06T07:04:20","slug":"klasik-retro-radyo-bluetooth-destekli-fm-ozellikli-sarjli-hoparlor","status":"publish","type":"product","link":"https:\/\/www.hediyepazar.com\/?product=klasik-retro-radyo-bluetooth-destekli-fm-ozellikli-sarjli-hoparlor","title":{"rendered":"Klasik Retro Radyo \u2013 Bluetooth Destekli FM \u00d6zellikli \u015earjl\u0131 Hoparl\u00f6r"},"content":{"rendered":"<p>Zaman\u0131n \u00f6tesine ge\u00e7en klasik bir dokunu\u015fla tasarlanan bu retro radyo, evinizin atmosferine s\u0131cak bir nostalji hissi katarken modern teknolojiden de \u00f6d\u00fcn vermez.Bluetooth ba\u011flant\u0131s\u0131, kablosuz m\u00fczik keyfi sunar. USB ve TF kart giri\u015fleri ile farkl\u0131 m\u00fczik dosyalar\u0131n\u0131 kolayca \u00e7alabilir, FM radyo \u00f6zelli\u011fi sayesinde sevdi\u011finiz yay\u0131nlar\u0131 dinleyebilirsiniz.Kompakt boyutu sayesinde masan\u0131zda, kitapl\u0131\u011f\u0131n\u0131zda veya \u00e7al\u0131\u015fma alan\u0131n\u0131zda kolayca konumland\u0131rabilirsiniz.G\u00fc\u00e7l\u00fc ses \u00e7\u0131k\u0131\u015f\u0131, kristal netli\u011finde m\u00fczik deneyimi sunar. \u015earjl\u0131 bataryas\u0131yla uzun s\u00fcreli kullan\u0131m sa\u011flar. \u015e\u0131k ve zarif detaylara sahip d\u0131\u015f g\u00f6r\u00fcn\u00fcm\u00fc, her ortama uyum sa\u011flar.Dekoratif y\u00f6n\u00fcyle dikkat \u00e7eken bu model, hediye alternatifi olarak da m\u00fckemmel bir tercihtir.<\/p>\n","protected":false},"excerpt":{"rendered":"<p>Zaman\u0131n \u00f6tesine ge\u00e7en klasik bir dokunu\u015fla tasarlanan bu retro radyo, evinizin atmosferine s\u0131cak bir nostalji hissi katarken modern teknolojiden de \u00f6d\u00fcn vermez.Bluetooth ba\u011flant\u0131s\u0131, kablosuz m\u00fczik keyfi sunar. USB ve TF kart giri\u015fleri ile farkl\u0131 m\u00fczik dosyalar\u0131n\u0131 kolayca \u00e7alabilir, FM radyo \u00f6zelli\u011fi sayesinde sevdi\u011finiz yay\u0131nlar\u0131 dinleyebilirsiniz.Kompakt boyutu sayesinde masan\u0131zda, kitapl\u0131\u011f\u0131n\u0131zda veya \u00e7al\u0131\u015fma alan\u0131n\u0131zda kolayca konumland\u0131rabilirsiniz.G\u00fc\u00e7l\u00fc ses&#8230;<\/p>\n","protected":false},"featured_media":120565,"comment_status":"open","ping_status":"closed","template":"","meta":{"_kad_post_transparent":"","_kad_post_title":"","_kad_post_layout":"","_kad_post_sidebar_id":"","_kad_post_content_style":"","_kad_post_vertical_padding":"","_kad_post_feature":"","_kad_post_feature_position":"","_kad_post_header":false,"_kad_post_footer":false,"_kad_post_classname":""},"product_brand":[],"product_cat":[14911],"product_tag":[],"class_list":{"0":"post-120566","1":"product","2":"type-product","3":"status-publish","4":"has-post-thumbnail","6":"product_cat-kablosuz-hoparlor-kablosuz-hoparlor","8":"first","9":"instock","10":"purchasable","11":"product-type-simple","12":"entry","13":"content-bg","14":"loop-entry"},"_links":{"self":[{"href":"https:\/\/www.hediyepazar.com\/index.php?rest_route=\/wp\/v2\/product\/120566","targetHints":{"allow":["GET"]}}],"collection":[{"href":"https:\/\/www.hediyepazar.com\/index.php?rest_route=\/wp\/v2\/product"}],"about":[{"href":"https:\/\/www.hediyepazar.com\/index.php?rest_route=\/wp\/v2\/types\/product"}],"replies":[{"embeddable":true,"href":"https:\/\/www.hediyepazar.com\/index.php?rest_route=%2Fwp%2Fv2%2Fcomments&post=120566"}],"wp:featuredmedia":[{"embeddable":true,"href":"https:\/\/www.hediyepazar.com\/index.php?rest_route=\/wp\/v2\/media\/120565"}],"wp:attachment":[{"href":"https:\/\/www.hediyepazar.com\/index.php?rest_route=%2Fwp%2Fv2%2Fmedia&parent=120566"}],"wp:term":[{"taxonomy":"product_brand","embeddable":true,"href":"https:\/\/www.hediyepazar.com\/index.php?rest_route=%2Fwp%2Fv2%2Fproduct_brand&post=120566"},{"taxonomy":"product_cat","embeddable":true,"href":"https:\/\/www.hediyepazar.com\/index.php?rest_route=%2Fwp%2Fv2%2Fproduct_cat&post=120566"},{"taxonomy":"product_tag","embeddable":true,"href":"https:\/\/www.hediyepazar.com\/index.php?rest_route=%2Fwp%2Fv2%2Fproduct_tag&post=120566"}],"curies":[{"name":"wp","href":"https:\/\/api.w.org\/{rel}","templated":true}]}}