{"id":120621,"date":"2026-05-06T04:14:28","date_gmt":"2026-05-06T07:14:28","guid":{"rendered":"https:\/\/www.hediyepazar.com\/?product=sifir-tiras-makinesi-dijital-gostergeli-paslanmaz-celik-bicakli-tasinabilir"},"modified":"2026-05-06T04:14:28","modified_gmt":"2026-05-06T07:14:28","slug":"sifir-tiras-makinesi-dijital-gostergeli-paslanmaz-celik-bicakli-tasinabilir","status":"publish","type":"product","link":"https:\/\/www.hediyepazar.com\/?product=sifir-tiras-makinesi-dijital-gostergeli-paslanmaz-celik-bicakli-tasinabilir","title":{"rendered":"S\u0131f\u0131r T\u0131ra\u015f Makinesi Dijital G\u00f6stergeli Paslanmaz \u00c7elik B\u0131\u00e7akl\u0131 Ta\u015f\u0131nabilir"},"content":{"rendered":"<p>Hassas kesim ve \u00e7ok y\u00f6nl\u00fc kullan\u0131m arayanlar i\u00e7in tasarlanm\u0131\u015f bu t\u0131ra\u015f makinesi, her kullan\u0131mda profesyonel sonu\u00e7lar elde etmenizi sa\u011flar. G\u00fc\u00e7l\u00fc motoru, sessiz \u00e7al\u0131\u015fma \u00f6zelli\u011fi ile desteklenmi\u015f olup sa\u00e7, sakal ve v\u00fccut t\u00fcylerini kolayca kesmek i\u00e7in \u00f6zel olarak geli\u015ftirilmi\u015ftir. \u00c7e\u015fitli uzunluklarda kesim yapmay\u0131 m\u00fcmk\u00fcn k\u0131lan de\u011fi\u015ftirilebilir tarak ba\u015fl\u0131klar\u0131, her stile uygun \u00e7\u00f6z\u00fcmler sunar. \u015earj edilebilir \u00f6zelli\u011fi ile kablosuz \u00f6zg\u00fcrl\u00fck sa\u011flar ve tam \u015farjla uzun s\u00fcreli kullan\u0131m imkan\u0131 sunar. Ergonomik tasar\u0131m\u0131 ve hafif yap\u0131s\u0131, cihaz\u0131n kolayca kullan\u0131lmas\u0131n\u0131 sa\u011flarken, \u00e7\u0131kar\u0131labilir b\u0131\u00e7aklar\u0131 ve temizleme f\u0131r\u00e7as\u0131 ile hijyenik ve zahmetsiz bir bak\u0131m sunar. Evde ki\u015fisel bak\u0131m i\u00e7in pratik bir \u00e7\u00f6z\u00fcm ar\u0131yorsan\u0131z, bu t\u0131ra\u015f makinesi tam size g\u00f6re!<\/p>\n","protected":false},"excerpt":{"rendered":"<p>Hassas kesim ve \u00e7ok y\u00f6nl\u00fc kullan\u0131m arayanlar i\u00e7in tasarlanm\u0131\u015f bu t\u0131ra\u015f makinesi, her kullan\u0131mda profesyonel sonu\u00e7lar elde etmenizi sa\u011flar. G\u00fc\u00e7l\u00fc motoru, sessiz \u00e7al\u0131\u015fma \u00f6zelli\u011fi ile desteklenmi\u015f olup sa\u00e7, sakal ve v\u00fccut t\u00fcylerini kolayca kesmek i\u00e7in \u00f6zel olarak geli\u015ftirilmi\u015ftir. \u00c7e\u015fitli uzunluklarda kesim yapmay\u0131 m\u00fcmk\u00fcn k\u0131lan de\u011fi\u015ftirilebilir tarak ba\u015fl\u0131klar\u0131, her stile uygun \u00e7\u00f6z\u00fcmler sunar. \u015earj edilebilir \u00f6zelli\u011fi&#8230;<\/p>\n","protected":false},"featured_media":120620,"comment_status":"open","ping_status":"closed","template":"","meta":{"_kad_post_transparent":"","_kad_post_title":"","_kad_post_layout":"","_kad_post_sidebar_id":"","_kad_post_content_style":"","_kad_post_vertical_padding":"","_kad_post_feature":"","_kad_post_feature_position":"","_kad_post_header":false,"_kad_post_footer":false,"_kad_post_classname":""},"product_brand":[],"product_cat":[14925],"product_tag":[],"class_list":{"0":"post-120621","1":"product","2":"type-product","3":"status-publish","4":"has-post-thumbnail","6":"product_cat-tiras-makinesi-tiras-makinesi","8":"first","9":"instock","10":"purchasable","11":"product-type-simple","12":"entry","13":"content-bg","14":"loop-entry"},"_links":{"self":[{"href":"https:\/\/www.hediyepazar.com\/index.php?rest_route=\/wp\/v2\/product\/120621","targetHints":{"allow":["GET"]}}],"collection":[{"href":"https:\/\/www.hediyepazar.com\/index.php?rest_route=\/wp\/v2\/product"}],"about":[{"href":"https:\/\/www.hediyepazar.com\/index.php?rest_route=\/wp\/v2\/types\/product"}],"replies":[{"embeddable":true,"href":"https:\/\/www.hediyepazar.com\/index.php?rest_route=%2Fwp%2Fv2%2Fcomments&post=120621"}],"wp:featuredmedia":[{"embeddable":true,"href":"https:\/\/www.hediyepazar.com\/index.php?rest_route=\/wp\/v2\/media\/120620"}],"wp:attachment":[{"href":"https:\/\/www.hediyepazar.com\/index.php?rest_route=%2Fwp%2Fv2%2Fmedia&parent=120621"}],"wp:term":[{"taxonomy":"product_brand","embeddable":true,"href":"https:\/\/www.hediyepazar.com\/index.php?rest_route=%2Fwp%2Fv2%2Fproduct_brand&post=120621"},{"taxonomy":"product_cat","embeddable":true,"href":"https:\/\/www.hediyepazar.com\/index.php?rest_route=%2Fwp%2Fv2%2Fproduct_cat&post=120621"},{"taxonomy":"product_tag","embeddable":true,"href":"https:\/\/www.hediyepazar.com\/index.php?rest_route=%2Fwp%2Fv2%2Fproduct_tag&post=120621"}],"curies":[{"name":"wp","href":"https:\/\/api.w.org\/{rel}","templated":true}]}}