{"id":120623,"date":"2026-05-06T04:14:40","date_gmt":"2026-05-06T07:14:40","guid":{"rendered":"https:\/\/www.hediyepazar.com\/?product=tiras-makinesi-tasinabilir-ozel-kesim-paslanmaz-celik-bicakli"},"modified":"2026-05-06T04:14:40","modified_gmt":"2026-05-06T07:14:40","slug":"tiras-makinesi-tasinabilir-ozel-kesim-paslanmaz-celik-bicakli","status":"publish","type":"product","link":"https:\/\/www.hediyepazar.com\/?product=tiras-makinesi-tasinabilir-ozel-kesim-paslanmaz-celik-bicakli","title":{"rendered":"T\u0131ra\u015f Makinesi Ta\u015f\u0131nabilir \u00d6zel Kesim Paslanmaz \u00c7elik B\u0131\u00e7akl\u0131"},"content":{"rendered":"<p>Bu t\u0131ra\u015f makinesi, sa\u00e7 ve sakal bak\u0131m\u0131n\u0131 yeni bir seviyeye ta\u015f\u0131yor. Keskin ve dayan\u0131kl\u0131 b\u0131\u00e7aklar\u0131 sayesinde sa\u00e7 ve sakal kesiminde \u00fcst\u00fcn hassasiyet sunar. Her tip t\u00fcy ve k\u0131l i\u00e7in uygun olan bu cihaz, farkl\u0131 uzunluklarda kesim yapmak isteyen kullan\u0131c\u0131lar i\u00e7in de\u011fi\u015ftirilebilir tarak ba\u015fl\u0131klar\u0131 ile donat\u0131lm\u0131\u015ft\u0131r. \u015earj edilebilir g\u00fc\u00e7l\u00fc bataryas\u0131, tam \u015farj ile uzun s\u00fcre kesintisiz kullan\u0131m sa\u011flar. Ergonomik tasar\u0131m\u0131, cihaz\u0131 kolayca kavraman\u0131z\u0131 ve en zor alanlarda bile rahat bir \u015fekilde manevra yapman\u0131z\u0131 sa\u011flar. Sessiz \u00e7al\u0131\u015fan motoru, konforlu bir t\u0131ra\u015f deneyimi ya\u015fat\u0131rken, \u00e7\u0131kar\u0131labilir ve y\u0131kanabilir b\u0131\u00e7aklar\u0131 hijyenik bir kullan\u0131m sunar. Bu \u00e7ok y\u00f6nl\u00fc t\u0131ra\u015f makinesi, hem profesyonel hem de ev kullan\u0131m\u0131 i\u00e7in idealdir ve her kullan\u0131c\u0131n\u0131n beklentisini kar\u015f\u0131layacak \u015fekilde tasarlanm\u0131\u015ft\u0131r.<\/p>\n","protected":false},"excerpt":{"rendered":"<p>Bu t\u0131ra\u015f makinesi, sa\u00e7 ve sakal bak\u0131m\u0131n\u0131 yeni bir seviyeye ta\u015f\u0131yor. Keskin ve dayan\u0131kl\u0131 b\u0131\u00e7aklar\u0131 sayesinde sa\u00e7 ve sakal kesiminde \u00fcst\u00fcn hassasiyet sunar. Her tip t\u00fcy ve k\u0131l i\u00e7in uygun olan bu cihaz, farkl\u0131 uzunluklarda kesim yapmak isteyen kullan\u0131c\u0131lar i\u00e7in de\u011fi\u015ftirilebilir tarak ba\u015fl\u0131klar\u0131 ile donat\u0131lm\u0131\u015ft\u0131r. \u015earj edilebilir g\u00fc\u00e7l\u00fc bataryas\u0131, tam \u015farj ile uzun s\u00fcre kesintisiz&#8230;<\/p>\n","protected":false},"featured_media":120622,"comment_status":"open","ping_status":"closed","template":"","meta":{"_kad_post_transparent":"","_kad_post_title":"","_kad_post_layout":"","_kad_post_sidebar_id":"","_kad_post_content_style":"","_kad_post_vertical_padding":"","_kad_post_feature":"","_kad_post_feature_position":"","_kad_post_header":false,"_kad_post_footer":false,"_kad_post_classname":""},"product_brand":[],"product_cat":[14925],"product_tag":[],"class_list":{"0":"post-120623","1":"product","2":"type-product","3":"status-publish","4":"has-post-thumbnail","6":"product_cat-tiras-makinesi-tiras-makinesi","8":"first","9":"instock","10":"purchasable","11":"product-type-simple","12":"entry","13":"content-bg","14":"loop-entry"},"_links":{"self":[{"href":"https:\/\/www.hediyepazar.com\/index.php?rest_route=\/wp\/v2\/product\/120623","targetHints":{"allow":["GET"]}}],"collection":[{"href":"https:\/\/www.hediyepazar.com\/index.php?rest_route=\/wp\/v2\/product"}],"about":[{"href":"https:\/\/www.hediyepazar.com\/index.php?rest_route=\/wp\/v2\/types\/product"}],"replies":[{"embeddable":true,"href":"https:\/\/www.hediyepazar.com\/index.php?rest_route=%2Fwp%2Fv2%2Fcomments&post=120623"}],"wp:featuredmedia":[{"embeddable":true,"href":"https:\/\/www.hediyepazar.com\/index.php?rest_route=\/wp\/v2\/media\/120622"}],"wp:attachment":[{"href":"https:\/\/www.hediyepazar.com\/index.php?rest_route=%2Fwp%2Fv2%2Fmedia&parent=120623"}],"wp:term":[{"taxonomy":"product_brand","embeddable":true,"href":"https:\/\/www.hediyepazar.com\/index.php?rest_route=%2Fwp%2Fv2%2Fproduct_brand&post=120623"},{"taxonomy":"product_cat","embeddable":true,"href":"https:\/\/www.hediyepazar.com\/index.php?rest_route=%2Fwp%2Fv2%2Fproduct_cat&post=120623"},{"taxonomy":"product_tag","embeddable":true,"href":"https:\/\/www.hediyepazar.com\/index.php?rest_route=%2Fwp%2Fv2%2Fproduct_tag&post=120623"}],"curies":[{"name":"wp","href":"https:\/\/api.w.org\/{rel}","templated":true}]}}