{"id":120675,"date":"2026-05-06T04:26:07","date_gmt":"2026-05-06T07:26:07","guid":{"rendered":"https:\/\/www.hediyepazar.com\/?product=termal-baskili-hd-sipsak-kamera-24mp-cift-lensli-32gb-hafizali"},"modified":"2026-05-06T04:26:07","modified_gmt":"2026-05-06T07:26:07","slug":"termal-baskili-hd-sipsak-kamera-24mp-cift-lensli-32gb-hafizali","status":"publish","type":"product","link":"https:\/\/www.hediyepazar.com\/?product=termal-baskili-hd-sipsak-kamera-24mp-cift-lensli-32gb-hafizali","title":{"rendered":"Termal Bask\u0131l\u0131 HD \u015eip\u015fak Kamera 24MP \u00c7ift Lensli 32GB Haf\u0131zal\u0131"},"content":{"rendered":"<p>Modern teknolojiyi e\u011flenceyle bulu\u015fturan Termal Bask\u0131l\u0131 HD \u015eip\u015fak Kamera, her an\u0131 \u00f6l\u00fcms\u00fczle\u015ftirmek i\u00e7in geli\u015ftirilmi\u015ftir. Termal bask\u0131 sistemi, m\u00fcrekkep kullanmadan foto\u011fraflar\u0131n\u0131z\u0131 saniyeler i\u00e7inde basar. Foto\u011fraflar\u0131n\u0131z\u0131 hem dijital olarak saklayabilir hem de an\u0131nda ka\u011f\u0131da d\u00f6kebilirsiniz.24 megapiksel \u00e7\u00f6z\u00fcn\u00fcrl\u00fckl\u00fc HD \u00e7ift lens, her foto\u011fraf\u0131n detay\u0131n\u0131 net bir \u015fekilde yakalar. 1080P HD video deste\u011fiyle an\u0131lar\u0131n\u0131z\u0131 canl\u0131 renklerle kaydedebilirsiniz. Dahili 32 GB haf\u0131za, foto\u011fraf ve videolar\u0131n\u0131z i\u00e7in geni\u015f depolama alan\u0131 sunar.Tek tu\u015fla bask\u0131 fonksiyonu, kullan\u0131c\u0131 dostu bir deneyim sa\u011flar; k\u00fc\u00e7\u00fck \u00e7ocuklar bile kolayca kullanabilir. Hafif ve ta\u015f\u0131nabilir yap\u0131s\u0131, d\u0131\u015f mekanlarda, seyahatlerde veya do\u011fum g\u00fcn\u00fc etkinliklerinde kolay kullan\u0131m imk\u00e2n\u0131 sunar.Bu kamera yaln\u0131zca foto\u011fraf \u00e7ekmekle kalmaz; m\u00fczik dinleme, oyun oynama ve video izleme \u00f6zellikleriyle \u00e7ok y\u00f6nl\u00fc bir e\u011flence cihaz\u0131na d\u00f6n\u00fc\u015f\u00fcr. \u015earj edilebilir pil sistemi, uzun s\u00fcreli performans sa\u011flar.Hem e\u011fitici bir oyuncak hem de teknolojik bir kamera arayanlar i\u00e7in m\u00fckemmel bir se\u00e7imdir. \u00c7ocuklara foto\u011fraf \u00e7ekmeyi \u00f6\u011fretirken an\u0131lar\u0131n\u0131 an\u0131nda bask\u0131ya d\u00f6kme heyecan\u0131n\u0131 ya\u015fat\u0131r. Renkli, pratik ve dayan\u0131kl\u0131 yap\u0131s\u0131yla her ya\u015f i\u00e7in keyifli bir hediye alternatifi sunar.<\/p>\n","protected":false},"excerpt":{"rendered":"<p>Modern teknolojiyi e\u011flenceyle bulu\u015fturan Termal Bask\u0131l\u0131 HD \u015eip\u015fak Kamera, her an\u0131 \u00f6l\u00fcms\u00fczle\u015ftirmek i\u00e7in geli\u015ftirilmi\u015ftir. Termal bask\u0131 sistemi, m\u00fcrekkep kullanmadan foto\u011fraflar\u0131n\u0131z\u0131 saniyeler i\u00e7inde basar. Foto\u011fraflar\u0131n\u0131z\u0131 hem dijital olarak saklayabilir hem de an\u0131nda ka\u011f\u0131da d\u00f6kebilirsiniz.24 megapiksel \u00e7\u00f6z\u00fcn\u00fcrl\u00fckl\u00fc HD \u00e7ift lens, her foto\u011fraf\u0131n detay\u0131n\u0131 net bir \u015fekilde yakalar. 1080P HD video deste\u011fiyle an\u0131lar\u0131n\u0131z\u0131 canl\u0131 renklerle kaydedebilirsiniz. Dahili 32&#8230;<\/p>\n","protected":false},"featured_media":120674,"comment_status":"open","ping_status":"closed","template":"","meta":{"_kad_post_transparent":"","_kad_post_title":"","_kad_post_layout":"","_kad_post_sidebar_id":"","_kad_post_content_style":"","_kad_post_vertical_padding":"","_kad_post_feature":"","_kad_post_feature_position":"","_kad_post_header":false,"_kad_post_footer":false,"_kad_post_classname":""},"product_brand":[],"product_cat":[14987],"product_tag":[],"class_list":{"0":"post-120675","1":"product","2":"type-product","3":"status-publish","4":"has-post-thumbnail","6":"product_cat-cocuk-kamera-cocuk-kamera","8":"first","9":"instock","10":"purchasable","11":"product-type-simple","12":"entry","13":"content-bg","14":"loop-entry"},"_links":{"self":[{"href":"https:\/\/www.hediyepazar.com\/index.php?rest_route=\/wp\/v2\/product\/120675","targetHints":{"allow":["GET"]}}],"collection":[{"href":"https:\/\/www.hediyepazar.com\/index.php?rest_route=\/wp\/v2\/product"}],"about":[{"href":"https:\/\/www.hediyepazar.com\/index.php?rest_route=\/wp\/v2\/types\/product"}],"replies":[{"embeddable":true,"href":"https:\/\/www.hediyepazar.com\/index.php?rest_route=%2Fwp%2Fv2%2Fcomments&post=120675"}],"wp:featuredmedia":[{"embeddable":true,"href":"https:\/\/www.hediyepazar.com\/index.php?rest_route=\/wp\/v2\/media\/120674"}],"wp:attachment":[{"href":"https:\/\/www.hediyepazar.com\/index.php?rest_route=%2Fwp%2Fv2%2Fmedia&parent=120675"}],"wp:term":[{"taxonomy":"product_brand","embeddable":true,"href":"https:\/\/www.hediyepazar.com\/index.php?rest_route=%2Fwp%2Fv2%2Fproduct_brand&post=120675"},{"taxonomy":"product_cat","embeddable":true,"href":"https:\/\/www.hediyepazar.com\/index.php?rest_route=%2Fwp%2Fv2%2Fproduct_cat&post=120675"},{"taxonomy":"product_tag","embeddable":true,"href":"https:\/\/www.hediyepazar.com\/index.php?rest_route=%2Fwp%2Fv2%2Fproduct_tag&post=120675"}],"curies":[{"name":"wp","href":"https:\/\/api.w.org\/{rel}","templated":true}]}}