{"id":120886,"date":"2026-05-06T05:11:21","date_gmt":"2026-05-06T08:11:21","guid":{"rendered":"https:\/\/www.hediyepazar.com\/?product=beyaz-dantelli-fantazi-sutyen-ve-g-string-takimi-tm2090"},"modified":"2026-05-06T05:11:21","modified_gmt":"2026-05-06T08:11:21","slug":"beyaz-dantelli-fantazi-sutyen-ve-g-string-takimi-tm2090","status":"publish","type":"product","link":"https:\/\/www.hediyepazar.com\/?product=beyaz-dantelli-fantazi-sutyen-ve-g-string-takimi-tm2090","title":{"rendered":"Beyaz Dantelli Fantazi S\u00fctyen ve G-String Tak\u0131m\u0131 TM2090"},"content":{"rendered":"<ul>\n<li><span style=\"font-size: 14px;\"><font face=\"Arial\">Beyaz Dantelli Fantazi S&uuml;tyen ve G-String Tak\u0131m\u0131<\/font><\/span><\/li>\n<li><span style=\"font-size: 14px;\"><font face=\"Arial\">%90 Polyester %10 Elastan<\/font><\/span><\/li>\n<li><span style=\"font-size: 14px;\"><font face=\"Arial\">&Uuml;r&uuml;nleri maksimum 30 derece suda ve elde y\u0131kay\u0131n\u0131z. Asarak kurutunuz.<\/font><\/span><\/li>\n<li><span style=\"font-size: 14px;\"><font face=\"Arial\">&Uuml;r&uuml;n s&uuml;tyen ve g-string olmak &uuml;zere 2 par&ccedil;adan olu\u015fmaktad\u0131r.<\/font><\/span><\/li>\n<li><font face=\"Arial\"><span style=\"font-size: 14px; line-height: 14.98px;\">Gizli paketleme ile g&ouml;nderilir. Kargo &uuml;zerinde &uuml;r&uuml;n ad\u0131 ve i&ccedil;eri\u011fi kesinlikle yazmaz<\/span><\/font><\/li>\n<li><font face=\"Arial\"><span style=\"font-size: 14px;\">Hijyen ko\u015fullar\u0131 nedeniyle i&ccedil; giyim &uuml;r&uuml;nlerinde iade ve de\u011fi\u015fim bulunmamaktad\u0131r.<\/span><\/font><\/li>\n<\/ul>\n<div>\n<p>&nbsp;<\/p>\n<\/div>\n","protected":false},"excerpt":{"rendered":"<p>Beyaz Dantelli Fantazi S&uuml;tyen ve G-String Tak\u0131m\u0131 %90 Polyester %10 Elastan &Uuml;r&uuml;nleri maksimum 30 derece suda ve elde y\u0131kay\u0131n\u0131z. Asarak kurutunuz. &Uuml;r&uuml;n s&uuml;tyen ve g-string olmak &uuml;zere 2 par&ccedil;adan olu\u015fmaktad\u0131r. Gizli paketleme ile g&ouml;nderilir. Kargo &uuml;zerinde &uuml;r&uuml;n ad\u0131 ve i&ccedil;eri\u011fi kesinlikle yazmaz Hijyen ko\u015fullar\u0131 nedeniyle i&ccedil; giyim &uuml;r&uuml;nlerinde iade ve de\u011fi\u015fim bulunmamaktad\u0131r. &nbsp;<\/p>\n","protected":false},"featured_media":120885,"comment_status":"open","ping_status":"closed","template":"","meta":{"_kad_post_transparent":"","_kad_post_title":"","_kad_post_layout":"","_kad_post_sidebar_id":"","_kad_post_content_style":"","_kad_post_vertical_padding":"","_kad_post_feature":"","_kad_post_feature_position":"","_kad_post_header":false,"_kad_post_footer":false,"_kad_post_classname":""},"product_brand":[],"product_cat":[15112],"product_tag":[],"class_list":{"0":"post-120886","1":"product","2":"type-product","3":"status-publish","4":"has-post-thumbnail","6":"product_cat-fantazi-ic-camasiri-fantazi-ic-giyim-fantazi-ic-camasiri","8":"first","9":"instock","10":"purchasable","11":"product-type-simple","12":"entry","13":"content-bg","14":"loop-entry"},"_links":{"self":[{"href":"https:\/\/www.hediyepazar.com\/index.php?rest_route=\/wp\/v2\/product\/120886","targetHints":{"allow":["GET"]}}],"collection":[{"href":"https:\/\/www.hediyepazar.com\/index.php?rest_route=\/wp\/v2\/product"}],"about":[{"href":"https:\/\/www.hediyepazar.com\/index.php?rest_route=\/wp\/v2\/types\/product"}],"replies":[{"embeddable":true,"href":"https:\/\/www.hediyepazar.com\/index.php?rest_route=%2Fwp%2Fv2%2Fcomments&post=120886"}],"wp:featuredmedia":[{"embeddable":true,"href":"https:\/\/www.hediyepazar.com\/index.php?rest_route=\/wp\/v2\/media\/120885"}],"wp:attachment":[{"href":"https:\/\/www.hediyepazar.com\/index.php?rest_route=%2Fwp%2Fv2%2Fmedia&parent=120886"}],"wp:term":[{"taxonomy":"product_brand","embeddable":true,"href":"https:\/\/www.hediyepazar.com\/index.php?rest_route=%2Fwp%2Fv2%2Fproduct_brand&post=120886"},{"taxonomy":"product_cat","embeddable":true,"href":"https:\/\/www.hediyepazar.com\/index.php?rest_route=%2Fwp%2Fv2%2Fproduct_cat&post=120886"},{"taxonomy":"product_tag","embeddable":true,"href":"https:\/\/www.hediyepazar.com\/index.php?rest_route=%2Fwp%2Fv2%2Fproduct_tag&post=120886"}],"curies":[{"name":"wp","href":"https:\/\/api.w.org\/{rel}","templated":true}]}}