{"id":121294,"date":"2026-05-06T06:59:09","date_gmt":"2026-05-06T09:59:09","guid":{"rendered":"https:\/\/www.hediyepazar.com\/?product=yuksek-gerilimli-elektronik-sinek-raket-sessiz-kimyasiz-ve-guvenli-kullanim"},"modified":"2026-05-06T06:59:09","modified_gmt":"2026-05-06T09:59:09","slug":"yuksek-gerilimli-elektronik-sinek-raket-sessiz-kimyasiz-ve-guvenli-kullanim","status":"publish","type":"product","link":"https:\/\/www.hediyepazar.com\/?product=yuksek-gerilimli-elektronik-sinek-raket-sessiz-kimyasiz-ve-guvenli-kullanim","title":{"rendered":"Y\u00fcksek Gerilimli Elektronik Sinek Raket \u2013 Sessiz Kimyas\u0131z ve G\u00fcvenli Kullan\u0131m"},"content":{"rendered":"<p>Bu y\u00fcksek gerilimli elektronik sineklik, yaz aylar\u0131nda sinek ve sivrisineklerle sava\u015fta en g\u00fc\u00e7l\u00fc yard\u0131mc\u0131n\u0131z olacak. \u0130\u00e7 k\u0131sm\u0131ndaki y\u00fcksek voltajl\u0131 \u0131zgara, b\u00f6cekleri temas an\u0131nda etkisiz hale getirirken d\u0131\u015f k\u0131s\u0131mda bulunan koruyucu katmanlar g\u00fcvenli kullan\u0131m sa\u011flar.\u00dc\u00e7 katmanl\u0131 g\u00fcvenlik sistemi sayesinde \u00e7ocuklar ve evcil hayvanlar i\u00e7in tamamen g\u00fcvenlidir. Elektrik \u00e7arpmas\u0131 riski olmadan, etkili ve h\u0131zl\u0131 sonu\u00e7 al\u0131rs\u0131n\u0131z.Kimyasal madde veya sprey kullanmadan do\u011fal bir \u00e7\u00f6z\u00fcm sunan bu \u00fcr\u00fcn, hem insan sa\u011fl\u0131\u011f\u0131 hem de \u00e7evre a\u00e7\u0131s\u0131ndan dosttur.Pil ile \u00e7al\u0131\u015fan kablosuz tasar\u0131m\u0131, her alanda \u00f6zg\u00fcr kullan\u0131m imkan\u0131 sunar. Evinizde, kamp alan\u0131nda, balkonda veya bah\u00e7ede kolayca kullanabilirsiniz. Ergonomik sap\u0131 sayesinde elinizde rahat\u00e7a tutabilir, sinekleri an\u0131nda yakalayabilirsiniz.Sessiz \u00e7al\u0131\u015fmas\u0131 ve lekesiz hijyenik yap\u0131s\u0131 ile modern ya\u015fam\u0131n en pratik sinek savar \u00e7\u00f6z\u00fcm\u00fcd\u00fcr.Hafif, etkili ve g\u00fcvenli bu sineklikle yaz gecelerini yeniden keyifli hale getirin. Kimyas\u0131z, sessiz ve ta\u015f\u0131nabilir bu teknolojiyle do\u011faya zarar vermeden sineklerden kurtulun!<\/p>\n","protected":false},"excerpt":{"rendered":"<p>Bu y\u00fcksek gerilimli elektronik sineklik, yaz aylar\u0131nda sinek ve sivrisineklerle sava\u015fta en g\u00fc\u00e7l\u00fc yard\u0131mc\u0131n\u0131z olacak. \u0130\u00e7 k\u0131sm\u0131ndaki y\u00fcksek voltajl\u0131 \u0131zgara, b\u00f6cekleri temas an\u0131nda etkisiz hale getirirken d\u0131\u015f k\u0131s\u0131mda bulunan koruyucu katmanlar g\u00fcvenli kullan\u0131m sa\u011flar.\u00dc\u00e7 katmanl\u0131 g\u00fcvenlik sistemi sayesinde \u00e7ocuklar ve evcil hayvanlar i\u00e7in tamamen g\u00fcvenlidir. Elektrik \u00e7arpmas\u0131 riski olmadan, etkili ve h\u0131zl\u0131 sonu\u00e7 al\u0131rs\u0131n\u0131z.Kimyasal madde&#8230;<\/p>\n","protected":false},"featured_media":121293,"comment_status":"open","ping_status":"closed","template":"","meta":{"_kad_post_transparent":"","_kad_post_title":"","_kad_post_layout":"","_kad_post_sidebar_id":"","_kad_post_content_style":"","_kad_post_vertical_padding":"","_kad_post_feature":"","_kad_post_feature_position":"","_kad_post_header":false,"_kad_post_footer":false,"_kad_post_classname":""},"product_brand":[],"product_cat":[15078],"product_tag":[],"class_list":{"0":"post-121294","1":"product","2":"type-product","3":"status-publish","4":"has-post-thumbnail","6":"product_cat-hasere-kovucular-hasere-kovucular","8":"first","9":"instock","10":"purchasable","11":"product-type-simple","12":"entry","13":"content-bg","14":"loop-entry"},"_links":{"self":[{"href":"https:\/\/www.hediyepazar.com\/index.php?rest_route=\/wp\/v2\/product\/121294","targetHints":{"allow":["GET"]}}],"collection":[{"href":"https:\/\/www.hediyepazar.com\/index.php?rest_route=\/wp\/v2\/product"}],"about":[{"href":"https:\/\/www.hediyepazar.com\/index.php?rest_route=\/wp\/v2\/types\/product"}],"replies":[{"embeddable":true,"href":"https:\/\/www.hediyepazar.com\/index.php?rest_route=%2Fwp%2Fv2%2Fcomments&post=121294"}],"wp:featuredmedia":[{"embeddable":true,"href":"https:\/\/www.hediyepazar.com\/index.php?rest_route=\/wp\/v2\/media\/121293"}],"wp:attachment":[{"href":"https:\/\/www.hediyepazar.com\/index.php?rest_route=%2Fwp%2Fv2%2Fmedia&parent=121294"}],"wp:term":[{"taxonomy":"product_brand","embeddable":true,"href":"https:\/\/www.hediyepazar.com\/index.php?rest_route=%2Fwp%2Fv2%2Fproduct_brand&post=121294"},{"taxonomy":"product_cat","embeddable":true,"href":"https:\/\/www.hediyepazar.com\/index.php?rest_route=%2Fwp%2Fv2%2Fproduct_cat&post=121294"},{"taxonomy":"product_tag","embeddable":true,"href":"https:\/\/www.hediyepazar.com\/index.php?rest_route=%2Fwp%2Fv2%2Fproduct_tag&post=121294"}],"curies":[{"name":"wp","href":"https:\/\/api.w.org\/{rel}","templated":true}]}}