{"id":121449,"date":"2026-05-06T07:21:13","date_gmt":"2026-05-06T10:21:13","guid":{"rendered":"https:\/\/www.hediyepazar.com\/?product=oyuncu-bluetooth-kulaklik-tam-kablosuz-stereo-led-isikli"},"modified":"2026-05-06T07:21:13","modified_gmt":"2026-05-06T10:21:13","slug":"oyuncu-bluetooth-kulaklik-tam-kablosuz-stereo-led-isikli","status":"publish","type":"product","link":"https:\/\/www.hediyepazar.com\/?product=oyuncu-bluetooth-kulaklik-tam-kablosuz-stereo-led-isikli","title":{"rendered":"Oyuncu Bluetooth Kulakl\u0131k Tam Kablosuz Stereo LED I\u015f\u0131kl\u0131"},"content":{"rendered":"<p>Oyuncu Bluetooth Kulakl\u0131\u011f\u0131, tam kablosuz ba\u011flant\u0131 teknolojisiyle kablo karma\u015fas\u0131n\u0131 tamamen ortadan kald\u0131rarak \u00f6zg\u00fcr bir kullan\u0131m deneyimi sunar. Kablolar\u0131n dola\u015fmas\u0131, kopmas\u0131 veya zarar g\u00f6rmesi gibi sorunlarla u\u011fra\u015fmadan m\u00fczik dinlemek, arama yapmak ve oyun oynamak m\u00fcmk\u00fcnd\u00fcr. Bluetooth 5.0 teknolojisi sayesinde cihaz\u0131n\u0131zla saniyeler i\u00e7inde h\u0131zl\u0131 bir \u015fekilde e\u015fle\u015fir ve stabil bir ba\u011flant\u0131 sa\u011flar. Hem IOS hem Android ile uyumlu olmas\u0131 her kullan\u0131c\u0131 i\u00e7in ideal bir deneyim sunar.12 mm dinamik s\u00fcr\u00fcc\u00fcye sahip olan kulakl\u0131k, g\u00fc\u00e7l\u00fc stereo ses \u00e7\u0131k\u0131\u015f\u0131 ile m\u00fcziklerde netlik, oyunlarda ise detayl\u0131 ses efektleri sa\u011flar. 20 Hz \u2013 20 kHz frekans aral\u0131\u011f\u0131, seslerin t\u00fcm detaylar\u0131n\u0131 duyman\u0131z\u0131 sa\u011flayarak ger\u00e7ek\u00e7i bir dinleme performans\u0131 sunar. Pasif g\u00fcr\u00fclt\u00fc \u00f6nleme \u00f6zelli\u011fi, d\u0131\u015f ortamdaki rahats\u0131z edici sesleri engelleyerek yaln\u0131zca m\u00fczi\u011fe, konu\u015fmaya veya oyuna odaklanman\u0131za olanak tan\u0131r. Kulak i\u00e7i tasar\u0131m\u0131 kula\u011fa tam oturur ve konforlu bir kullan\u0131m sa\u011flar.Tek \u015farjla 4 saate kadar kullan\u0131m sunan kulakl\u0131k, 400 mAh\u2019lik \u015farj kutusu ile birden \u00e7ok kez \u015farj edilebilir. 120 saatlik bekleme s\u00fcresi sayesinde uzun s\u00fcre \u015farj derdi ya\u015famadan kullanabilirsiniz. Kulakl\u0131\u011f\u0131n 45 dakikada \u015farj olmas\u0131, kutunun ise 1.2 saatte tam dolulu\u011fa ula\u015fmas\u0131 b\u00fcy\u00fck bir avantaj sa\u011flar. Kullan\u0131c\u0131 dostu kontrol paneliyle \u015fark\u0131 de\u011fi\u015ftirip durdurabilir, aramalar\u0131 y\u00f6netebilir ve ses ayarlar\u0131n\u0131 kolayca yapabilirsiniz.LED ayd\u0131nlatmas\u0131 kulakl\u0131\u011fa modern ve \u015f\u0131k bir g\u00f6r\u00fcn\u00fcm kazand\u0131r\u0131rken, mikrofonu sayesinde g\u00f6r\u00fc\u015fmelerde net ve temiz bir ses iletimi sa\u011flar. 10 metreye kadar \u00e7ekim mesafesi, evde, ofiste veya spor yaparken \u00f6zg\u00fcr kullan\u0131m imk\u00e2n\u0131 sunar. K55 Ally, oyun, m\u00fczik, film ve g\u00fcnl\u00fck kullan\u0131m i\u00e7in m\u00fckemmel bir tam kablosuz kulakl\u0131k deneyimi sunar.<\/p>\n","protected":false},"excerpt":{"rendered":"<p>Oyuncu Bluetooth Kulakl\u0131\u011f\u0131, tam kablosuz ba\u011flant\u0131 teknolojisiyle kablo karma\u015fas\u0131n\u0131 tamamen ortadan kald\u0131rarak \u00f6zg\u00fcr bir kullan\u0131m deneyimi sunar. Kablolar\u0131n dola\u015fmas\u0131, kopmas\u0131 veya zarar g\u00f6rmesi gibi sorunlarla u\u011fra\u015fmadan m\u00fczik dinlemek, arama yapmak ve oyun oynamak m\u00fcmk\u00fcnd\u00fcr. Bluetooth 5.0 teknolojisi sayesinde cihaz\u0131n\u0131zla saniyeler i\u00e7inde h\u0131zl\u0131 bir \u015fekilde e\u015fle\u015fir ve stabil bir ba\u011flant\u0131 sa\u011flar. Hem IOS hem Android ile&#8230;<\/p>\n","protected":false},"featured_media":121448,"comment_status":"open","ping_status":"closed","template":"","meta":{"_kad_post_transparent":"","_kad_post_title":"","_kad_post_layout":"","_kad_post_sidebar_id":"","_kad_post_content_style":"","_kad_post_vertical_padding":"","_kad_post_feature":"","_kad_post_feature_position":"","_kad_post_header":false,"_kad_post_footer":false,"_kad_post_classname":""},"product_brand":[],"product_cat":[14957],"product_tag":[],"class_list":{"0":"post-121449","1":"product","2":"type-product","3":"status-publish","4":"has-post-thumbnail","6":"product_cat-kablosuz-kulaklik-kablosuz-kulaklik","8":"first","9":"instock","10":"purchasable","11":"product-type-simple","12":"entry","13":"content-bg","14":"loop-entry"},"_links":{"self":[{"href":"https:\/\/www.hediyepazar.com\/index.php?rest_route=\/wp\/v2\/product\/121449","targetHints":{"allow":["GET"]}}],"collection":[{"href":"https:\/\/www.hediyepazar.com\/index.php?rest_route=\/wp\/v2\/product"}],"about":[{"href":"https:\/\/www.hediyepazar.com\/index.php?rest_route=\/wp\/v2\/types\/product"}],"replies":[{"embeddable":true,"href":"https:\/\/www.hediyepazar.com\/index.php?rest_route=%2Fwp%2Fv2%2Fcomments&post=121449"}],"wp:featuredmedia":[{"embeddable":true,"href":"https:\/\/www.hediyepazar.com\/index.php?rest_route=\/wp\/v2\/media\/121448"}],"wp:attachment":[{"href":"https:\/\/www.hediyepazar.com\/index.php?rest_route=%2Fwp%2Fv2%2Fmedia&parent=121449"}],"wp:term":[{"taxonomy":"product_brand","embeddable":true,"href":"https:\/\/www.hediyepazar.com\/index.php?rest_route=%2Fwp%2Fv2%2Fproduct_brand&post=121449"},{"taxonomy":"product_cat","embeddable":true,"href":"https:\/\/www.hediyepazar.com\/index.php?rest_route=%2Fwp%2Fv2%2Fproduct_cat&post=121449"},{"taxonomy":"product_tag","embeddable":true,"href":"https:\/\/www.hediyepazar.com\/index.php?rest_route=%2Fwp%2Fv2%2Fproduct_tag&post=121449"}],"curies":[{"name":"wp","href":"https:\/\/api.w.org\/{rel}","templated":true}]}}