{"id":121455,"date":"2026-05-06T07:22:06","date_gmt":"2026-05-06T10:22:06","guid":{"rendered":"https:\/\/www.hediyepazar.com\/?product=elektrik-test-kalemi-neon-isikli-nikel-kaplama-110-220v-direncli"},"modified":"2026-05-06T07:22:06","modified_gmt":"2026-05-06T10:22:06","slug":"elektrik-test-kalemi-neon-isikli-nikel-kaplama-110-220v-direncli","status":"publish","type":"product","link":"https:\/\/www.hediyepazar.com\/?product=elektrik-test-kalemi-neon-isikli-nikel-kaplama-110-220v-direncli","title":{"rendered":"Elektrik Test Kalemi Neon I\u015f\u0131kl\u0131 Nikel Kaplama 110-220V Diren\u00e7li"},"content":{"rendered":"<p>110V\u2013220V aral\u0131\u011f\u0131nda \u00e7al\u0131\u015fan elektrik direnci sayesinde geni\u015f kullan\u0131m alan\u0131 sunan bu elektrik test kalemi, hem profesyonellerin hem de g\u00fcnl\u00fck kullan\u0131c\u0131lar\u0131n g\u00fcvenli bir \u015fekilde elektrik kontrol\u00fc yapabilmesi i\u00e7in tasarlanm\u0131\u015ft\u0131r. \u00dczerinde bulunan neon g\u00f6sterge lambas\u0131, ak\u0131m olup olmad\u0131\u011f\u0131n\u0131 kolay ve h\u0131zl\u0131 bir \u015fekilde g\u00f6rmenizi sa\u011flar. Bu pratik yap\u0131, \u00f6zellikle ev i\u00e7i tamirlerde ve basit elektrik i\u015flemlerinde b\u00fcy\u00fck kolayl\u0131k sunar. Neon \u0131\u015f\u0131\u011f\u0131 parlak ve net oldu\u011fundan d\u00fc\u015f\u00fck \u0131\u015f\u0131kl\u0131 ortamlarda bile g\u00fcvenli bir \u00e7al\u0131\u015fma sa\u011flar.\u00dcr\u00fcn\u00fcn g\u00f6vdesi nikel kaplama ile g\u00fc\u00e7lendirilmi\u015ftir. Nikel kaplama, y\u00fcksek seviyede korozyon direnci sunarak \u00fcr\u00fcn\u00fcn zorlu ko\u015fullarda bile paslanmadan uzun y\u0131llar kullan\u0131lmas\u0131n\u0131 sa\u011flar. Elektrik i\u015flerinde s\u00fcrekli kullan\u0131lan metal u\u00e7lar, d\u0131\u015f etkenlere kar\u015f\u0131 dayan\u0131kl\u0131l\u0131k kazan\u0131r ve g\u00fcvenli kullan\u0131m standartlar\u0131n\u0131 art\u0131r\u0131r. Bu \u00f6zellik, \u00fcr\u00fcn\u00fc hem i\u00e7 mekan hem de d\u0131\u015f mekan i\u015flerinde tercih edilebilir hale getirir.Hassas i\u015flenmi\u015f u\u00e7 tasar\u0131m\u0131 vida yuvalar\u0131na tam oturarak kullan\u0131m s\u0131ras\u0131nda kaymay\u0131 \u00f6nler. Bu da hem daha g\u00fcvenli hem daha h\u0131zl\u0131 bir \u00e7al\u0131\u015fma deneyimi sa\u011flar. Hassas u\u00e7lar sayesinde elektrik panelleri, prizler, \u015falterler ve \u00e7e\u015fitli ba\u011flant\u0131 noktalar\u0131nda net ve do\u011fru \u00f6l\u00e7\u00fcm yap\u0131labilir. Kullan\u0131c\u0131 dostu tasar\u0131m\u0131, ergonomik yap\u0131s\u0131yla elde rahat bir tutu\u015f sa\u011flar.K\u00fc\u00e7\u00fck boyutu ve hafif yap\u0131s\u0131yla kolayca ta\u015f\u0131nabilir. Alet \u00e7antas\u0131nda, evde ya da ara\u00e7 i\u00e7inde rahatl\u0131kla saklanabilir. Elektrik kontrol\u00fc, bak\u0131m ve tamirat i\u015fleri i\u00e7in ideal bir yard\u0131mc\u0131d\u0131r. G\u00fc\u00e7l\u00fc, dayan\u0131kl\u0131 ve g\u00fcvenli yap\u0131s\u0131yla bu neon lambal\u0131 elektrik test kalemi, g\u00fcnl\u00fck kullan\u0131mda pratik \u00e7\u00f6z\u00fcmler sunan kaliteli bir \u00fcr\u00fcnd\u00fcr.<\/p>\n","protected":false},"excerpt":{"rendered":"<p>110V\u2013220V aral\u0131\u011f\u0131nda \u00e7al\u0131\u015fan elektrik direnci sayesinde geni\u015f kullan\u0131m alan\u0131 sunan bu elektrik test kalemi, hem profesyonellerin hem de g\u00fcnl\u00fck kullan\u0131c\u0131lar\u0131n g\u00fcvenli bir \u015fekilde elektrik kontrol\u00fc yapabilmesi i\u00e7in tasarlanm\u0131\u015ft\u0131r. \u00dczerinde bulunan neon g\u00f6sterge lambas\u0131, ak\u0131m olup olmad\u0131\u011f\u0131n\u0131 kolay ve h\u0131zl\u0131 bir \u015fekilde g\u00f6rmenizi sa\u011flar. Bu pratik yap\u0131, \u00f6zellikle ev i\u00e7i tamirlerde ve basit elektrik i\u015flemlerinde b\u00fcy\u00fck&#8230;<\/p>\n","protected":false},"featured_media":121454,"comment_status":"open","ping_status":"closed","template":"","meta":{"_kad_post_transparent":"","_kad_post_title":"","_kad_post_layout":"","_kad_post_sidebar_id":"","_kad_post_content_style":"","_kad_post_vertical_padding":"","_kad_post_feature":"","_kad_post_feature_position":"","_kad_post_header":false,"_kad_post_footer":false,"_kad_post_classname":""},"product_brand":[],"product_cat":[15000],"product_tag":[],"class_list":{"0":"post-121455","1":"product","2":"type-product","3":"status-publish","4":"has-post-thumbnail","6":"product_cat-tornavida-tornavida-2","8":"first","9":"instock","10":"purchasable","11":"product-type-simple","12":"entry","13":"content-bg","14":"loop-entry"},"_links":{"self":[{"href":"https:\/\/www.hediyepazar.com\/index.php?rest_route=\/wp\/v2\/product\/121455","targetHints":{"allow":["GET"]}}],"collection":[{"href":"https:\/\/www.hediyepazar.com\/index.php?rest_route=\/wp\/v2\/product"}],"about":[{"href":"https:\/\/www.hediyepazar.com\/index.php?rest_route=\/wp\/v2\/types\/product"}],"replies":[{"embeddable":true,"href":"https:\/\/www.hediyepazar.com\/index.php?rest_route=%2Fwp%2Fv2%2Fcomments&post=121455"}],"wp:featuredmedia":[{"embeddable":true,"href":"https:\/\/www.hediyepazar.com\/index.php?rest_route=\/wp\/v2\/media\/121454"}],"wp:attachment":[{"href":"https:\/\/www.hediyepazar.com\/index.php?rest_route=%2Fwp%2Fv2%2Fmedia&parent=121455"}],"wp:term":[{"taxonomy":"product_brand","embeddable":true,"href":"https:\/\/www.hediyepazar.com\/index.php?rest_route=%2Fwp%2Fv2%2Fproduct_brand&post=121455"},{"taxonomy":"product_cat","embeddable":true,"href":"https:\/\/www.hediyepazar.com\/index.php?rest_route=%2Fwp%2Fv2%2Fproduct_cat&post=121455"},{"taxonomy":"product_tag","embeddable":true,"href":"https:\/\/www.hediyepazar.com\/index.php?rest_route=%2Fwp%2Fv2%2Fproduct_tag&post=121455"}],"curies":[{"name":"wp","href":"https:\/\/api.w.org\/{rel}","templated":true}]}}