{"id":121507,"date":"2026-05-06T07:29:09","date_gmt":"2026-05-06T10:29:09","guid":{"rendered":"https:\/\/www.hediyepazar.com\/?product=akilli-bileklik-adim-sayarli-kalori-takipli-bildirim-uyumlu-ip67"},"modified":"2026-05-06T07:29:09","modified_gmt":"2026-05-06T10:29:09","slug":"akilli-bileklik-adim-sayarli-kalori-takipli-bildirim-uyumlu-ip67","status":"publish","type":"product","link":"https:\/\/www.hediyepazar.com\/?product=akilli-bileklik-adim-sayarli-kalori-takipli-bildirim-uyumlu-ip67","title":{"rendered":"Ak\u0131ll\u0131 Bileklik Ad\u0131m Sayarl\u0131 Kalori Takipli Bildirim Uyumlu IP67"},"content":{"rendered":"<p>Bu ak\u0131ll\u0131 bileklik, aktif ya\u015fam tarz\u0131n\u0131 benimseyen kullan\u0131c\u0131lar i\u00e7in tasarlanm\u0131\u015f modern bir sa\u011fl\u0131k ve spor takip cihaz\u0131d\u0131r. 0.96 in\u00e7 ekran\u0131yle bildirimleri ve sa\u011fl\u0131k verilerini net \u015fekilde g\u00f6sterirken, dokunmatik yap\u0131s\u0131 kullan\u0131m kolayl\u0131\u011f\u0131 sa\u011flar. Bluetooth 4.0 ba\u011flant\u0131s\u0131, Android ve iOS cihazlarla h\u0131zl\u0131 bir \u015fekilde e\u015fle\u015ferek kablosuz kullan\u0131mda b\u00fcy\u00fck rahatl\u0131k sunar.Kalp at\u0131\u015f h\u0131z\u0131 \u00f6l\u00e7er, g\u00fcn i\u00e7inde nabz\u0131n\u0131z\u0131 takip ederek sa\u011fl\u0131\u011f\u0131n\u0131z\u0131 kontrol alt\u0131nda tutman\u0131za yard\u0131mc\u0131 olur. Kan bas\u0131nc\u0131 \u00f6l\u00e7\u00fcm \u00f6zelli\u011fi anl\u0131k de\u011ferler sunarken; uyku izleme sistemi gece boyunca uyku d\u00f6ng\u00fclerinizi analiz eder ve uyku kaliteniz hakk\u0131nda detayl\u0131 bilgi verir. Ad\u0131m sayar ve kalori takip sistemi, g\u00fcnl\u00fck hareketlerinizi \u00f6l\u00e7erek daha sa\u011fl\u0131kl\u0131 bir ya\u015fam i\u00e7in motive eder.Spor modlar\u0131 sayesinde egzersizlerinizi daha bilin\u00e7li ger\u00e7ekle\u015ftirir, yapt\u0131\u011f\u0131n\u0131z antrenmanlar\u0131n verimlili\u011fini art\u0131rabilirsiniz. Sedanter hat\u0131rlatma \u00f6zelli\u011fi, hareketsiz kald\u0131\u011f\u0131n\u0131zda bilek titre\u015fimi ile sizi uyararak aktif kalman\u0131za destek olur.Ak\u0131ll\u0131 bildirime sahip olan bileklik; \u00e7a\u011fr\u0131, mesaj ve sosyal medya uyar\u0131lar\u0131n\u0131 bile\u011finizde g\u00f6sterir, b\u00f6ylece telefonunuz yan\u0131n\u0131zda olmasa bile hi\u00e7bir \u00f6nemli bildirimi ka\u00e7\u0131rmazs\u0131n\u0131z. Uzaktan kamera kontrol\u00fc ve m\u00fczik kontrol\u00fc, \u00f6zellikle spor s\u0131ras\u0131nda b\u00fcy\u00fck kullan\u0131m kolayl\u0131\u011f\u0131 sa\u011flar.IP67 suya dayan\u0131kl\u0131l\u0131k seviyesi ile g\u00fcnl\u00fck kullan\u0131mda su s\u0131\u00e7ramalar\u0131na, ter ve ya\u011fmur gibi durumlara kar\u015f\u0131 g\u00fcvenle kullan\u0131labilir. USB ile kolay \u015farj edilebilmesi, ta\u015f\u0131nabilirlik a\u00e7\u0131s\u0131ndan b\u00fcy\u00fck avantaj sunar.\u015e\u0131k ve minimal tasar\u0131m\u0131 ile hem spor kombinlerine hem g\u00fcnl\u00fck giyim tarz\u0131na uyum sa\u011flayan bu ak\u0131ll\u0131 bileklik; sa\u011fl\u0131\u011f\u0131n\u0131z\u0131 takip eden, hedeflerinizi destekleyen ve hayat\u0131n\u0131z\u0131 kolayla\u015ft\u0131ran ideal bir aksesuard\u0131r.<\/p>\n","protected":false},"excerpt":{"rendered":"<p>Bu ak\u0131ll\u0131 bileklik, aktif ya\u015fam tarz\u0131n\u0131 benimseyen kullan\u0131c\u0131lar i\u00e7in tasarlanm\u0131\u015f modern bir sa\u011fl\u0131k ve spor takip cihaz\u0131d\u0131r. 0.96 in\u00e7 ekran\u0131yle bildirimleri ve sa\u011fl\u0131k verilerini net \u015fekilde g\u00f6sterirken, dokunmatik yap\u0131s\u0131 kullan\u0131m kolayl\u0131\u011f\u0131 sa\u011flar. Bluetooth 4.0 ba\u011flant\u0131s\u0131, Android ve iOS cihazlarla h\u0131zl\u0131 bir \u015fekilde e\u015fle\u015ferek kablosuz kullan\u0131mda b\u00fcy\u00fck rahatl\u0131k sunar.Kalp at\u0131\u015f h\u0131z\u0131 \u00f6l\u00e7er, g\u00fcn i\u00e7inde nabz\u0131n\u0131z\u0131 takip&#8230;<\/p>\n","protected":false},"featured_media":121506,"comment_status":"open","ping_status":"closed","template":"","meta":{"_kad_post_transparent":"","_kad_post_title":"","_kad_post_layout":"","_kad_post_sidebar_id":"","_kad_post_content_style":"","_kad_post_vertical_padding":"","_kad_post_feature":"","_kad_post_feature_position":"","_kad_post_header":false,"_kad_post_footer":false,"_kad_post_classname":""},"product_brand":[],"product_cat":[14935],"product_tag":[],"class_list":{"0":"post-121507","1":"product","2":"type-product","3":"status-publish","4":"has-post-thumbnail","6":"product_cat-akilli-saatler-akilli-saatler","8":"first","9":"instock","10":"purchasable","11":"product-type-simple","12":"entry","13":"content-bg","14":"loop-entry"},"_links":{"self":[{"href":"https:\/\/www.hediyepazar.com\/index.php?rest_route=\/wp\/v2\/product\/121507","targetHints":{"allow":["GET"]}}],"collection":[{"href":"https:\/\/www.hediyepazar.com\/index.php?rest_route=\/wp\/v2\/product"}],"about":[{"href":"https:\/\/www.hediyepazar.com\/index.php?rest_route=\/wp\/v2\/types\/product"}],"replies":[{"embeddable":true,"href":"https:\/\/www.hediyepazar.com\/index.php?rest_route=%2Fwp%2Fv2%2Fcomments&post=121507"}],"wp:featuredmedia":[{"embeddable":true,"href":"https:\/\/www.hediyepazar.com\/index.php?rest_route=\/wp\/v2\/media\/121506"}],"wp:attachment":[{"href":"https:\/\/www.hediyepazar.com\/index.php?rest_route=%2Fwp%2Fv2%2Fmedia&parent=121507"}],"wp:term":[{"taxonomy":"product_brand","embeddable":true,"href":"https:\/\/www.hediyepazar.com\/index.php?rest_route=%2Fwp%2Fv2%2Fproduct_brand&post=121507"},{"taxonomy":"product_cat","embeddable":true,"href":"https:\/\/www.hediyepazar.com\/index.php?rest_route=%2Fwp%2Fv2%2Fproduct_cat&post=121507"},{"taxonomy":"product_tag","embeddable":true,"href":"https:\/\/www.hediyepazar.com\/index.php?rest_route=%2Fwp%2Fv2%2Fproduct_tag&post=121507"}],"curies":[{"name":"wp","href":"https:\/\/api.w.org\/{rel}","templated":true}]}}