{"id":121535,"date":"2026-05-06T07:33:05","date_gmt":"2026-05-06T10:33:05","guid":{"rendered":"https:\/\/www.hediyepazar.com\/?product=katlanabilir-sarjli-mini-fan-3-kademeli-hiz-ayarli-tasinabilir"},"modified":"2026-05-06T07:33:05","modified_gmt":"2026-05-06T10:33:05","slug":"katlanabilir-sarjli-mini-fan-3-kademeli-hiz-ayarli-tasinabilir","status":"publish","type":"product","link":"https:\/\/www.hediyepazar.com\/?product=katlanabilir-sarjli-mini-fan-3-kademeli-hiz-ayarli-tasinabilir","title":{"rendered":"Katlanabilir \u015earjl\u0131 Mini Fan 3 Kademeli H\u0131z Ayarl\u0131 Ta\u015f\u0131nabilir"},"content":{"rendered":"<p>Bu \u015farjl\u0131 mini fan, hem ta\u015f\u0131nabilirli\u011fi hem de y\u00fcksek kullan\u0131m performans\u0131 ile s\u0131cak havalarda en b\u00fcy\u00fck yard\u0131mc\u0131n\u0131z olacak \u015fekilde tasarlanm\u0131\u015ft\u0131r. \u00dcr\u00fcn, 2 y\u0131l ithalat\u00e7\u0131 garantisi ile g\u00fcvence alt\u0131ndad\u0131r. Bu garanti, al\u0131\u015fveri\u015finizi daha g\u00fcvenli hale getirirken olas\u0131 sorunlarda profesyonel destek alman\u0131z\u0131 sa\u011flar. Herhangi bir aksilikte k\u0131sa s\u00fcrede \u00e7\u00f6z\u00fcm sunulmas\u0131, \u00fcr\u00fcn\u00fcn uzun \u00f6m\u00fcrl\u00fc kullan\u0131m\u0131n\u0131 g\u00fcvence alt\u0131na al\u0131r ve kullan\u0131c\u0131ya tam memnuniyet sa\u011flar.Mini fan\u0131n katlanabilir ve kompakt tasar\u0131m\u0131, \u00fcr\u00fcn\u00fcn her yere kolayca ta\u015f\u0131nmas\u0131n\u0131 m\u00fcmk\u00fcn k\u0131lar. K\u00fc\u00e7\u00fck boyutu sayesinde \u00e7antada, elde, ofiste ya da evde rahatl\u0131kla kullan\u0131labilir. Katlanabilir yap\u0131s\u0131, dar alanlarda bile yer kaplamadan serinlik sa\u011flar. Seyahatlerde, tatillerde, a\u00e7\u0131k hava etkinliklerinde veya toplu ta\u015f\u0131ma ara\u00e7lar\u0131nda bile konfor sunarak s\u0131cak havalarda kurtar\u0131c\u0131 bir \u00e7\u00f6z\u00fcm haline gelir. Hafif yap\u0131s\u0131 sayesinde uzun s\u00fcre ta\u015f\u0131rken bile a\u011f\u0131rl\u0131k hissi olu\u015fturmaz.\u00dc\u00e7 farkl\u0131 h\u0131z kademesi bulunan bu mini fan, kullan\u0131c\u0131ya ihtiyac\u0131na g\u00f6re so\u011futma se\u00e7me \u00f6zg\u00fcrl\u00fc\u011f\u00fc sunar. D\u00fc\u015f\u00fck h\u0131z, hafif bir esinti isteyenler i\u00e7in idealdir; orta ve y\u00fcksek h\u0131z kademeleri ise s\u0131cak havalarda g\u00fc\u00e7l\u00fc bir hava ak\u0131\u015f\u0131 sa\u011flar. Bu \u00f6zelli\u011fi sayesinde ister evde, ister ofiste, ister d\u0131\u015far\u0131da her ortamda verimli bir kullan\u0131m sunar.\u015earj edilebilir tasar\u0131m\u0131 sayesinde elektrik prizine ba\u011fl\u0131 kalmadan \u00f6zg\u00fcrce kullan\u0131labilir. Priz arama s\u0131k\u0131nt\u0131s\u0131 olmadan her ortamda serinlik sa\u011flar. USB \u00fczerinden kolayca \u015farj edilebilir ve enerji tasarrufu sa\u011flayan yap\u0131s\u0131yla uzun s\u00fcreli bir kullan\u0131m sunar. Elektrik kesintilerinde bile kullan\u0131labilmesi, \u00f6zellikle yaz aylar\u0131nda b\u00fcy\u00fck avantaj sa\u011flar.Ta\u015f\u0131nabilir, g\u00fc\u00e7l\u00fc, sessiz ve pratik yap\u0131s\u0131yla bu \u015farjl\u0131 mini fan; g\u00fcnl\u00fck ya\u015famda serin kalmak isteyen herkes i\u00e7in m\u00fckemmel bir tercihtir.<\/p>\n","protected":false},"excerpt":{"rendered":"<p>Bu \u015farjl\u0131 mini fan, hem ta\u015f\u0131nabilirli\u011fi hem de y\u00fcksek kullan\u0131m performans\u0131 ile s\u0131cak havalarda en b\u00fcy\u00fck yard\u0131mc\u0131n\u0131z olacak \u015fekilde tasarlanm\u0131\u015ft\u0131r. \u00dcr\u00fcn, 2 y\u0131l ithalat\u00e7\u0131 garantisi ile g\u00fcvence alt\u0131ndad\u0131r. Bu garanti, al\u0131\u015fveri\u015finizi daha g\u00fcvenli hale getirirken olas\u0131 sorunlarda profesyonel destek alman\u0131z\u0131 sa\u011flar. Herhangi bir aksilikte k\u0131sa s\u00fcrede \u00e7\u00f6z\u00fcm sunulmas\u0131, \u00fcr\u00fcn\u00fcn uzun \u00f6m\u00fcrl\u00fc kullan\u0131m\u0131n\u0131 g\u00fcvence alt\u0131na al\u0131r&#8230;<\/p>\n","protected":false},"featured_media":121534,"comment_status":"open","ping_status":"closed","template":"","meta":{"_kad_post_transparent":"","_kad_post_title":"","_kad_post_layout":"","_kad_post_sidebar_id":"","_kad_post_content_style":"","_kad_post_vertical_padding":"","_kad_post_feature":"","_kad_post_feature_position":"","_kad_post_header":false,"_kad_post_footer":false,"_kad_post_classname":""},"product_brand":[],"product_cat":[15021],"product_tag":[],"class_list":{"0":"post-121535","1":"product","2":"type-product","3":"status-publish","4":"has-post-thumbnail","6":"product_cat-vantilator-vantilator","8":"first","9":"instock","10":"purchasable","11":"product-type-simple","12":"entry","13":"content-bg","14":"loop-entry"},"_links":{"self":[{"href":"https:\/\/www.hediyepazar.com\/index.php?rest_route=\/wp\/v2\/product\/121535","targetHints":{"allow":["GET"]}}],"collection":[{"href":"https:\/\/www.hediyepazar.com\/index.php?rest_route=\/wp\/v2\/product"}],"about":[{"href":"https:\/\/www.hediyepazar.com\/index.php?rest_route=\/wp\/v2\/types\/product"}],"replies":[{"embeddable":true,"href":"https:\/\/www.hediyepazar.com\/index.php?rest_route=%2Fwp%2Fv2%2Fcomments&post=121535"}],"wp:featuredmedia":[{"embeddable":true,"href":"https:\/\/www.hediyepazar.com\/index.php?rest_route=\/wp\/v2\/media\/121534"}],"wp:attachment":[{"href":"https:\/\/www.hediyepazar.com\/index.php?rest_route=%2Fwp%2Fv2%2Fmedia&parent=121535"}],"wp:term":[{"taxonomy":"product_brand","embeddable":true,"href":"https:\/\/www.hediyepazar.com\/index.php?rest_route=%2Fwp%2Fv2%2Fproduct_brand&post=121535"},{"taxonomy":"product_cat","embeddable":true,"href":"https:\/\/www.hediyepazar.com\/index.php?rest_route=%2Fwp%2Fv2%2Fproduct_cat&post=121535"},{"taxonomy":"product_tag","embeddable":true,"href":"https:\/\/www.hediyepazar.com\/index.php?rest_route=%2Fwp%2Fv2%2Fproduct_tag&post=121535"}],"curies":[{"name":"wp","href":"https:\/\/api.w.org\/{rel}","templated":true}]}}