{"id":121795,"date":"2026-05-06T08:06:30","date_gmt":"2026-05-06T11:06:30","guid":{"rendered":"https:\/\/www.hediyepazar.com\/?product=retro-radyo-tasarim-bluetooth-hoparlor-1800mah-uzun-calma-suresi"},"modified":"2026-05-06T08:06:30","modified_gmt":"2026-05-06T11:06:30","slug":"retro-radyo-tasarim-bluetooth-hoparlor-1800mah-uzun-calma-suresi","status":"publish","type":"product","link":"https:\/\/www.hediyepazar.com\/?product=retro-radyo-tasarim-bluetooth-hoparlor-1800mah-uzun-calma-suresi","title":{"rendered":"Retro Radyo Tasar\u0131m Bluetooth Hoparl\u00f6r 1800mAh Uzun \u00c7alma S\u00fcresi"},"content":{"rendered":"<p>Vintage radyolardan ilham al\u0131narak tasarlanm\u0131\u015f bu Bluetooth hoparl\u00f6r, nostaljiyi modern teknoloji ile birle\u015ftiriyor. Ah\u015fap g\u00f6r\u00fcn\u00fcml\u00fc d\u0131\u015f y\u00fczeyi, 50\u2019li y\u0131llar\u0131n klasik radyolar\u0131n\u0131 and\u0131rarak ortama retro bir hava kat\u0131yor. Hem dekoratif bir obje hem de kaliteli bir ses sistemi olmas\u0131 sayesinde salonlarda, \u00e7al\u0131\u015fma odalar\u0131nda ve ofislerde \u015f\u0131k bir aksesuar olarak kullan\u0131labilir.Bu estetik hoparl\u00f6r, hediye olarak da ideal bir se\u00e7imdir. M\u00fczik tutkunlar\u0131, koleksiyon merakl\u0131lar\u0131 veya dekorasyon sevenler i\u00e7in \u00f6zel bir anlam ta\u015f\u0131r. Do\u011fum g\u00fcn\u00fc, y\u0131lba\u015f\u0131, babalar g\u00fcn\u00fc, sevgililer g\u00fcn\u00fc gibi \u00f6zel g\u00fcnlerde \u015f\u0131k bir hediye alternatifi sunar. Hem erkekler hem kad\u0131nlar i\u00e7in uygun bir tasar\u0131ma sahiptir.Hoparl\u00f6r, 5W + 5W olmak \u00fczere toplam 10W g\u00fc\u00e7l\u00fc stereo ses sunar. 360 derece ses yay\u0131l\u0131m sistemi, hoparl\u00f6r\u00fcn yerle\u015ftirildi\u011fi odan\u0131n her k\u00f6\u015fesine net bir ses yay\u0131lmas\u0131n\u0131 sa\u011flar. Bu \u00f6zellik sayesinde film izlerken, podcast dinlerken veya m\u00fczik keyfi yaparken kaliteli bir ses deneyimi elde edersiniz.Bluetooth 5.1 teknolojisi, kesintisiz kablosuz ba\u011flant\u0131 sa\u011flar. Ayn\u0131 zamanda TF kart, USB disk ve AUX kablosu gibi farkl\u0131 medya giri\u015fleri sayesinde internet gerektirmeden m\u00fczik dinleyebilirsiniz. FM radyo \u00f6zelli\u011fi ise cihaz\u0131n kullan\u0131m alan\u0131n\u0131 daha da geni\u015fletir.1800 mAh b\u00fcy\u00fck kapasiteli bataryas\u0131, tek \u015farjla uzun s\u00fcre kullan\u0131m sa\u011flar. Kapal\u0131 alanlarda, a\u00e7\u0131k hava etkinliklerinde veya seyahatlerde m\u00fczi\u011fin hi\u00e7 kesilmemesi i\u00e7in idealdir.Her y\u00f6n\u00fcyle tamamen \u00e7ok ama\u00e7l\u0131, estetik ve kaliteli bir hoparl\u00f6r ar\u0131yorsan\u0131z, bu model t\u00fcm beklentileri kar\u015f\u0131layan \u00f6zel bir se\u00e7imdir.<\/p>\n","protected":false},"excerpt":{"rendered":"<p>Vintage radyolardan ilham al\u0131narak tasarlanm\u0131\u015f bu Bluetooth hoparl\u00f6r, nostaljiyi modern teknoloji ile birle\u015ftiriyor. Ah\u015fap g\u00f6r\u00fcn\u00fcml\u00fc d\u0131\u015f y\u00fczeyi, 50\u2019li y\u0131llar\u0131n klasik radyolar\u0131n\u0131 and\u0131rarak ortama retro bir hava kat\u0131yor. Hem dekoratif bir obje hem de kaliteli bir ses sistemi olmas\u0131 sayesinde salonlarda, \u00e7al\u0131\u015fma odalar\u0131nda ve ofislerde \u015f\u0131k bir aksesuar olarak kullan\u0131labilir.Bu estetik hoparl\u00f6r, hediye olarak da ideal&#8230;<\/p>\n","protected":false},"featured_media":121794,"comment_status":"open","ping_status":"closed","template":"","meta":{"_kad_post_transparent":"","_kad_post_title":"","_kad_post_layout":"","_kad_post_sidebar_id":"","_kad_post_content_style":"","_kad_post_vertical_padding":"","_kad_post_feature":"","_kad_post_feature_position":"","_kad_post_header":false,"_kad_post_footer":false,"_kad_post_classname":""},"product_brand":[],"product_cat":[14911],"product_tag":[],"class_list":{"0":"post-121795","1":"product","2":"type-product","3":"status-publish","4":"has-post-thumbnail","6":"product_cat-kablosuz-hoparlor-kablosuz-hoparlor","8":"first","9":"instock","10":"purchasable","11":"product-type-simple","12":"entry","13":"content-bg","14":"loop-entry"},"_links":{"self":[{"href":"https:\/\/www.hediyepazar.com\/index.php?rest_route=\/wp\/v2\/product\/121795","targetHints":{"allow":["GET"]}}],"collection":[{"href":"https:\/\/www.hediyepazar.com\/index.php?rest_route=\/wp\/v2\/product"}],"about":[{"href":"https:\/\/www.hediyepazar.com\/index.php?rest_route=\/wp\/v2\/types\/product"}],"replies":[{"embeddable":true,"href":"https:\/\/www.hediyepazar.com\/index.php?rest_route=%2Fwp%2Fv2%2Fcomments&post=121795"}],"wp:featuredmedia":[{"embeddable":true,"href":"https:\/\/www.hediyepazar.com\/index.php?rest_route=\/wp\/v2\/media\/121794"}],"wp:attachment":[{"href":"https:\/\/www.hediyepazar.com\/index.php?rest_route=%2Fwp%2Fv2%2Fmedia&parent=121795"}],"wp:term":[{"taxonomy":"product_brand","embeddable":true,"href":"https:\/\/www.hediyepazar.com\/index.php?rest_route=%2Fwp%2Fv2%2Fproduct_brand&post=121795"},{"taxonomy":"product_cat","embeddable":true,"href":"https:\/\/www.hediyepazar.com\/index.php?rest_route=%2Fwp%2Fv2%2Fproduct_cat&post=121795"},{"taxonomy":"product_tag","embeddable":true,"href":"https:\/\/www.hediyepazar.com\/index.php?rest_route=%2Fwp%2Fv2%2Fproduct_tag&post=121795"}],"curies":[{"name":"wp","href":"https:\/\/api.w.org\/{rel}","templated":true}]}}