{"id":121819,"date":"2026-05-06T08:09:17","date_gmt":"2026-05-06T11:09:17","guid":{"rendered":"https:\/\/www.hediyepazar.com\/?product=mini-tasinabilir-blender-380ml-usb-sarjli-detoks-smoothie-hazirlayici"},"modified":"2026-05-06T08:09:17","modified_gmt":"2026-05-06T11:09:17","slug":"mini-tasinabilir-blender-380ml-usb-sarjli-detoks-smoothie-hazirlayici","status":"publish","type":"product","link":"https:\/\/www.hediyepazar.com\/?product=mini-tasinabilir-blender-380ml-usb-sarjli-detoks-smoothie-hazirlayici","title":{"rendered":"Mini Ta\u015f\u0131nabilir Blender 380ml USB \u015earjl\u0131 Detoks Smoothie Haz\u0131rlay\u0131c\u0131"},"content":{"rendered":"<p>Sa\u011fl\u0131kl\u0131 i\u00e7ecekleri hayat tarz\u0131n\u0131n bir par\u00e7as\u0131 h\u00e2line getirmek isteyenler i\u00e7in geli\u015ftirilen 380 ml USB \u015farjl\u0131 ta\u015f\u0131nabilir blender, modern ihtiya\u00e7lara uygun olarak tasarlanm\u0131\u015ft\u0131r. Estetik g\u00f6r\u00fcn\u00fcm\u00fc, g\u00fc\u00e7l\u00fc performans\u0131 ve pratik yap\u0131s\u0131 ile hem yeti\u015fkinlere hem de bebek sahibi ailelere hitap eder. \u00d6zellikle g\u00fcn i\u00e7inde taze i\u00e7ecek haz\u0131rlamak isteyenler i\u00e7in ideal bir \u00e7\u00f6z\u00fcmd\u00fcr.Cihaz, 304 paslanmaz \u00e7elik b\u0131\u00e7aklarla donat\u0131lm\u0131\u015f olup y\u00fcksek keskinlik ve dayan\u0131kl\u0131l\u0131k sunar. 22000 RPM motor h\u0131z\u0131 ile meyve, sebze, buz, tohum ve di\u011fer t\u00fcm i\u00e7ecek bile\u015fenlerini saniyeler i\u00e7inde p\u00fcr\u00fczs\u00fcz bir h\u00e2le getirir. 380 ml hacmi g\u00fcn i\u00e7inde tek ki\u015filik i\u00e7ecekler i\u00e7in m\u00fckemmel bir kapasitedir.\u00c7ift t\u0131klama ile \u00e7al\u0131\u015fma g\u00fcvenlik sistemine sahiptir. Tek t\u0131klama motoru \u00e7al\u0131\u015ft\u0131rmaz, bu da cihaz\u0131n \u00e7antada veya elde yanl\u0131\u015fl\u0131kla a\u00e7\u0131lmas\u0131n\u0131 engeller. Cihaz\u0131n alt taban\u0131 do\u011fru \u015fekilde tak\u0131lmad\u0131\u011f\u0131nda \u0131\u015f\u0131kl\u0131 uyar\u0131 verir, bu sayede g\u00fcvenli kullan\u0131m sa\u011flan\u0131r.2000mAh batarya kapasitesi, tek \u015farjla 10\u201312 kez kullan\u0131m imk\u00e2n\u0131 tan\u0131r. USB ile \u015farj edilebilir olmas\u0131 sayesinde powerbank, laptop veya priz adapt\u00f6r\u00fc ile her ortamda \u015farj etmek m\u00fcmk\u00fcnd\u00fcr. Bu \u00f6zellik \u00fcr\u00fcn\u00fc tam anlam\u0131yla portatif h\u00e2le getirir.Temizlik a\u015famas\u0131 son derece kolayd\u0131r. Hazneye su ekleyip birka\u00e7 saniye \u00e7al\u0131\u015ft\u0131rarak kendi kendini temizlemesini sa\u011flayabilirsiniz. \u00dcr\u00fcn\u00fcn g\u00f6vdesi dayan\u0131kl\u0131 ABS malzemeden \u00fcretilmi\u015ftir ve darbelere kar\u015f\u0131 dayan\u0131kl\u0131d\u0131r. 49\u00b0C \u00fczeri s\u0131cak s\u0131v\u0131 kullan\u0131lmamas\u0131 \u00f6nerilir.Blueberry ta\u015f\u0131ma bantl\u0131 yap\u0131s\u0131 sayesinde elde ta\u015f\u0131maya uygundur. Seyahatlerde, spor sonras\u0131 i\u00e7ecek haz\u0131rlarken, bebek mamas\u0131 haz\u0131rlamak i\u00e7in veya kafe kalabal\u0131\u011f\u0131 olmadan evde taze smoothie yapmak i\u00e7in m\u00fckemmeldir.<\/p>\n","protected":false},"excerpt":{"rendered":"<p>Sa\u011fl\u0131kl\u0131 i\u00e7ecekleri hayat tarz\u0131n\u0131n bir par\u00e7as\u0131 h\u00e2line getirmek isteyenler i\u00e7in geli\u015ftirilen 380 ml USB \u015farjl\u0131 ta\u015f\u0131nabilir blender, modern ihtiya\u00e7lara uygun olarak tasarlanm\u0131\u015ft\u0131r. Estetik g\u00f6r\u00fcn\u00fcm\u00fc, g\u00fc\u00e7l\u00fc performans\u0131 ve pratik yap\u0131s\u0131 ile hem yeti\u015fkinlere hem de bebek sahibi ailelere hitap eder. \u00d6zellikle g\u00fcn i\u00e7inde taze i\u00e7ecek haz\u0131rlamak isteyenler i\u00e7in ideal bir \u00e7\u00f6z\u00fcmd\u00fcr.Cihaz, 304 paslanmaz \u00e7elik b\u0131\u00e7aklarla donat\u0131lm\u0131\u015f&#8230;<\/p>\n","protected":false},"featured_media":121818,"comment_status":"open","ping_status":"closed","template":"","meta":{"_kad_post_transparent":"","_kad_post_title":"","_kad_post_layout":"","_kad_post_sidebar_id":"","_kad_post_content_style":"","_kad_post_vertical_padding":"","_kad_post_feature":"","_kad_post_feature_position":"","_kad_post_header":false,"_kad_post_footer":false,"_kad_post_classname":""},"product_brand":[],"product_cat":[14959],"product_tag":[],"class_list":{"0":"post-121819","1":"product","2":"type-product","3":"status-publish","4":"has-post-thumbnail","6":"product_cat-blender-blender","8":"first","9":"instock","10":"purchasable","11":"product-type-simple","12":"entry","13":"content-bg","14":"loop-entry"},"_links":{"self":[{"href":"https:\/\/www.hediyepazar.com\/index.php?rest_route=\/wp\/v2\/product\/121819","targetHints":{"allow":["GET"]}}],"collection":[{"href":"https:\/\/www.hediyepazar.com\/index.php?rest_route=\/wp\/v2\/product"}],"about":[{"href":"https:\/\/www.hediyepazar.com\/index.php?rest_route=\/wp\/v2\/types\/product"}],"replies":[{"embeddable":true,"href":"https:\/\/www.hediyepazar.com\/index.php?rest_route=%2Fwp%2Fv2%2Fcomments&post=121819"}],"wp:featuredmedia":[{"embeddable":true,"href":"https:\/\/www.hediyepazar.com\/index.php?rest_route=\/wp\/v2\/media\/121818"}],"wp:attachment":[{"href":"https:\/\/www.hediyepazar.com\/index.php?rest_route=%2Fwp%2Fv2%2Fmedia&parent=121819"}],"wp:term":[{"taxonomy":"product_brand","embeddable":true,"href":"https:\/\/www.hediyepazar.com\/index.php?rest_route=%2Fwp%2Fv2%2Fproduct_brand&post=121819"},{"taxonomy":"product_cat","embeddable":true,"href":"https:\/\/www.hediyepazar.com\/index.php?rest_route=%2Fwp%2Fv2%2Fproduct_cat&post=121819"},{"taxonomy":"product_tag","embeddable":true,"href":"https:\/\/www.hediyepazar.com\/index.php?rest_route=%2Fwp%2Fv2%2Fproduct_tag&post=121819"}],"curies":[{"name":"wp","href":"https:\/\/api.w.org\/{rel}","templated":true}]}}