{"id":121953,"date":"2026-05-06T08:35:06","date_gmt":"2026-05-06T11:35:06","guid":{"rendered":"https:\/\/www.hediyepazar.com\/?product=powerbank-10000-mah-dijital-gostergeli-tasinabilir"},"modified":"2026-05-06T08:35:06","modified_gmt":"2026-05-06T11:35:06","slug":"powerbank-10000-mah-dijital-gostergeli-tasinabilir","status":"publish","type":"product","link":"https:\/\/www.hediyepazar.com\/?product=powerbank-10000-mah-dijital-gostergeli-tasinabilir","title":{"rendered":"Powerbank 10000 mAh Dijital G\u00f6stergeli Ta\u015f\u0131nabilir"},"content":{"rendered":"<p>Polygold PG PW210 Powerbank, ayn\u0131 anda birden fazla cihaz\u0131 \u015farj etmek isteyen kullan\u0131c\u0131lar i\u00e7in olduk\u00e7a uygun bir \u00e7\u00f6z\u00fcmd\u00fcr. Dahili kablolar ve USB \u00e7\u0131k\u0131\u015flar\u0131 sayesinde telefon, tablet, kulakl\u0131k, saat gibi bir\u00e7ok cihaz\u0131 ayn\u0131 anda besleyebilir. 22.5W h\u0131zl\u0131 \u015farj teknolojisi ile cihazlar\u0131n\u0131z k\u0131sa s\u00fcrede enerji kazan\u0131r.10000 mAh kapasite, uzun s\u00fcreli kullan\u0131m i\u00e7in idealdir. Dijital ekran sayesinde cihaz\u0131n kalan kapasitesini her zaman takip edebilirsiniz. G\u00fcnl\u00fck tempoda h\u0131zl\u0131 \u00e7\u00f6z\u00fcm isteyen kullan\u0131c\u0131lar i\u00e7in \u00fcretilmi\u015ftir.Cihaz\u0131n tasar\u0131m\u0131 ergonomik ve ta\u015f\u0131nmas\u0131 kolayd\u0131r. K\u00fc\u00e7\u00fck boyutu sayesinde cebinizde bile rahatl\u0131kla ta\u015f\u0131nabilir. Kablo ta\u015f\u0131ma derdini ortadan kald\u0131ran dahili kablolar pratik bir avantaj sunar.<\/p>\n","protected":false},"excerpt":{"rendered":"<p>Polygold PG PW210 Powerbank, ayn\u0131 anda birden fazla cihaz\u0131 \u015farj etmek isteyen kullan\u0131c\u0131lar i\u00e7in olduk\u00e7a uygun bir \u00e7\u00f6z\u00fcmd\u00fcr. Dahili kablolar ve USB \u00e7\u0131k\u0131\u015flar\u0131 sayesinde telefon, tablet, kulakl\u0131k, saat gibi bir\u00e7ok cihaz\u0131 ayn\u0131 anda besleyebilir. 22.5W h\u0131zl\u0131 \u015farj teknolojisi ile cihazlar\u0131n\u0131z k\u0131sa s\u00fcrede enerji kazan\u0131r.10000 mAh kapasite, uzun s\u00fcreli kullan\u0131m i\u00e7in idealdir. Dijital ekran sayesinde cihaz\u0131n&#8230;<\/p>\n","protected":false},"featured_media":121952,"comment_status":"open","ping_status":"closed","template":"","meta":{"_kad_post_transparent":"","_kad_post_title":"","_kad_post_layout":"","_kad_post_sidebar_id":"","_kad_post_content_style":"","_kad_post_vertical_padding":"","_kad_post_feature":"","_kad_post_feature_position":"","_kad_post_header":false,"_kad_post_footer":false,"_kad_post_classname":""},"product_brand":[],"product_cat":[14937],"product_tag":[],"class_list":{"0":"post-121953","1":"product","2":"type-product","3":"status-publish","4":"has-post-thumbnail","6":"product_cat-powerbank-powerbank-2","8":"first","9":"instock","10":"purchasable","11":"product-type-simple","12":"entry","13":"content-bg","14":"loop-entry"},"_links":{"self":[{"href":"https:\/\/www.hediyepazar.com\/index.php?rest_route=\/wp\/v2\/product\/121953","targetHints":{"allow":["GET"]}}],"collection":[{"href":"https:\/\/www.hediyepazar.com\/index.php?rest_route=\/wp\/v2\/product"}],"about":[{"href":"https:\/\/www.hediyepazar.com\/index.php?rest_route=\/wp\/v2\/types\/product"}],"replies":[{"embeddable":true,"href":"https:\/\/www.hediyepazar.com\/index.php?rest_route=%2Fwp%2Fv2%2Fcomments&post=121953"}],"wp:featuredmedia":[{"embeddable":true,"href":"https:\/\/www.hediyepazar.com\/index.php?rest_route=\/wp\/v2\/media\/121952"}],"wp:attachment":[{"href":"https:\/\/www.hediyepazar.com\/index.php?rest_route=%2Fwp%2Fv2%2Fmedia&parent=121953"}],"wp:term":[{"taxonomy":"product_brand","embeddable":true,"href":"https:\/\/www.hediyepazar.com\/index.php?rest_route=%2Fwp%2Fv2%2Fproduct_brand&post=121953"},{"taxonomy":"product_cat","embeddable":true,"href":"https:\/\/www.hediyepazar.com\/index.php?rest_route=%2Fwp%2Fv2%2Fproduct_cat&post=121953"},{"taxonomy":"product_tag","embeddable":true,"href":"https:\/\/www.hediyepazar.com\/index.php?rest_route=%2Fwp%2Fv2%2Fproduct_tag&post=121953"}],"curies":[{"name":"wp","href":"https:\/\/api.w.org\/{rel}","templated":true}]}}