{"id":122023,"date":"2026-05-06T08:42:13","date_gmt":"2026-05-06T11:42:13","guid":{"rendered":"https:\/\/www.hediyepazar.com\/?product=ergonomik-profesyonel-tiras-makinesi-sac-sakal-kesme-ve-duzeltme"},"modified":"2026-05-06T08:42:13","modified_gmt":"2026-05-06T11:42:13","slug":"ergonomik-profesyonel-tiras-makinesi-sac-sakal-kesme-ve-duzeltme","status":"publish","type":"product","link":"https:\/\/www.hediyepazar.com\/?product=ergonomik-profesyonel-tiras-makinesi-sac-sakal-kesme-ve-duzeltme","title":{"rendered":"Ergonomik Profesyonel T\u0131ra\u015f Makinesi Sa\u00e7 Sakal Kesme ve D\u00fczeltme"},"content":{"rendered":"<p>Ergonomik profesyonel t\u0131ra\u015f makinesi, y\u00fcksek performansl\u0131 motoru ve hassas kesim sistemi sayesinde hem sa\u00e7 hem sakal bak\u0131m\u0131nda kusursuz sonu\u00e7 verir. \u00d6zellikle detay gerektiren ense, favori ve kont\u00fcr \u00e7izimlerinde m\u00fckemmel do\u011fruluk sunan kesim yap\u0131s\u0131yla hem profesyonellerin hem ev kullan\u0131c\u0131lar\u0131n\u0131n g\u00f6zdesidir.Kablosuz kullan\u0131m \u00f6zg\u00fcrl\u00fc\u011f\u00fc, cihaz\u0131 istedi\u011finiz a\u00e7\u0131da rahatl\u0131kla hareket ettirmenizi sa\u011flar. 30\u201360 dakika \u00e7al\u0131\u015fma s\u00fcresi sunan batarya yap\u0131s\u0131, tek \u015farjla uzun kesimler yapmay\u0131 m\u00fcmk\u00fcn k\u0131lar.Sessiz \u00e7al\u0131\u015fma teknolojisi t\u0131ra\u015f s\u0131ras\u0131nda rahats\u0131z edici sesleri azalt\u0131r. Ergonomik tutu\u015f tasar\u0131m\u0131 elinize tam oturur ve kayma yapmadan rahat kullan\u0131m sa\u011flar.Cihazla birlikte 3, 6, 9 ve 12 mm uzunluk taraklar\u0131 gelir. Bu taraklar farkl\u0131 kesim stilleri denemenizi kolayla\u015ft\u0131r\u0131r ve sa\u00e7 ile sakal\u0131n\u0131z\u0131 diledi\u011finiz uzunlukta d\u00fczenli bir \u015fekilde k\u0131saltabilirsiniz.Islak kullan\u0131m \u00f6zelli\u011fi du\u015f s\u0131ras\u0131nda bile pratik ve h\u0131zl\u0131 t\u0131ra\u015f imk\u00e2n\u0131 sunar. Temizlenebilir yap\u0131s\u0131 hijyen a\u00e7\u0131s\u0131ndan avantaj sa\u011flar. Otomatik kapanma sistemi ise g\u00fcvenli bir kullan\u0131m sunarken enerji tasarrufuna da katk\u0131da bulunur.Cihaz, lazer epilasyon \u00f6ncesi k\u0131llar\u0131 k\u0131sa seviyeye indirerek cilt y\u00fczeyinin daha p\u00fcr\u00fczs\u00fcz olmas\u0131n\u0131 sa\u011flar. Sakal detayland\u0131rma ba\u015fl\u0131klar\u0131yla keskin \u00e7izgiler olu\u015fturmak kolayla\u015f\u0131r.Hem g\u00fcnl\u00fck bak\u0131m hem profesyonel kullan\u0131m i\u00e7in m\u00fckemmel bir sa\u00e7-sakal kesme \u00e7\u00f6z\u00fcm\u00fcd\u00fcr.<\/p>\n","protected":false},"excerpt":{"rendered":"<p>Ergonomik profesyonel t\u0131ra\u015f makinesi, y\u00fcksek performansl\u0131 motoru ve hassas kesim sistemi sayesinde hem sa\u00e7 hem sakal bak\u0131m\u0131nda kusursuz sonu\u00e7 verir. \u00d6zellikle detay gerektiren ense, favori ve kont\u00fcr \u00e7izimlerinde m\u00fckemmel do\u011fruluk sunan kesim yap\u0131s\u0131yla hem profesyonellerin hem ev kullan\u0131c\u0131lar\u0131n\u0131n g\u00f6zdesidir.Kablosuz kullan\u0131m \u00f6zg\u00fcrl\u00fc\u011f\u00fc, cihaz\u0131 istedi\u011finiz a\u00e7\u0131da rahatl\u0131kla hareket ettirmenizi sa\u011flar. 30\u201360 dakika \u00e7al\u0131\u015fma s\u00fcresi sunan batarya yap\u0131s\u0131,&#8230;<\/p>\n","protected":false},"featured_media":122022,"comment_status":"open","ping_status":"closed","template":"","meta":{"_kad_post_transparent":"","_kad_post_title":"","_kad_post_layout":"","_kad_post_sidebar_id":"","_kad_post_content_style":"","_kad_post_vertical_padding":"","_kad_post_feature":"","_kad_post_feature_position":"","_kad_post_header":false,"_kad_post_footer":false,"_kad_post_classname":""},"product_brand":[],"product_cat":[14925],"product_tag":[],"class_list":{"0":"post-122023","1":"product","2":"type-product","3":"status-publish","4":"has-post-thumbnail","6":"product_cat-tiras-makinesi-tiras-makinesi","8":"first","9":"instock","10":"purchasable","11":"product-type-simple","12":"entry","13":"content-bg","14":"loop-entry"},"_links":{"self":[{"href":"https:\/\/www.hediyepazar.com\/index.php?rest_route=\/wp\/v2\/product\/122023","targetHints":{"allow":["GET"]}}],"collection":[{"href":"https:\/\/www.hediyepazar.com\/index.php?rest_route=\/wp\/v2\/product"}],"about":[{"href":"https:\/\/www.hediyepazar.com\/index.php?rest_route=\/wp\/v2\/types\/product"}],"replies":[{"embeddable":true,"href":"https:\/\/www.hediyepazar.com\/index.php?rest_route=%2Fwp%2Fv2%2Fcomments&post=122023"}],"wp:featuredmedia":[{"embeddable":true,"href":"https:\/\/www.hediyepazar.com\/index.php?rest_route=\/wp\/v2\/media\/122022"}],"wp:attachment":[{"href":"https:\/\/www.hediyepazar.com\/index.php?rest_route=%2Fwp%2Fv2%2Fmedia&parent=122023"}],"wp:term":[{"taxonomy":"product_brand","embeddable":true,"href":"https:\/\/www.hediyepazar.com\/index.php?rest_route=%2Fwp%2Fv2%2Fproduct_brand&post=122023"},{"taxonomy":"product_cat","embeddable":true,"href":"https:\/\/www.hediyepazar.com\/index.php?rest_route=%2Fwp%2Fv2%2Fproduct_cat&post=122023"},{"taxonomy":"product_tag","embeddable":true,"href":"https:\/\/www.hediyepazar.com\/index.php?rest_route=%2Fwp%2Fv2%2Fproduct_tag&post=122023"}],"curies":[{"name":"wp","href":"https:\/\/api.w.org\/{rel}","templated":true}]}}