{"id":122043,"date":"2026-05-06T08:43:16","date_gmt":"2026-05-06T11:43:16","guid":{"rendered":"https:\/\/www.hediyepazar.com\/?product=dekoratif-3x3-led-perde-isik-selale-tasarim-enerji-tasarruflu"},"modified":"2026-05-06T08:43:16","modified_gmt":"2026-05-06T11:43:16","slug":"dekoratif-3x3-led-perde-isik-selale-tasarim-enerji-tasarruflu","status":"publish","type":"product","link":"https:\/\/www.hediyepazar.com\/?product=dekoratif-3x3-led-perde-isik-selale-tasarim-enerji-tasarruflu","title":{"rendered":"Dekoratif 3&#215;3 LED Perde I\u015f\u0131k \u015eelale Tasar\u0131m Enerji Tasarruflu"},"content":{"rendered":"<p>Dekoratif 3&#215;3 LED perde \u0131\u015f\u0131k, hem \u00f6zel g\u00fcnlerde hem g\u00fcnl\u00fck kullan\u0131mda estetik bir ayd\u0131nlatma sunan \u00e7ok ama\u00e7l\u0131 bir \u00fcr\u00fcnd\u00fcr. \u015eelale \u0131\u015f\u0131k g\u00f6r\u00fcn\u00fcm\u00fc sayesinde mek\u00e2na hareket ve zarafet katar. Parti s\u00fcslemeleri, d\u00fc\u011f\u00fcn arka planlar\u0131, foto\u011fraf k\u00f6\u015feleri, y\u0131lba\u015f\u0131 dekorlar\u0131 ve do\u011fum g\u00fcn\u00fc partileri i\u00e7in ideal bir tamamlay\u0131c\u0131d\u0131r.Ev i\u00e7inde de s\u0131kl\u0131kla tercih edilir. Yatak ba\u015f\u0131 ayd\u0131nlatmas\u0131, salon fonu, \u00e7ocuk odas\u0131 dekorasyonu veya oda ambiyans\u0131 olu\u015fturmak i\u00e7in kullan\u0131labilir. D\u0131\u015f mek\u00e2n uyumlulu\u011fu sayesinde balkon, pergola, teras ve bah\u00e7e alanlar\u0131nda da \u015f\u0131k bir g\u00f6r\u00fcn\u00fcm sa\u011flar.LED teknolojisi enerji tasarrufu sunar ve \u0131\u015f\u0131klar uzun s\u00fcreli performans sa\u011flar. G\u00f6rsel canl\u0131l\u0131\u011f\u0131n\u0131 koruyan LED yap\u0131s\u0131 uzun \u00f6m\u00fcrl\u00fc kullan\u0131m avantaj\u0131 sunar.Kurulum olduk\u00e7a kolayd\u0131r. I\u015f\u0131k perdesini istedi\u011finiz y\u00fczeye sabitleyebilir, perde formu sayesinde d\u00fczenli ve simetrik bir \u0131\u015f\u0131k da\u011f\u0131l\u0131m\u0131 elde edebilirsiniz.\u015e\u0131k, modern ve g\u00f6z al\u0131c\u0131 ayd\u0131nlatma isteyen herkes i\u00e7in m\u00fckemmel bir dekor \u00e7\u00f6z\u00fcm\u00fcd\u00fcr.<\/p>\n","protected":false},"excerpt":{"rendered":"<p>Dekoratif 3&#215;3 LED perde \u0131\u015f\u0131k, hem \u00f6zel g\u00fcnlerde hem g\u00fcnl\u00fck kullan\u0131mda estetik bir ayd\u0131nlatma sunan \u00e7ok ama\u00e7l\u0131 bir \u00fcr\u00fcnd\u00fcr. \u015eelale \u0131\u015f\u0131k g\u00f6r\u00fcn\u00fcm\u00fc sayesinde mek\u00e2na hareket ve zarafet katar. Parti s\u00fcslemeleri, d\u00fc\u011f\u00fcn arka planlar\u0131, foto\u011fraf k\u00f6\u015feleri, y\u0131lba\u015f\u0131 dekorlar\u0131 ve do\u011fum g\u00fcn\u00fc partileri i\u00e7in ideal bir tamamlay\u0131c\u0131d\u0131r.Ev i\u00e7inde de s\u0131kl\u0131kla tercih edilir. Yatak ba\u015f\u0131 ayd\u0131nlatmas\u0131, salon fonu,&#8230;<\/p>\n","protected":false},"featured_media":122042,"comment_status":"open","ping_status":"closed","template":"","meta":{"_kad_post_transparent":"","_kad_post_title":"","_kad_post_layout":"","_kad_post_sidebar_id":"","_kad_post_content_style":"","_kad_post_vertical_padding":"","_kad_post_feature":"","_kad_post_feature_position":"","_kad_post_header":false,"_kad_post_footer":false,"_kad_post_classname":""},"product_brand":[],"product_cat":[14933],"product_tag":[],"class_list":{"0":"post-122043","1":"product","2":"type-product","3":"status-publish","4":"has-post-thumbnail","6":"product_cat-led-isik-led-isik","8":"first","9":"instock","10":"purchasable","11":"product-type-simple","12":"entry","13":"content-bg","14":"loop-entry"},"_links":{"self":[{"href":"https:\/\/www.hediyepazar.com\/index.php?rest_route=\/wp\/v2\/product\/122043","targetHints":{"allow":["GET"]}}],"collection":[{"href":"https:\/\/www.hediyepazar.com\/index.php?rest_route=\/wp\/v2\/product"}],"about":[{"href":"https:\/\/www.hediyepazar.com\/index.php?rest_route=\/wp\/v2\/types\/product"}],"replies":[{"embeddable":true,"href":"https:\/\/www.hediyepazar.com\/index.php?rest_route=%2Fwp%2Fv2%2Fcomments&post=122043"}],"wp:featuredmedia":[{"embeddable":true,"href":"https:\/\/www.hediyepazar.com\/index.php?rest_route=\/wp\/v2\/media\/122042"}],"wp:attachment":[{"href":"https:\/\/www.hediyepazar.com\/index.php?rest_route=%2Fwp%2Fv2%2Fmedia&parent=122043"}],"wp:term":[{"taxonomy":"product_brand","embeddable":true,"href":"https:\/\/www.hediyepazar.com\/index.php?rest_route=%2Fwp%2Fv2%2Fproduct_brand&post=122043"},{"taxonomy":"product_cat","embeddable":true,"href":"https:\/\/www.hediyepazar.com\/index.php?rest_route=%2Fwp%2Fv2%2Fproduct_cat&post=122043"},{"taxonomy":"product_tag","embeddable":true,"href":"https:\/\/www.hediyepazar.com\/index.php?rest_route=%2Fwp%2Fv2%2Fproduct_tag&post=122043"}],"curies":[{"name":"wp","href":"https:\/\/api.w.org\/{rel}","templated":true}]}}