{"id":122045,"date":"2026-05-06T08:43:22","date_gmt":"2026-05-06T11:43:22","guid":{"rendered":"https:\/\/www.hediyepazar.com\/?product=3x3-metre-selale-led-perde-isik-ic-dis-mekan-dekorasyonu"},"modified":"2026-05-06T08:43:22","modified_gmt":"2026-05-06T11:43:22","slug":"3x3-metre-selale-led-perde-isik-ic-dis-mekan-dekorasyonu","status":"publish","type":"product","link":"https:\/\/www.hediyepazar.com\/?product=3x3-metre-selale-led-perde-isik-ic-dis-mekan-dekorasyonu","title":{"rendered":"3&#215;3 Metre \u015eelale LED Perde I\u015f\u0131k \u0130\u00e7 D\u0131\u015f Mek\u00e2n Dekorasyonu"},"content":{"rendered":"<p>3&#215;3 metre \u015felale LED perde \u0131\u015f\u0131k, modern dekorasyon trendlerine uygun olarak tasarlanm\u0131\u015f estetik bir ayd\u0131nlatma \u00fcr\u00fcn\u00fcd\u00fcr. I\u015f\u0131klar\u0131n yukar\u0131dan a\u015fa\u011f\u0131ya ak\u0131\u015fl\u0131 g\u00f6r\u00fcn\u00fcm\u00fc, mek\u00e2na zarif bir hava katar ve \u00f6zellikle \u00f6zel g\u00fcnlerde etkileyici bir dekor olu\u015fturur.Y\u0131lba\u015f\u0131, d\u00fc\u011f\u00fcn, ni\u015fan, do\u011fum g\u00fcn\u00fc, parti etkinlikleri ve foto\u011fraf \u00e7ekim arka planlar\u0131nda s\u0131kl\u0131kla kullan\u0131l\u0131r. Ev i\u00e7inde yatak ba\u015f\u0131, salon dekoru, perde arkas\u0131 ve dinlenme k\u00f6\u015felerinde ambiyans olu\u015fturmak i\u00e7in de tercih edilir. D\u0131\u015f mek\u00e2nda balkon, teras, pergola ve bah\u00e7e dekorunda \u015f\u0131k bir g\u00f6r\u00fcn\u00fcm sa\u011flar.Enerji tasarruflu LED sistemi sayesinde uzun s\u00fcreli kullan\u0131mda bile d\u00fc\u015f\u00fck t\u00fcketim sunar. I\u015f\u0131klar dayan\u0131kl\u0131d\u0131r; uzun y\u0131llar boyunca parlakl\u0131\u011f\u0131n\u0131 korur.Kurulumu son derece kolayd\u0131r ve perde yap\u0131s\u0131 sayesinde \u0131\u015f\u0131klar d\u00fczenli bir \u015fekilde yay\u0131l\u0131r. Hafif tasar\u0131m\u0131 farkl\u0131 mek\u00e2nlarda yeniden kullan\u0131m i\u00e7in uygundur.Etkileyici, dekoratif ve kullan\u0131m\u0131 kolay bir ayd\u0131nlatma arayanlar i\u00e7in ideal bir se\u00e7imdir.<\/p>\n","protected":false},"excerpt":{"rendered":"<p>3&#215;3 metre \u015felale LED perde \u0131\u015f\u0131k, modern dekorasyon trendlerine uygun olarak tasarlanm\u0131\u015f estetik bir ayd\u0131nlatma \u00fcr\u00fcn\u00fcd\u00fcr. I\u015f\u0131klar\u0131n yukar\u0131dan a\u015fa\u011f\u0131ya ak\u0131\u015fl\u0131 g\u00f6r\u00fcn\u00fcm\u00fc, mek\u00e2na zarif bir hava katar ve \u00f6zellikle \u00f6zel g\u00fcnlerde etkileyici bir dekor olu\u015fturur.Y\u0131lba\u015f\u0131, d\u00fc\u011f\u00fcn, ni\u015fan, do\u011fum g\u00fcn\u00fc, parti etkinlikleri ve foto\u011fraf \u00e7ekim arka planlar\u0131nda s\u0131kl\u0131kla kullan\u0131l\u0131r. Ev i\u00e7inde yatak ba\u015f\u0131, salon dekoru, perde arkas\u0131&#8230;<\/p>\n","protected":false},"featured_media":122044,"comment_status":"open","ping_status":"closed","template":"","meta":{"_kad_post_transparent":"","_kad_post_title":"","_kad_post_layout":"","_kad_post_sidebar_id":"","_kad_post_content_style":"","_kad_post_vertical_padding":"","_kad_post_feature":"","_kad_post_feature_position":"","_kad_post_header":false,"_kad_post_footer":false,"_kad_post_classname":""},"product_brand":[],"product_cat":[14933],"product_tag":[],"class_list":{"0":"post-122045","1":"product","2":"type-product","3":"status-publish","4":"has-post-thumbnail","6":"product_cat-led-isik-led-isik","8":"first","9":"instock","10":"purchasable","11":"product-type-simple","12":"entry","13":"content-bg","14":"loop-entry"},"_links":{"self":[{"href":"https:\/\/www.hediyepazar.com\/index.php?rest_route=\/wp\/v2\/product\/122045","targetHints":{"allow":["GET"]}}],"collection":[{"href":"https:\/\/www.hediyepazar.com\/index.php?rest_route=\/wp\/v2\/product"}],"about":[{"href":"https:\/\/www.hediyepazar.com\/index.php?rest_route=\/wp\/v2\/types\/product"}],"replies":[{"embeddable":true,"href":"https:\/\/www.hediyepazar.com\/index.php?rest_route=%2Fwp%2Fv2%2Fcomments&post=122045"}],"wp:featuredmedia":[{"embeddable":true,"href":"https:\/\/www.hediyepazar.com\/index.php?rest_route=\/wp\/v2\/media\/122044"}],"wp:attachment":[{"href":"https:\/\/www.hediyepazar.com\/index.php?rest_route=%2Fwp%2Fv2%2Fmedia&parent=122045"}],"wp:term":[{"taxonomy":"product_brand","embeddable":true,"href":"https:\/\/www.hediyepazar.com\/index.php?rest_route=%2Fwp%2Fv2%2Fproduct_brand&post=122045"},{"taxonomy":"product_cat","embeddable":true,"href":"https:\/\/www.hediyepazar.com\/index.php?rest_route=%2Fwp%2Fv2%2Fproduct_cat&post=122045"},{"taxonomy":"product_tag","embeddable":true,"href":"https:\/\/www.hediyepazar.com\/index.php?rest_route=%2Fwp%2Fv2%2Fproduct_tag&post=122045"}],"curies":[{"name":"wp","href":"https:\/\/api.w.org\/{rel}","templated":true}]}}