{"id":122173,"date":"2026-05-06T09:00:59","date_gmt":"2026-05-06T12:00:59","guid":{"rendered":"https:\/\/www.hediyepazar.com\/?product=tasinabilir-elektronik-sinek-kovucu-balkon-bahce-ve-kamp-icin-ideal"},"modified":"2026-05-06T09:00:59","modified_gmt":"2026-05-06T12:00:59","slug":"tasinabilir-elektronik-sinek-kovucu-balkon-bahce-ve-kamp-icin-ideal","status":"publish","type":"product","link":"https:\/\/www.hediyepazar.com\/?product=tasinabilir-elektronik-sinek-kovucu-balkon-bahce-ve-kamp-icin-ideal","title":{"rendered":"Ta\u015f\u0131nabilir Elektronik Sinek Kovucu | Balkon Bah\u00e7e ve Kamp \u0130\u00e7in \u0130deal"},"content":{"rendered":"<p>Sinek ve sivrisineklerden korunman\u0131n en hijyenik yolu elektrikli sineklik! Y\u00fcksek voltajl\u0131 \u0131zgaras\u0131yla b\u00f6cekleri an\u0131nda etkisiz hale getirir. Geleneksel sinekliklerin aksine kan lekesi b\u0131rakmaz, temizlik ihtiyac\u0131n\u0131 azalt\u0131r. G\u00fcvenli \u00fc\u00e7 katmanl\u0131 \u0131zgaras\u0131 sayesinde \u00e7ocuklu evlerde de kullan\u0131labilir. Pil ile \u00e7al\u0131\u015fan yap\u0131s\u0131 sayesinde her yere ta\u015f\u0131yabilirsiniz. Kimyasal i\u00e7ermez, kokusuz ve toksinsizdir. Ergonomik tasar\u0131m\u0131 uzun s\u00fcreli kullan\u0131mda konfor sunar. \u0130\u00e7 ve d\u0131\u015f mekanlarda etkili bir b\u00f6cek \u00e7\u00f6z\u00fcm\u00fcd\u00fcr.<\/p>\n","protected":false},"excerpt":{"rendered":"<p>Sinek ve sivrisineklerden korunman\u0131n en hijyenik yolu elektrikli sineklik! Y\u00fcksek voltajl\u0131 \u0131zgaras\u0131yla b\u00f6cekleri an\u0131nda etkisiz hale getirir. Geleneksel sinekliklerin aksine kan lekesi b\u0131rakmaz, temizlik ihtiyac\u0131n\u0131 azalt\u0131r. G\u00fcvenli \u00fc\u00e7 katmanl\u0131 \u0131zgaras\u0131 sayesinde \u00e7ocuklu evlerde de kullan\u0131labilir. Pil ile \u00e7al\u0131\u015fan yap\u0131s\u0131 sayesinde her yere ta\u015f\u0131yabilirsiniz. Kimyasal i\u00e7ermez, kokusuz ve toksinsizdir. Ergonomik tasar\u0131m\u0131 uzun s\u00fcreli kullan\u0131mda konfor sunar&#8230;.<\/p>\n","protected":false},"featured_media":122172,"comment_status":"open","ping_status":"closed","template":"","meta":{"_kad_post_transparent":"","_kad_post_title":"","_kad_post_layout":"","_kad_post_sidebar_id":"","_kad_post_content_style":"","_kad_post_vertical_padding":"","_kad_post_feature":"","_kad_post_feature_position":"","_kad_post_header":false,"_kad_post_footer":false,"_kad_post_classname":""},"product_brand":[],"product_cat":[15078],"product_tag":[],"class_list":{"0":"post-122173","1":"product","2":"type-product","3":"status-publish","4":"has-post-thumbnail","6":"product_cat-hasere-kovucular-hasere-kovucular","8":"first","9":"instock","10":"purchasable","11":"product-type-simple","12":"entry","13":"content-bg","14":"loop-entry"},"_links":{"self":[{"href":"https:\/\/www.hediyepazar.com\/index.php?rest_route=\/wp\/v2\/product\/122173","targetHints":{"allow":["GET"]}}],"collection":[{"href":"https:\/\/www.hediyepazar.com\/index.php?rest_route=\/wp\/v2\/product"}],"about":[{"href":"https:\/\/www.hediyepazar.com\/index.php?rest_route=\/wp\/v2\/types\/product"}],"replies":[{"embeddable":true,"href":"https:\/\/www.hediyepazar.com\/index.php?rest_route=%2Fwp%2Fv2%2Fcomments&post=122173"}],"wp:featuredmedia":[{"embeddable":true,"href":"https:\/\/www.hediyepazar.com\/index.php?rest_route=\/wp\/v2\/media\/122172"}],"wp:attachment":[{"href":"https:\/\/www.hediyepazar.com\/index.php?rest_route=%2Fwp%2Fv2%2Fmedia&parent=122173"}],"wp:term":[{"taxonomy":"product_brand","embeddable":true,"href":"https:\/\/www.hediyepazar.com\/index.php?rest_route=%2Fwp%2Fv2%2Fproduct_brand&post=122173"},{"taxonomy":"product_cat","embeddable":true,"href":"https:\/\/www.hediyepazar.com\/index.php?rest_route=%2Fwp%2Fv2%2Fproduct_cat&post=122173"},{"taxonomy":"product_tag","embeddable":true,"href":"https:\/\/www.hediyepazar.com\/index.php?rest_route=%2Fwp%2Fv2%2Fproduct_tag&post=122173"}],"curies":[{"name":"wp","href":"https:\/\/api.w.org\/{rel}","templated":true}]}}