{"id":122185,"date":"2026-05-06T09:03:33","date_gmt":"2026-05-06T12:03:33","guid":{"rendered":"https:\/\/www.hediyepazar.com\/?product=termal-korumali-8-prizli-3-usbli-uzatma-kablosu"},"modified":"2026-05-06T09:03:33","modified_gmt":"2026-05-06T12:03:33","slug":"termal-korumali-8-prizli-3-usbli-uzatma-kablosu","status":"publish","type":"product","link":"https:\/\/www.hediyepazar.com\/?product=termal-korumali-8-prizli-3-usbli-uzatma-kablosu","title":{"rendered":"Termal Korumal\u0131 8 Prizli 3 USB\u2019li Uzatma Kablosu"},"content":{"rendered":"<p>Bu y\u00fcksek kapasiteli \u00e7oklu priz, evden profesyonel i\u015f ortamlar\u0131na kadar her alanda g\u00fcvenilir enerji y\u00f6netimi sunmak i\u00e7in tasarlanm\u0131\u015ft\u0131r. 4000W g\u00fcc\u00fc sayesinde y\u00fcksek watt\u2019l\u0131 cihazlar\u0131 bile kolayl\u0131kla ta\u015f\u0131yabilir. 16A ak\u0131m kapasitesi ile elektrikli \u0131s\u0131t\u0131c\u0131, bilgisayar, yaz\u0131c\u0131, televizyon, modem, ses sistemi, mutfak robotu ve daha bir\u00e7ok cihazla uyumlu \u00e7al\u0131\u015f\u0131r. USB giri\u015fleri sayesinde telefon \u015farj cihaz\u0131na ihtiya\u00e7 duymadan USB kablonuzu ba\u011flayarak pratik \u015fekilde \u015farj edebilirsiniz. Termal koruma sistemi, kullan\u0131m s\u0131ras\u0131nda s\u0131cakl\u0131k art\u0131\u015f\u0131n\u0131 kontrol eder ve g\u00fcvenli olmayan durumlarda ak\u0131m\u0131 keserek riskleri \u00f6nler. Ak\u0131m koruma \u00f6zelli\u011fi voltaj y\u00fckselmelerini engeller ve elektroniklerin zarar g\u00f6rmesini \u00f6nler. 2 metre uzunlu\u011fundaki kablosu ile mobilya aralar\u0131nda ve geni\u015f alanlarda rahat kullan\u0131m sunar. Hem \u015f\u0131k hem modern bir d\u0131\u015f tasar\u0131ma sahip olan \u00fcr\u00fcn, bulundu\u011fu ortama estetik bir g\u00f6r\u00fcn\u00fcm katar. \u00c7oklu cihaz kullan\u0131m\u0131n\u0131n yo\u011fun oldu\u011fu bilgisayar masalar\u0131, ofis d\u00fczenleri ve ev i\u00e7i \u00e7al\u0131\u015fma alanlar\u0131 i\u00e7in en etkili \u00e7\u00f6z\u00fcmlerden biridir.<\/p>\n","protected":false},"excerpt":{"rendered":"<p>Bu y\u00fcksek kapasiteli \u00e7oklu priz, evden profesyonel i\u015f ortamlar\u0131na kadar her alanda g\u00fcvenilir enerji y\u00f6netimi sunmak i\u00e7in tasarlanm\u0131\u015ft\u0131r. 4000W g\u00fcc\u00fc sayesinde y\u00fcksek watt\u2019l\u0131 cihazlar\u0131 bile kolayl\u0131kla ta\u015f\u0131yabilir. 16A ak\u0131m kapasitesi ile elektrikli \u0131s\u0131t\u0131c\u0131, bilgisayar, yaz\u0131c\u0131, televizyon, modem, ses sistemi, mutfak robotu ve daha bir\u00e7ok cihazla uyumlu \u00e7al\u0131\u015f\u0131r. USB giri\u015fleri sayesinde telefon \u015farj cihaz\u0131na ihtiya\u00e7 duymadan&#8230;<\/p>\n","protected":false},"featured_media":122184,"comment_status":"open","ping_status":"closed","template":"","meta":{"_kad_post_transparent":"","_kad_post_title":"","_kad_post_layout":"","_kad_post_sidebar_id":"","_kad_post_content_style":"","_kad_post_vertical_padding":"","_kad_post_feature":"","_kad_post_feature_position":"","_kad_post_header":false,"_kad_post_footer":false,"_kad_post_classname":""},"product_brand":[],"product_cat":[14975],"product_tag":[],"class_list":{"0":"post-122185","1":"product","2":"type-product","3":"status-publish","4":"has-post-thumbnail","6":"product_cat-sarj-aletleri-sarj-aletleri","8":"first","9":"instock","10":"purchasable","11":"product-type-simple","12":"entry","13":"content-bg","14":"loop-entry"},"_links":{"self":[{"href":"https:\/\/www.hediyepazar.com\/index.php?rest_route=\/wp\/v2\/product\/122185","targetHints":{"allow":["GET"]}}],"collection":[{"href":"https:\/\/www.hediyepazar.com\/index.php?rest_route=\/wp\/v2\/product"}],"about":[{"href":"https:\/\/www.hediyepazar.com\/index.php?rest_route=\/wp\/v2\/types\/product"}],"replies":[{"embeddable":true,"href":"https:\/\/www.hediyepazar.com\/index.php?rest_route=%2Fwp%2Fv2%2Fcomments&post=122185"}],"wp:featuredmedia":[{"embeddable":true,"href":"https:\/\/www.hediyepazar.com\/index.php?rest_route=\/wp\/v2\/media\/122184"}],"wp:attachment":[{"href":"https:\/\/www.hediyepazar.com\/index.php?rest_route=%2Fwp%2Fv2%2Fmedia&parent=122185"}],"wp:term":[{"taxonomy":"product_brand","embeddable":true,"href":"https:\/\/www.hediyepazar.com\/index.php?rest_route=%2Fwp%2Fv2%2Fproduct_brand&post=122185"},{"taxonomy":"product_cat","embeddable":true,"href":"https:\/\/www.hediyepazar.com\/index.php?rest_route=%2Fwp%2Fv2%2Fproduct_cat&post=122185"},{"taxonomy":"product_tag","embeddable":true,"href":"https:\/\/www.hediyepazar.com\/index.php?rest_route=%2Fwp%2Fv2%2Fproduct_tag&post=122185"}],"curies":[{"name":"wp","href":"https:\/\/api.w.org\/{rel}","templated":true}]}}