{"id":122193,"date":"2026-05-06T09:04:20","date_gmt":"2026-05-06T12:04:20","guid":{"rendered":"https:\/\/www.hediyepazar.com\/?product=model-yapimi-ve-anakart-tamiri-icin-hassas-7li-cimbiz-seti"},"modified":"2026-05-06T09:04:20","modified_gmt":"2026-05-06T12:04:20","slug":"model-yapimi-ve-anakart-tamiri-icin-hassas-7li-cimbiz-seti","status":"publish","type":"product","link":"https:\/\/www.hediyepazar.com\/?product=model-yapimi-ve-anakart-tamiri-icin-hassas-7li-cimbiz-seti","title":{"rendered":"Model Yap\u0131m\u0131 ve Anakart Tamiri \u0130\u00e7in Hassas 7\u2019li C\u0131mb\u0131z Seti"},"content":{"rendered":"<p>Bu hassas 7\u2019li c\u0131mb\u0131z seti, ince detay isteyen teknik i\u015flerde maksimum kontrol sa\u011flamak i\u00e7in tasarlanm\u0131\u015ft\u0131r. C\u0131mb\u0131zlar\u0131n her biri benzersiz u\u00e7 \u015fekillerine sahiptir. Bu sayede elektronik kart tamiri, saat mekanizmas\u0131 d\u00fczenlemesi, m\u00fccevher tasar\u0131m\u0131, model maket yap\u0131m\u0131 ve di\u011fer k\u00fc\u00e7\u00fck montaj i\u015flemlerinde tam verimle kullan\u0131labilir.Antistatik ESD kaplamas\u0131, elektronik bile\u015fenlere zarar verebilecek statik y\u00fcklenmeleri \u00f6nleyerek g\u00fcvenlik sa\u011flar. Bu \u00f6zellik, seti \u00f6zellikle elektronik teknisyenleri, bilgisayar tamir ustalar\u0131 ve telefon teknik servisleri i\u00e7in vazge\u00e7ilmez hale getirir.Manyetik olmayan u\u00e7lar sayesinde en k\u00fc\u00e7\u00fck metal par\u00e7alar bile kontrol alt\u0131nda tutulabilir. Par\u00e7alar\u0131n u\u00e7lara yap\u0131\u015fmamas\u0131, i\u015flemlerin h\u0131zl\u0131 ve hatas\u0131z ilerlemesini sa\u011flar.Karbon \u00e7elikten \u00fcretilen g\u00f6vde yap\u0131s\u0131, uzun s\u00fcre dayan\u0131kl\u0131l\u0131k ve y\u00fcksek mukavemet sunar. Ergonomik tutu\u015f sistemi, uzun s\u00fcreli \u00e7al\u0131\u015fmalar s\u0131ras\u0131nda elinizi yormaz.<\/p>\n","protected":false},"excerpt":{"rendered":"<p>Bu hassas 7\u2019li c\u0131mb\u0131z seti, ince detay isteyen teknik i\u015flerde maksimum kontrol sa\u011flamak i\u00e7in tasarlanm\u0131\u015ft\u0131r. C\u0131mb\u0131zlar\u0131n her biri benzersiz u\u00e7 \u015fekillerine sahiptir. Bu sayede elektronik kart tamiri, saat mekanizmas\u0131 d\u00fczenlemesi, m\u00fccevher tasar\u0131m\u0131, model maket yap\u0131m\u0131 ve di\u011fer k\u00fc\u00e7\u00fck montaj i\u015flemlerinde tam verimle kullan\u0131labilir.Antistatik ESD kaplamas\u0131, elektronik bile\u015fenlere zarar verebilecek statik y\u00fcklenmeleri \u00f6nleyerek g\u00fcvenlik sa\u011flar. Bu&#8230;<\/p>\n","protected":false},"featured_media":122192,"comment_status":"open","ping_status":"closed","template":"","meta":{"_kad_post_transparent":"","_kad_post_title":"","_kad_post_layout":"","_kad_post_sidebar_id":"","_kad_post_content_style":"","_kad_post_vertical_padding":"","_kad_post_feature":"","_kad_post_feature_position":"","_kad_post_header":false,"_kad_post_footer":false,"_kad_post_classname":""},"product_brand":[],"product_cat":[15058],"product_tag":[],"class_list":{"0":"post-122193","1":"product","2":"type-product","3":"status-publish","4":"has-post-thumbnail","6":"product_cat-cimbiz-cimbiz","8":"first","9":"instock","10":"purchasable","11":"product-type-simple","12":"entry","13":"content-bg","14":"loop-entry"},"_links":{"self":[{"href":"https:\/\/www.hediyepazar.com\/index.php?rest_route=\/wp\/v2\/product\/122193","targetHints":{"allow":["GET"]}}],"collection":[{"href":"https:\/\/www.hediyepazar.com\/index.php?rest_route=\/wp\/v2\/product"}],"about":[{"href":"https:\/\/www.hediyepazar.com\/index.php?rest_route=\/wp\/v2\/types\/product"}],"replies":[{"embeddable":true,"href":"https:\/\/www.hediyepazar.com\/index.php?rest_route=%2Fwp%2Fv2%2Fcomments&post=122193"}],"wp:featuredmedia":[{"embeddable":true,"href":"https:\/\/www.hediyepazar.com\/index.php?rest_route=\/wp\/v2\/media\/122192"}],"wp:attachment":[{"href":"https:\/\/www.hediyepazar.com\/index.php?rest_route=%2Fwp%2Fv2%2Fmedia&parent=122193"}],"wp:term":[{"taxonomy":"product_brand","embeddable":true,"href":"https:\/\/www.hediyepazar.com\/index.php?rest_route=%2Fwp%2Fv2%2Fproduct_brand&post=122193"},{"taxonomy":"product_cat","embeddable":true,"href":"https:\/\/www.hediyepazar.com\/index.php?rest_route=%2Fwp%2Fv2%2Fproduct_cat&post=122193"},{"taxonomy":"product_tag","embeddable":true,"href":"https:\/\/www.hediyepazar.com\/index.php?rest_route=%2Fwp%2Fv2%2Fproduct_tag&post=122193"}],"curies":[{"name":"wp","href":"https:\/\/api.w.org\/{rel}","templated":true}]}}