{"id":122447,"date":"2026-05-06T09:48:59","date_gmt":"2026-05-06T12:48:59","guid":{"rendered":"https:\/\/www.hediyepazar.com\/?product=12-parca-vidalama-uc-seti-akrobat-tasarim-dayanikli-metal"},"modified":"2026-05-06T09:48:59","modified_gmt":"2026-05-06T12:48:59","slug":"12-parca-vidalama-uc-seti-akrobat-tasarim-dayanikli-metal","status":"publish","type":"product","link":"https:\/\/www.hediyepazar.com\/?product=12-parca-vidalama-uc-seti-akrobat-tasarim-dayanikli-metal","title":{"rendered":"12 Par\u00e7a Vidalama U\u00e7 Seti Akrobat Tasar\u0131m Dayan\u0131kl\u0131 Metal"},"content":{"rendered":"<p>Akrobat 12 Par\u00e7a Vidalama U\u00e7 Seti, g\u00fcnl\u00fck ya\u015famdan profesyonel i\u015flere kadar her alanda kullan\u0131labilecek son derece fonksiyonel bir ara\u00e7 setidir. Set, 12 farkl\u0131 u\u00e7 i\u00e7erir ve bu u\u00e7lar, farkl\u0131 vida tipleri ve boyutlar\u0131yla uyumlu olarak tasarlanm\u0131\u015ft\u0131r. Bu sayede mobilya montaj\u0131, makine tamiri, elektrik i\u015fleri ve otomotiv sekt\u00f6r\u00fc gibi bir\u00e7ok alanda geni\u015f bir kullan\u0131m sa\u011flar.\u00dcr\u00fcn\u00fcn akrobat tasar\u0131ml\u0131 u\u00e7lar\u0131, esnek yap\u0131s\u0131yla di\u011fer klasik vidalama u\u00e7lar\u0131ndan ayr\u0131l\u0131r. Bu esneklik, dar alanlarda vidalama yapmay\u0131 kolayla\u015ft\u0131r\u0131rken, zor ula\u015f\u0131labilen k\u00f6\u015fe b\u00f6lgelerde i\u015f yapmay\u0131 m\u00fcmk\u00fcn k\u0131lar. \u00d6zellikle profesyonel i\u015flerde bu \u00f6zellik b\u00fcy\u00fck avantaj sa\u011flar.U\u00e7lar y\u00fcksek kaliteli, dayan\u0131kl\u0131 \u00e7elikten \u00fcretilmi\u015ftir. A\u015f\u0131nma direnci y\u00fcksek olan bu u\u00e7lar uzun \u00f6m\u00fcrl\u00fc kullan\u0131m sa\u011flar ve yo\u011fun i\u015flerde bile formunu korur. Bu dayan\u0131kl\u0131l\u0131k, \u00fcr\u00fcn\u00fc ustalar, teknisyenler ve profesyonel montaj i\u015f\u00e7ileri i\u00e7in ideal k\u0131lar.Standart 1\/4&#8243; ba\u011flant\u0131 tipi sayesinde \u00fcr\u00fcn bir\u00e7ok matkap, vidalama makinesi ve tornavida ile tam uyumludur. Bu evrensel uyumluluk sayesinde set, t\u00fcm i\u015flerde kullan\u0131labilir.Set, kolay ta\u015f\u0131nabilen kompakt bir yap\u0131dad\u0131r. Her ucu d\u00fczenli olarak saklayabilece\u011finiz d\u00fczenli b\u00f6lmeler sayesinde u\u00e7lar\u0131n kaybolmas\u0131 engellenir ve set her zaman i\u015fe haz\u0131r halde tutulabilir.12 Par\u00e7a Akrobat Vidalama U\u00e7 Seti, kullan\u0131m kolayl\u0131\u011f\u0131, dayan\u0131kl\u0131l\u0131\u011f\u0131 ve \u00e7ok y\u00f6nl\u00fc fonksiyonlar\u0131yla herkesin ihtiya\u00e7 duyaca\u011f\u0131 bir \u00fcr\u00fcnd\u00fcr. Hem hobi ama\u00e7l\u0131 kullan\u0131c\u0131lar hem de profesyonel ustalar i\u00e7in ideal bir \u00e7\u00f6z\u00fcm sunar.<\/p>\n","protected":false},"excerpt":{"rendered":"<p>Akrobat 12 Par\u00e7a Vidalama U\u00e7 Seti, g\u00fcnl\u00fck ya\u015famdan profesyonel i\u015flere kadar her alanda kullan\u0131labilecek son derece fonksiyonel bir ara\u00e7 setidir. Set, 12 farkl\u0131 u\u00e7 i\u00e7erir ve bu u\u00e7lar, farkl\u0131 vida tipleri ve boyutlar\u0131yla uyumlu olarak tasarlanm\u0131\u015ft\u0131r. Bu sayede mobilya montaj\u0131, makine tamiri, elektrik i\u015fleri ve otomotiv sekt\u00f6r\u00fc gibi bir\u00e7ok alanda geni\u015f bir kullan\u0131m sa\u011flar.\u00dcr\u00fcn\u00fcn akrobat&#8230;<\/p>\n","protected":false},"featured_media":122446,"comment_status":"open","ping_status":"closed","template":"","meta":{"_kad_post_transparent":"","_kad_post_title":"","_kad_post_layout":"","_kad_post_sidebar_id":"","_kad_post_content_style":"","_kad_post_vertical_padding":"","_kad_post_feature":"","_kad_post_feature_position":"","_kad_post_header":false,"_kad_post_footer":false,"_kad_post_classname":""},"product_brand":[],"product_cat":[15000],"product_tag":[],"class_list":{"0":"post-122447","1":"product","2":"type-product","3":"status-publish","4":"has-post-thumbnail","6":"product_cat-tornavida-tornavida-2","8":"first","9":"instock","10":"purchasable","11":"product-type-simple","12":"entry","13":"content-bg","14":"loop-entry"},"_links":{"self":[{"href":"https:\/\/www.hediyepazar.com\/index.php?rest_route=\/wp\/v2\/product\/122447","targetHints":{"allow":["GET"]}}],"collection":[{"href":"https:\/\/www.hediyepazar.com\/index.php?rest_route=\/wp\/v2\/product"}],"about":[{"href":"https:\/\/www.hediyepazar.com\/index.php?rest_route=\/wp\/v2\/types\/product"}],"replies":[{"embeddable":true,"href":"https:\/\/www.hediyepazar.com\/index.php?rest_route=%2Fwp%2Fv2%2Fcomments&post=122447"}],"wp:featuredmedia":[{"embeddable":true,"href":"https:\/\/www.hediyepazar.com\/index.php?rest_route=\/wp\/v2\/media\/122446"}],"wp:attachment":[{"href":"https:\/\/www.hediyepazar.com\/index.php?rest_route=%2Fwp%2Fv2%2Fmedia&parent=122447"}],"wp:term":[{"taxonomy":"product_brand","embeddable":true,"href":"https:\/\/www.hediyepazar.com\/index.php?rest_route=%2Fwp%2Fv2%2Fproduct_brand&post=122447"},{"taxonomy":"product_cat","embeddable":true,"href":"https:\/\/www.hediyepazar.com\/index.php?rest_route=%2Fwp%2Fv2%2Fproduct_cat&post=122447"},{"taxonomy":"product_tag","embeddable":true,"href":"https:\/\/www.hediyepazar.com\/index.php?rest_route=%2Fwp%2Fv2%2Fproduct_tag&post=122447"}],"curies":[{"name":"wp","href":"https:\/\/api.w.org\/{rel}","templated":true}]}}